NOAA-Style Climate Reports

Select a Year or Month report
2018: Jan Feb Mar Apr May Jun Jul Aug Sep Oct Nov Dec
2017: Jan Feb Mar Apr May Jun Jul Aug Sep Oct Nov Dec
2016: Jan Feb Mar Apr May Jun Jul Aug Sep Oct Nov Dec
2015: Jan Feb Mar Apr May Jun Jul Aug Sep Oct Nov Dec

Report for 2018 October
                   Monthly Climatological Summary for Oct 2018

Name: KD5KNR Weather   City: Bedford   State: TX
Elevation: 617 ft  Lat: N 32° 50' 04"   Lon: W 097° 08' 22"

                  Temperature (°F), Rain (in), Wind Speed (mph)

                                      Heat  Cool        Avg
    Mean                              Deg   Deg         Wind                 Dom
Day Temp  High   Time   Low    Time   Days  Days  Rain  Speed High   Time    Dir
----------------------------------------------------------------------------------
 1  78.2  86.2   14:56  72.0   07:56   0.0  13.2  0.00   0.5   7.0   11:38   SSE
 2  78.5  87.4   14:38  71.6   05:12   0.0  13.6  0.00   0.6   7.0   11:59   SSE
 3  81.4  89.9   16:10  73.8   06:50   0.0  16.5  0.00   1.3  12.0   16:45   SSE
 4  81.7  90.5   15:24  73.5   07:41   0.0  16.7  0.00   0.8   7.0   12:34   SSE
 5  81.6  89.9   16:44  74.0   07:10   0.0  16.6  0.00   1.1  13.0   14:30   SSE
 6  80.4  89.7   15:19  71.9   20:43   0.0  15.4  0.49   1.0  12.0   20:21    SE
 7  78.2  88.5   15:50  73.4   02:41   0.0  13.3  0.05   1.1  10.0   11:49    SE
 8  75.5  82.4   13:01  71.0   23:29   0.0  10.5  0.49   1.0   8.0   14:39    SE
 9  67.8  74.1   08:22  63.2   23:59   0.2   3.0  2.19   0.4  11.0   08:29     E
10  64.8  71.8   16:18  58.1   08:28   1.7   1.6  0.00   0.8   9.0   06:40   NNW
11  63.4  72.6   17:17  55.2   07:37   3.4   1.8  0.00   0.8   9.0   09:06    NE
12  64.5  67.5   13:41  62.8   02:36   0.8   0.3  0.57   0.4   5.0   16:30     E
13  62.8  64.5   16:25  60.0   23:54   2.2   0.0  1.81   0.7  11.0   11:12   NNE
14  65.3  81.2   15:29  49.6   23:58   2.9   3.2  0.41   0.8  12.0   22:31     N
15  44.1  49.6   00:00  41.5   11:02  20.9   0.0  1.80   1.9  15.0   10:00   NNW
16  47.6  51.3   23:40  45.4   07:41  17.4   0.0  1.35   0.9  11.0   02:01     N
17  52.0  56.0   12:08  48.2   19:34  13.0   0.0  0.48   0.5   6.0   12:17   NNE
----------------------------------------------------------------------------------
    68.7  90.5     4    41.5    15    62.5 125.7  9.64   0.9  15.0    15       E

Max >=  80.0:  9
Max <=  32.0:  0
Min <=  32.0:  0
Min <=   0.0:  0
Max Rain: 2.19 on day 9
Days of Rain: 10 (>= 0.01 in)  9 (>= 0.10 in)  4 (>= 1.00 in)
Heat Base: 65.0  Cool Base: 65.0  Method: Integration