NOAA-Style Climate Reports

Select a Year or Month report
2018: Jan Feb Mar Apr May Jun Jul Aug Sep Oct Nov Dec
2017: Jan Feb Mar Apr May Jun Jul Aug Sep Oct Nov Dec
2016: Jan Feb Mar Apr May Jun Jul Aug Sep Oct Nov Dec
2015: Jan Feb Mar Apr May Jun Jul Aug Sep Oct Nov Dec

Report for 2018 August
                   Monthly Climatological Summary for Aug 2018

Name: KD5KNR Weather   City: Bedford   State: TX
Elevation: 617 ft  Lat: N 32° 50' 04"   Lon: W 097° 08' 22"

                  Temperature (°F), Rain (in), Wind Speed (mph)

                                      Heat  Cool        Avg
    Mean                              Deg   Deg         Wind                 Dom
Day Temp  High   Time   Low    Time   Days  Days  Rain  Speed High   Time    Dir
----------------------------------------------------------------------------------
 1  82.8  96.4   17:06  70.3   07:12   0.0  17.7  0.00   0.4   7.0   13:29   NNE
 2  85.3  99.3   17:05  72.0   06:00   0.0  20.3  0.00   0.3   5.0   14:15    SE
 3  87.3 101.9   16:45  73.5   07:27   0.0  22.3  0.00   0.4   5.0   12:50   ESE
 4  86.6 101.1   16:14  72.4   07:03   0.0  21.6  0.00   0.6   8.0   21:32    SE
 5  88.7 101.7   17:16  77.2   07:11   0.0  23.7  0.00   0.8   7.0   10:42    SE
 6  89.1 102.4   18:26  77.9   06:53   0.0  24.1  0.00   0.6   8.0   17:00    SE
 7  89.9 102.4   16:59  78.7   07:03   0.0  24.9  0.00   0.6   6.0   15:58   SSE
 8  87.8  99.9   17:41  80.2   06:46   0.0  22.8  0.00   0.9   5.0   01:45   ESE
 9  84.6  97.2   14:40  73.6   06:18   0.0  19.6  0.15   0.5   8.0   18:27    SE
10  78.4  88.9   17:48  73.2   13:34   0.0  13.4  0.18   0.1   3.0   08:59    SE
11  74.5  79.1   18:30  70.7   06:33   0.0   9.5  1.53   0.1   4.0   02:14   ESE
12  78.1  89.3   17:02  72.7   00:01   0.0  13.2  0.01   0.1   4.0   11:43   SSE
13  76.8  87.6   12:18  74.1   17:07   0.0  11.8  0.18   0.3   9.0   12:45     S
14  80.5  88.5   17:43  74.0   06:14   0.0  15.5  0.06   0.2   6.0   12:38    SE
15  87.5  99.8   17:16  77.5   07:06   0.0  22.4  0.00   0.8   8.0   10:55   SSE
16  88.6 102.2   16:41  78.5   07:08   0.0  23.6  0.00   0.3   7.0   16:44     S
17  89.2 102.3   17:17  80.3   07:34   0.0  24.2  0.00   0.5   5.0   01:42   SSW
18  86.8 102.8   15:30  75.6   22:00   0.0  21.8  0.37   0.6  10.0   18:08   SSW
19  85.9  97.7   16:02  76.0   00:00   0.0  20.9  0.01   0.4   8.0   13:51   SSW
20  84.4  94.8   16:57  72.9   08:30   0.0  19.4  0.26   0.3  16.0   07:59     W
21  83.1  93.4   17:06  72.4   07:30   0.0  18.1  0.00   0.0   4.0   11:01     S
22  84.6  97.5   17:25  74.3   07:06   0.0  19.6  0.00   0.2   5.0   11:05   ENE
23  88.0 102.4   17:13  75.4   07:00   0.0  23.0  0.00   0.7   9.0   13:59   SSE
24  89.8 101.5   17:08  79.8   07:25   0.0  24.8  0.00   0.9   9.0   09:33   SSE
25  89.2 100.5   17:45  79.4   07:20   0.0  24.2  0.00   1.1  10.0   12:01   SSE
26  88.5  98.3   16:40  79.2   07:02   0.0  23.5  0.00   1.2   9.0   12:12    SE
27  88.3  98.5   16:27  78.5   07:40   0.0  23.3  0.00   1.5  11.0   16:32    SE
28  88.7  99.4   17:29  78.8   07:19   0.0  23.7  0.00   1.6  12.0   16:53   SSE
29  88.6 102.6   16:46  78.2   07:04   0.0  23.6  0.00   1.0   7.0   10:16   SSE
30  86.8  98.9   17:00  75.9   07:11   0.0  21.8  0.00   0.7   7.0   15:45    SE
31  87.8 100.7   18:13  76.6   07:03   0.0  22.8  0.00   0.7   8.0   11:25    SE
----------------------------------------------------------------------------------
    85.7 102.8    18    70.3     1     0.0 641.1  2.75   0.6  16.0    20     SSE

Max >=  80.0: 30
Max <=  32.0:  0
Min <=  32.0:  0
Min <=   0.0:  0
Max Rain: 1.53 on day 11
Days of Rain: 9 (>= 0.01 in)  6 (>= 0.10 in)  1 (>= 1.00 in)
Heat Base: 65.0  Cool Base: 65.0  Method: Integration