NOAA-Style Climate Reports

Select a Year or Month report
2018: Jan Feb Mar Apr May Jun Jul Aug Sep Oct Nov Dec
2017: Jan Feb Mar Apr May Jun Jul Aug Sep Oct Nov Dec
2016: Jan Feb Mar Apr May Jun Jul Aug Sep Oct Nov Dec
2015: Jan Feb Mar Apr May Jun Jul Aug Sep Oct Nov Dec

Report for 2018 July
                   Monthly Climatological Summary for Jul 2018

Name: KD5KNR Weather   City: Bedford   State: TX
Elevation: 617 ft  Lat: N 32° 50' 04"   Lon: W 097° 08' 22"

                  Temperature (°F), Rain (in), Wind Speed (mph)

                                      Heat  Cool        Avg
    Mean                              Deg   Deg         Wind                 Dom
Day Temp  High   Time   Low    Time   Days  Days  Rain  Speed High   Time    Dir
----------------------------------------------------------------------------------
 1  89.5 106.0   17:59  77.9   06:57   0.0  24.5  0.00   1.1   9.0   19:27   SSE
 2  91.4 105.8   17:56  78.8   07:04   0.0  26.4  0.00   0.7   6.0   09:48   SSE
 3  91.6 107.9   17:49  78.2   07:03   0.0  26.6  0.00   0.6  10.0   16:47   SSE
 4  86.5  97.2   15:53  77.3   06:49   0.0  21.5  0.00   0.7  10.0   15:09     E
 5  86.3 100.9   17:18  74.2   06:20   0.0  21.3  0.00   0.5   6.0   19:37   ENE
 6  87.5 102.2   15:53  79.2   06:40   0.0  22.5  0.00   0.5   8.0   16:08   ENE
 7  87.5 101.5   17:22  76.6   06:27   0.0  22.5  0.00   0.7   8.0   16:02   ENE
 8  87.1 101.3   16:46  76.7   06:04   0.0  22.1  0.00   0.2   9.0   16:14   ENE
 9  84.7  98.2   14:15  75.3   06:44   0.0  19.7  0.00   0.1   5.0   15:02   ENE
10  80.0  95.0   14:09  74.4   15:28   0.0  15.0  0.83   0.3  10.0   14:44     W
11  85.6  99.2   17:24  74.4   03:14   0.0  20.6  0.00   0.1   5.0   16:05    SE
12  83.6 100.8   15:08  73.3   21:29   0.0  18.4  0.05   0.4   8.0   15:42    SE
13  86.0 101.3   16:31  72.9   02:50   0.0  21.0  0.00   0.5   7.0   11:37    SE
14  90.0 102.0   17:04  78.5   06:50   0.0  25.0  0.00   0.5   7.0   10:49   SSE
15  91.1 103.0   15:02  79.6   06:59   0.0  26.1  0.00   0.6   7.0   01:33   SSE
16  91.5 104.5   16:56  79.6   06:53   0.0  26.5  0.00   0.5   6.0   00:42     S
17  92.7 107.9   16:52  80.0   07:04   0.0  27.7  0.00   0.5   6.0   10:12   SSW
18  94.2 110.1   17:04  80.8   07:04   0.0  29.2  0.00   0.6   8.0   09:54   SSW
19  96.1 111.3   17:02  82.5   06:59   0.0  31.1  0.00   0.9   7.0   10:33     S
20  95.3 110.0   16:55  80.7   07:08   0.0  30.3  0.00   0.9   8.0   10:14     S
21  94.9 111.8   16:50  80.3   07:36   0.0  29.6  0.00   0.7   9.0   10:56   SSW
22  95.7 112.9   17:52  80.0   07:29   0.0  30.7  0.00   0.6   7.0   12:50    SW
23  93.4 105.0   14:58  83.7   07:22   0.0  28.4  0.00   0.8   8.0   15:37   ENE
24  89.5 101.7   17:39  79.4   06:50   0.0  24.5  0.00   0.7   9.0   15:14   ENE
25  90.4 105.2   16:42  78.4   06:29   0.0  25.4  0.00   0.3   5.0   13:04   ESE
26  90.8 106.8   18:25  76.7   06:57   0.0  25.8  0.00   0.3   5.0   10:11     S
27  89.8  99.2   13:55  84.4   07:33   0.0  24.8  0.00   0.3   4.0   10:53   WSW
28  90.4 103.3   15:20  80.4   07:18   0.0  25.4  0.00   0.4   5.0   15:46   SSE
29  91.2 104.4   18:29  79.8   06:51   0.0  26.2  0.00   0.6   8.0   10:20    SE
30  82.7  95.4   18:03  72.6   11:18   0.0  17.7  0.05   0.4  13.0   07:20    NE
31  83.0  93.1   15:42  73.8   07:08   0.0  18.0  0.00   1.1   9.0   14:23   NNE
----------------------------------------------------------------------------------
    89.4 112.9    22    72.6    30     0.0 754.5  0.93   0.5  13.0    30      SE

Max >=  80.0: 31
Max <=  32.0:  0
Min <=  32.0:  0
Min <=   0.0:  0
Max Rain: 0.83 on day 10
Days of Rain: 3 (>= 0.01 in)  1 (>= 0.10 in)  0 (>= 1.00 in)
Heat Base: 65.0  Cool Base: 65.0  Method: Integration