NOAA-Style Climate Reports

Select a Year or Month report
2018: Jan Feb Mar Apr May Jun Jul Aug Sep Oct Nov Dec
2017: Jan Feb Mar Apr May Jun Jul Aug Sep Oct Nov Dec
2016: Jan Feb Mar Apr May Jun Jul Aug Sep Oct Nov Dec
2015: Jan Feb Mar Apr May Jun Jul Aug Sep Oct Nov Dec

Report for 2018 June
                   Monthly Climatological Summary for Jun 2018

Name: KD5KNR Weather   City: Bedford   State: TX
Elevation: 617 ft  Lat: N 32° 50' 04"   Lon: W 097° 08' 22"

                  Temperature (°F), Rain (in), Wind Speed (mph)

                                      Heat  Cool        Avg
    Mean                              Deg   Deg         Wind                 Dom
Day Temp  High   Time   Low    Time   Days  Days  Rain  Speed High   Time    Dir
----------------------------------------------------------------------------------
 1  87.4  99.3   17:00  76.3   06:48   0.0  22.4  0.00   0.9   7.0   11:15   SSE
 2  90.0 102.6   17:39  78.5   07:01   0.0  25.0  0.00   0.8   7.0   08:40   SSE
 3  85.3  94.8   15:07  78.2   08:06   0.0  20.3  0.00   1.3   8.0   04:02    NE
 4  77.3  88.7   17:52  66.8   08:24   0.0  12.3  0.14   0.1   9.0   07:38   SSE
 5  84.9 100.3   15:40  73.6   06:35   0.0  19.9  0.00   0.4   5.0   08:53   ESE
 6  87.9 100.3   15:36  77.1   06:20   0.0  22.9  0.00   0.7  11.0   02:15   ESE
 7  84.5  97.5   15:20  76.6   23:59   0.0  19.5  0.00   0.9  13.0   17:47   ESE
 8  85.1  98.9   17:13  73.4   01:00   0.0  20.1  0.00   0.8  11.0   00:08   SSE
 9  87.5  99.1   15:35  76.8   06:37   0.0  22.5  0.00   0.7   8.0   12:13   SSE
10  87.1  98.5   15:16  75.4   06:40   0.0  22.1  0.00   0.9   7.0   10:24   SSE
11  87.5  97.3   17:04  78.9   06:29   0.0  22.5  0.00   1.2   9.0   03:05    SE
12  87.4  98.8   15:44  77.8   06:39   0.0  22.4  0.00   0.8   7.0   09:55    SE
13  88.6 101.1   16:31  77.8   07:12   0.0  23.6  0.00   0.7   7.0   11:30     S
14  88.8 100.0   16:16  77.6   07:12   0.0  23.7  0.00   0.8   7.0   03:07   SSE
15  87.9  99.1   16:59  76.9   06:57   0.0  22.9  0.00   1.0   9.0   12:00    SE
16  87.6  97.9   16:35  77.7   06:44   0.0  22.6  0.00   1.0   9.0   13:23    SE
17  86.1  97.9   15:47  77.1   07:27   0.0  21.1  0.00   0.6   5.0   01:29   ESE
18  84.5  96.7   17:57  77.5   06:16   0.0  19.5  0.00   0.7   6.0   16:29   ESE
19  79.8  87.2   15:05  74.1   06:19   0.0  14.8  0.16   0.2   5.0   12:50    SE
20  81.9  95.2   15:19  74.8   23:17   0.0  16.9  0.46   0.3   9.0   22:20    SE
21  85.6 101.8   17:52  72.9   06:15   0.0  20.6  0.01   0.3   4.0   08:32     W
22  91.0 105.0   17:12  79.8   06:58   0.0  26.0  0.00   0.9   9.0   09:38    SW
23  88.7 100.0   17:10  79.3   08:50   0.0  23.7  0.00   0.9   7.0   04:15   ESE
24  88.7 100.8   17:30  79.1   02:27   0.0  23.7  0.06   1.6  10.0   01:53    SE
25  86.4  96.3   16:34  73.3   07:34   0.0  21.4  0.04   1.3   9.0   05:41    SE
26  88.2  99.6   17:57  78.2   06:08   0.0  23.2  0.00   1.3   9.0   09:06   SSE
27  90.4 103.0   17:07  78.7   06:54   0.0  25.4  0.00   1.0   8.0   11:50   SSE
28  90.0 102.5   16:14  78.3   07:02   0.0  25.0  0.00   1.0   7.0   14:11   SSE
29  89.5 100.5   17:23  78.3   07:03   0.0  24.5  0.00   1.4   9.0   17:49    SE
30  89.0 101.9   16:06  78.2   06:24   0.0  24.0  0.00   1.4   9.0   17:06    SE
----------------------------------------------------------------------------------
    86.8 105.0    22    66.8     4     0.0 654.5  0.87   0.9  13.0     7      SE

Max >=  80.0: 30
Max <=  32.0:  0
Min <=  32.0:  0
Min <=   0.0:  0
Max Rain: 0.46 on day 20
Days of Rain: 6 (>= 0.01 in)  3 (>= 0.10 in)  0 (>= 1.00 in)
Heat Base: 65.0  Cool Base: 65.0  Method: Integration