NOAA-Style Climate Reports

Select a Year or Month report
2018: Jan Feb Mar Apr May Jun Jul Aug Sep Oct Nov Dec
2017: Jan Feb Mar Apr May Jun Jul Aug Sep Oct Nov Dec
2016: Jan Feb Mar Apr May Jun Jul Aug Sep Oct Nov Dec
2015: Jan Feb Mar Apr May Jun Jul Aug Sep Oct Nov Dec

Report for 2018 May
                   Monthly Climatological Summary for May 2018

Name: KD5KNR Weather   City: Bedford   State: TX
Elevation: 617 ft  Lat: N 32° 50' 04"   Lon: W 097° 08' 22"

                  Temperature (°F), Rain (in), Wind Speed (mph)

                                      Heat  Cool        Avg
    Mean                              Deg   Deg         Wind                 Dom
Day Temp  High   Time   Low    Time   Days  Days  Rain  Speed High   Time    Dir
----------------------------------------------------------------------------------
 1  73.8  79.1   14:21  69.0   05:21   0.0   8.8  0.00   1.7   8.0   12:20    SE
 2  77.7  86.9   16:35  71.0   03:28   0.0  12.7  0.01   1.6  14.0   14:42    SE
 3  74.0  80.4   17:35  66.0   12:06   0.0   9.0  0.71   0.9  14.0   10:32    SE
 4  68.6  73.9   01:52  63.3   23:57   0.1   3.7  0.14   0.3   6.0   03:49   SSW
 5  70.9  83.7   15:20  58.6   07:13   1.5   7.4  0.04   0.6  10.0   12:56   NNW
 6  74.0  92.3   16:20  57.5   06:02   1.7  10.8  0.01   0.2  11.0   15:03     S
 7  78.4  95.8   17:07  61.6   06:58   0.4  13.7  0.00   0.4   5.0   13:09     S
 8  79.7  90.9   14:34  67.3   07:17   0.0  14.6  0.00   0.9   8.0   13:32    SE
 9  78.4  89.8   16:55  65.7   07:21   0.0  13.4  0.00   0.9   9.0   13:32   SSE
10  77.6  88.6   16:16  65.7   07:08   0.0  12.6  0.00   1.3   9.0   08:34    SE
11  79.5  89.5   17:15  70.2   06:39   0.0  14.4  0.00   1.8  13.0   13:19    SE
12  81.4  91.7   15:39  72.9   05:30   0.0  16.2  0.00   1.4  11.0   10:34    SE
13  81.6  90.6   15:24  71.7   07:07   0.0  16.6  0.00   0.9   8.0   01:38    SE
14  81.9  91.0   16:14  73.3   07:01   0.0  16.9  0.00   0.8   7.0   09:06   SSE
15  81.1  91.7   15:31  75.0   06:58   0.0  16.1  0.00   0.4   5.0   02:57   ESE
16  80.1  92.7   16:52  70.3   07:31   0.0  15.1  0.00   0.5   6.0   11:10    NE
17  83.2  98.6   18:05  68.9   06:47   0.0  18.2  0.00   0.4   4.0   09:25   ESE
18  84.4  97.5   16:04  72.0   07:04   0.0  19.4  0.00   1.0  10.0   01:28    SE
19  82.7  92.9   16:11  73.1   06:35   0.0  17.7  0.00   1.1  10.0   14:57    SE
20  75.2  83.2   16:03  66.0   08:38   0.0  10.1  0.00   0.5  10.0   07:23     S
21  77.8  90.1   15:51  66.6   06:33   0.0  12.8  0.00   0.2   3.0   04:12     S
22  80.1  92.5   16:51  69.1   06:43   0.0  15.1  0.00   0.5   6.0   11:51     S
23  82.7  95.4   15:40  72.1   06:33   0.0  17.7  0.00   0.3   6.0   14:32    SE
24  82.2  93.8   16:33  71.4   06:34   0.0  17.2  0.00   0.5   6.0   08:40     S
25  82.6  94.1   13:02  75.0   06:36   0.0  17.6  0.13   0.6  10.0   13:45   ESE
26  85.9 101.0   16:32  71.0   07:10   0.0  20.9  0.00   0.4   8.0   11:23   SSW
27  87.6 100.4   18:02  76.7   06:47   0.0  22.6  0.00   0.4   6.0   14:36    SE
28  85.9  98.5   16:16  75.0   06:54   0.0  20.9  0.00   0.4   5.0   15:00   ESE
29  86.7  98.3   14:53  74.3   06:49   0.0  21.7  0.00   0.5   6.0   13:34    SE
30  87.2  96.6   17:18  77.9   06:45   0.0  22.2  0.00   0.9   8.0   12:37    SE
31  86.3  96.4   17:57  75.5   06:17   0.0  21.3  0.00   1.5  10.0   13:08    SE
----------------------------------------------------------------------------------
    80.3 101.0    26    57.5     6     3.7 477.4  1.04   0.8  14.0     2      SE

Max >=  80.0: 29
Max <=  32.0:  0
Min <=  32.0:  0
Min <=   0.0:  0
Max Rain: 0.71 on day 3
Days of Rain: 6 (>= 0.01 in)  3 (>= 0.10 in)  0 (>= 1.00 in)
Heat Base: 65.0  Cool Base: 65.0  Method: Integration