NOAA-Style Climate Reports

Select a Year or Month report
2018: Jan Feb Mar Apr May Jun Jul Aug Sep Oct Nov Dec
2017: Jan Feb Mar Apr May Jun Jul Aug Sep Oct Nov Dec
2016: Jan Feb Mar Apr May Jun Jul Aug Sep Oct Nov Dec
2015: Jan Feb Mar Apr May Jun Jul Aug Sep Oct Nov Dec

Report for 2018 April
                   Monthly Climatological Summary for Apr 2018

Name: KD5KNR Weather   City: Bedford   State: TX
Elevation: 617 ft  Lat: N 32° 50' 04"   Lon: W 097° 08' 22"

                  Temperature (°F), Rain (in), Wind Speed (mph)

                                      Heat  Cool        Avg
    Mean                              Deg   Deg         Wind                 Dom
Day Temp  High   Time   Low    Time   Days  Days  Rain  Speed High   Time    Dir
----------------------------------------------------------------------------------
 1  62.5  73.8   14:32  46.6   23:41   4.1   1.6  0.00   1.3  10.0   18:38    NE
 2  48.7  58.9   20:46  41.9   08:51  16.3   0.0  0.00   0.4   6.0   01:29   NNW
 3  68.8  86.3   13:33  53.9   23:56   1.6   5.3  0.00   2.4  20.0   13:40    NE
 4  55.2  67.7   18:12  45.2   07:35   9.9   0.1  0.00   1.3  10.0   00:59   ENE
 5  63.1  76.5   17:14  50.6   03:32   5.3   3.4  0.00   1.4   9.0   14:26    SE
 6  71.4  84.6   16:46  52.2   23:59   0.9   7.3  0.09   1.7  16.0   19:25   ESE
 7  41.3  52.3   00:00  35.0   13:39  23.7   0.0  0.00   1.9  14.0   00:23     N
 8  46.9  59.0   18:17  37.3   04:54  18.0   0.0  0.00   0.3   5.0   12:14   ESE
 9  58.4  70.0   17:36  46.2   07:24   7.7   1.2  0.00   0.8   8.0   16:45    NE
10  61.6  76.8   18:45  48.3   07:33   5.7   2.3  0.00   0.6   6.0   03:21    NE
11  66.6  81.7   17:00  50.7   06:54   4.4   6.1  0.00   1.4  11.0   19:21    SE
12  72.4  82.9   16:07  61.9   05:43   0.5   7.9  0.00   2.4  13.0   17:36    SE
13  76.2  87.9   16:29  70.0   23:59   0.0  11.1  0.01   2.1  13.0   04:11    SE
14  55.7  70.0   00:00  46.3   08:48   9.4   0.1  0.00   3.2  17.0   11:46     N
15  51.6  65.6   17:41  38.8   07:25  13.4   0.0  0.00   1.8  12.0   05:16   NNW
16  64.0  83.4   16:46  43.3   06:59   7.6   6.7  0.00   0.9  10.0   15:48    SE
17  72.8  86.8   15:31  58.9   06:42   1.1   8.9  0.00   1.8  11.0   00:55   SSE
18  70.4  78.3   16:36  60.5   23:58   0.2   5.6  0.00   1.6  12.0   10:59   NNW
19  62.1  71.7   17:11  51.8   07:29   4.3   1.4  0.00   1.1   9.0   09:03   ENE
20  61.7  74.2   16:22  51.9   08:30   5.2   1.9  0.00   1.0   8.0   09:41   ESE
21  59.8  65.8   17:13  55.0   22:20   5.2   0.0  0.29   0.7   9.0   21:02    NE
22  59.0  67.7   16:32  51.7   07:40   6.3   0.3  0.00   1.8  12.0   14:13   NNW
23  64.2  77.5   17:39  51.8   06:47   4.3   3.5  0.00   0.9  10.0   12:35    NW
24  71.1  88.4   17:40  54.8   06:42   2.8   8.9  0.00   0.1   5.0   12:02   ENE
25  59.6  71.5   00:00  49.8   23:59   6.3   0.9  0.09   1.0  12.0   09:00    NW
26  60.5  75.1   17:37  46.1   05:50   7.0   2.6  0.01   0.5   7.0   11:59   NNW
27  69.0  81.2   16:15  58.1   04:52   2.0   6.0  0.00   0.6   8.0   14:13   WNW
28  71.1  90.0   16:55  52.3   07:03   3.1   9.3  0.00   0.3   5.0   13:02   SSE
29  74.0  87.7   15:33  59.7   07:18   0.8   9.8  0.00   0.9   9.0   11:20    SE
30  71.8  83.2   15:19  61.0   06:06   0.4   7.3  0.00   1.4  11.0   11:41    SE
----------------------------------------------------------------------------------
    63.0  90.0    28    35.0     7   177.5 119.5  0.49   1.3  20.0     3     ENE

Max >=  80.0: 12
Max <=  32.0:  0
Min <=  32.0:  0
Min <=   0.0:  0
Max Rain: 0.29 on day 21
Days of Rain: 5 (>= 0.01 in)  1 (>= 0.10 in)  0 (>= 1.00 in)
Heat Base: 65.0  Cool Base: 65.0  Method: Integration