NOAA-Style Climate Reports

Select a Year or Month report
2018: Jan Feb Mar Apr May Jun Jul Aug Sep Oct Nov Dec
2017: Jan Feb Mar Apr May Jun Jul Aug Sep Oct Nov Dec
2016: Jan Feb Mar Apr May Jun Jul Aug Sep Oct Nov Dec
2015: Jan Feb Mar Apr May Jun Jul Aug Sep Oct Nov Dec

Report for 2018 March
                   Monthly Climatological Summary for Mar 2018

Name: KD5KNR Weather   City: Bedford   State: TX
Elevation: 617 ft  Lat: N 32° 50' 04"   Lon: W 097° 08' 22"

                  Temperature (°F), Rain (in), Wind Speed (mph)

                                      Heat  Cool        Avg
    Mean                              Deg   Deg         Wind                 Dom
Day Temp  High   Time   Low    Time   Days  Days  Rain  Speed High   Time    Dir
----------------------------------------------------------------------------------
 1  57.0  61.7   17:15  50.8   23:58   8.0   0.0  0.04   1.4  13.0   06:33     N
 2  57.4  69.9   15:06  44.1   06:43   8.6   1.0  0.00   0.6   6.0   11:35     E
 3  63.4  73.6   15:18  51.0   07:09   4.6   3.0  0.00   1.0   9.0   12:12   ESE
 4  66.6  70.8   16:39  61.5   06:51   0.6   2.1  0.00   1.1   9.0   14:49    SE
 5  65.5  70.6   09:14  51.1   23:59   1.7   2.1  0.00   2.1  16.0   13:39     N
 6  54.8  66.4   15:12  40.3   05:29  10.3   0.1  0.00   1.8  13.0   15:27     N
 7  49.9  59.2   15:50  39.2   07:07  15.1   0.0  0.00   1.4  10.0   10:56     N
 8  55.9  70.0   16:06  41.9   07:03   9.8   0.7  0.00   1.0  10.0   15:44   SSE
 9  63.2  74.6   15:26  51.4   06:41   4.7   2.9  0.00   2.3  14.0   10:23   SSE
10  71.4  82.0   15:42  61.2   05:15   0.8   7.2  0.00   0.7   9.0   00:15   SSE
11  61.8  70.8   00:00  50.5   23:59   3.7   0.6  0.00   2.7  17.0   06:48   NNE
12  51.2  62.2   16:49  40.6   08:04  13.8   0.0  0.00   1.1   9.0   14:57     N
13  53.6  62.9   16:59  46.3   08:03  11.4   0.0  0.00   1.0  11.0   13:10   NNE
14  55.6  68.9   16:00  41.3   06:03  10.1   0.7  0.00   0.4   5.0   12:35    SE
15  63.4  77.6   16:32  49.8   06:15   5.2   3.6  0.00   1.8  16.0   14:31   SSE
16  71.9  84.7   16:07  61.8   07:20   0.4   7.3  0.00   1.9  14.0   01:17     S
17  64.6  81.1   14:33  53.8   04:57   3.6   3.2  0.59   0.7   7.0   14:33   ENE
18  66.8  78.9   16:10  59.1   06:15   2.0   3.8  0.11   0.5   7.0   16:39    SE
19  63.2  72.3   14:00  53.0   23:57   3.3   1.5  0.00   2.7  18.0   10:15     N
20  54.5  65.5   16:26  44.4   07:53  10.4   0.0  0.00   2.0  12.0   09:13     N
21  59.5  73.3   16:15  43.8   07:58   7.7   2.2  0.00   0.5   8.0   16:01   ESE
22  66.7  78.5   16:54  53.3   07:57   3.5   5.1  0.00   1.8  15.0   12:23    SE
23  68.2  76.2   18:32  61.2   05:46   0.8   4.1  0.00   2.3  16.0   19:00   SSE
24  74.1  86.0   15:33  64.9   07:34   0.0   9.1  0.00   1.4  10.0   01:12   SSE
25  70.9  78.2   13:37  63.9   06:29   0.1   6.0  0.00   1.2  10.0   13:53    SE
26  75.4  85.0   15:28  68.1   08:00   0.0  10.4  0.00   2.1  14.0   13:13    SE
27  65.7  73.4   00:00  58.5   23:57   1.3   2.0  1.69   0.7   9.0   05:44     E
28  59.8  67.9   14:37  55.3   23:53   5.4   0.2  0.42   0.5  13.0   00:00   NNE
29  61.5  74.0   15:16  53.9   07:11   5.0   1.5  0.00   0.6  10.0   17:27     N
30  60.7  73.9   18:37  50.0   07:28   6.0   1.7  0.00   0.6   7.0   13:36   ENE
31  67.6  78.8   16:26  56.2   03:37   3.0   5.6  0.00   1.4  12.0   12:36   SSE
----------------------------------------------------------------------------------
    62.6  86.0    24    39.2     7   160.9  87.7  2.85   1.3  18.0    19       E

Max >=  80.0:  5
Max <=  32.0:  0
Min <=  32.0:  0
Min <=   0.0:  0
Max Rain: 1.69 on day 27
Days of Rain: 5 (>= 0.01 in)  4 (>= 0.10 in)  1 (>= 1.00 in)
Heat Base: 65.0  Cool Base: 65.0  Method: Integration