NOAA-Style Climate Reports

Select a Year or Month report
2018: Jan Feb Mar Apr May Jun Jul Aug Sep Oct Nov Dec
2017: Jan Feb Mar Apr May Jun Jul Aug Sep Oct Nov Dec
2016: Jan Feb Mar Apr May Jun Jul Aug Sep Oct Nov Dec
2015: Jan Feb Mar Apr May Jun Jul Aug Sep Oct Nov Dec

Report for 2018 February
                   Monthly Climatological Summary for Feb 2018

Name: KD5KNR Weather   City: Bedford   State: TX
Elevation: 617 ft  Lat: N 32° 50' 04"   Lon: W 097° 08' 22"

                  Temperature (°F), Rain (in), Wind Speed (mph)

                                      Heat  Cool        Avg
    Mean                              Deg   Deg         Wind                 Dom
Day Temp  High   Time   Low    Time   Days  Days  Rain  Speed High   Time    Dir
----------------------------------------------------------------------------------
 1  54.1  62.0   14:48  44.4   23:58  10.9   0.0  0.00   2.3  15.0   21:40    NE
 2  43.8  52.4   15:56  34.8   07:16  21.2   0.0  0.00   1.5  11.0   00:03   ENE
 3  50.2  58.6   12:47  40.9   06:50  14.7   0.0  0.00   1.7  12.0   14:05    SE
 4  52.4  64.1   15:53  37.1   23:56  12.6   0.0  0.00   1.8  16.0   20:08    NE
 5  36.0  45.1   17:39  26.2   07:36  28.9   0.0  0.00   0.9   9.0   00:04    NE
 6  37.3  43.1   13:41  31.7   23:25  27.6   0.0  0.17   1.7  12.0   15:31     N
 7  37.9  47.6   16:37  30.2   08:42  27.0   0.0  0.01   2.1  12.0   08:00     N
 8  44.7  58.6   16:39  29.9   07:26  20.2   0.0  0.00   0.5   7.0   12:32   ESE
 9  57.4  70.1   15:31  44.5   00:35   8.2   0.6  0.00   1.6  12.0   13:57   SSE
10  39.8  58.9   00:00  31.5   16:55  25.1   0.0  0.00   2.2  13.0   11:54     N
11  33.0  41.7   14:49  26.1   04:41  31.9   0.0  0.00   2.5  13.0   04:39     N
12  36.9  45.6   16:54  28.3   07:25  28.0   0.0  0.00   1.3   8.0   04:57   ENE
13  44.2  48.9   14:31  40.4   07:49  20.8   0.0  0.00   0.7   6.0   02:21     E
14  59.1  77.4   15:06  44.8   00:00   8.5   2.6  0.00   1.4  12.0   15:22   SSE
15  70.3  79.1   15:56  63.3   00:01   0.2   5.5  0.00   2.5  14.0   12:12   SSE
16  55.8  68.6   00:00  45.9   22:52   9.5   0.3  0.00   2.2  17.0   09:03   NNE
17  52.2  66.8   14:58  42.2   04:47  12.8   0.1  0.17   0.9   9.0   03:16    NE
18  54.6  62.4   23:59  47.3   07:31  10.4   0.0  0.02   0.8   8.0   12:52    SE
19  70.8  76.8   17:21  62.4   00:00   0.1   5.9  0.00   2.5  22.0   12:12    SE
20  59.8  71.1   01:30  37.7   23:58   7.4   2.2  1.48   2.2  15.0   18:03     E
21  35.0  37.8   00:00  32.9   13:43  29.9   0.0  1.74   2.5  16.0   11:44   NNE
22  36.1  39.7   22:58  33.1   03:45  28.8   0.0  0.30   1.1   9.0   02:03     N
23  43.9  49.6   16:34  39.0   04:07  21.0   0.0  0.45   0.4   5.0   05:08   NNE
24  52.5  62.9   16:27  45.3   00:00  12.5   0.0  1.05   1.0  16.0   10:24   ENE
25  54.7  67.3   14:31  41.5   06:30  10.6   0.3  0.00   0.6   8.0   13:41   ESE
26  54.8  67.1   15:57  44.2   05:25  10.4   0.2  0.00   0.5   7.0   12:58     E
27  59.0  65.3   18:30  51.2   04:05   6.1   0.0  0.04   0.3   4.0   08:48   ESE
28  66.1  69.2   13:49  61.4   23:58   0.1   1.2  2.85   0.8  14.0   23:38   ESE
----------------------------------------------------------------------------------
    49.7  79.1    15    26.1    11   445.4  18.9  8.28   1.4  22.0    19     ENE

Max >=  80.0:  0
Max <=  32.0:  0
Min <=  32.0:  7
Min <=   0.0:  0
Max Rain: 2.85 on day 28
Days of Rain: 11 (>= 0.01 in)  8 (>= 0.10 in)  4 (>= 1.00 in)
Heat Base: 65.0  Cool Base: 65.0  Method: Integration