NOAA-Style Climate Reports

Select a Year or Month report
2018: Jan Feb Mar Apr May Jun Jul Aug Sep Oct Nov Dec
2017: Jan Feb Mar Apr May Jun Jul Aug Sep Oct Nov Dec
2016: Jan Feb Mar Apr May Jun Jul Aug Sep Oct Nov Dec
2015: Jan Feb Mar Apr May Jun Jul Aug Sep Oct Nov Dec

Report for 2018 January
                   Monthly Climatological Summary for Jan 2018

Name: KD5KNR Weather   City: Bedford   State: TX
Elevation: 617 ft  Lat: N 32° 50' 04"   Lon: W 097° 08' 22"

                  Temperature (°F), Rain (in), Wind Speed (mph)

                                      Heat  Cool        Avg
    Mean                              Deg   Deg         Wind                 Dom
Day Temp  High   Time   Low    Time   Days  Days  Rain  Speed High   Time    Dir
----------------------------------------------------------------------------------
 1  23.2  27.6   16:03  17.5   07:44  41.7   0.0  0.00   1.8  10.0   03:56    NE
 2  25.3  27.2   13:34  23.4   02:02  39.7   0.0  0.00   1.3   9.0   18:28   NNE
 3  33.6  48.7   15:40  18.6   07:25  31.3   0.0  0.00   0.9   9.0   15:24     N
 4  38.9  49.5   15:03  28.9   05:05  26.0   0.0  0.00   0.4   5.0   11:41   ENE
 5  46.8  61.4   13:53  32.4   04:11  18.1   0.0  0.00   0.6   8.0   12:44   SSE
 6  51.5  62.8   14:59  38.3   07:06  13.4   0.0  0.00   0.9   9.0   10:55    SE
 7  55.2  60.7   15:55  51.9   08:25   9.7   0.0  0.26   1.6  10.0   12:05    SE
 8  50.3  59.0   15:58  42.0   07:51  14.7   0.0  0.00   1.7  11.0   00:57     N
 9  45.6  55.0   14:26  38.8   04:50  19.4   0.0  0.00   1.0   8.0   14:34     E
10  51.3  60.3   16:45  45.4   00:00  13.7   0.0  0.00   1.6  11.0   11:04    SE
11  46.4  61.0   10:09  30.8   23:55  18.6   0.0  0.00   3.8  19.0   15:28   NNE
12  33.4  44.3   16:09  23.9   07:49  31.5   0.0  0.00   2.4  15.0   01:20     N
13  36.2  45.6   15:00  27.6   06:42  28.7   0.0  0.00   1.5  11.0   09:00     N
14  42.2  54.7   15:54  31.4   07:41  22.8   0.0  0.00   0.9   8.0   12:24    SE
15  43.3  57.2   11:35  29.2   23:58  21.7   0.0  0.00   1.9  16.0   17:36    NE
16  24.4  29.6   16:35  19.3   08:52  40.5   0.0  0.00   3.1  17.0   02:41     N
17  24.6  34.8   15:49  14.9   07:38  40.3   0.0  0.00   0.5   5.0   13:59    NE
18  32.6  46.7   15:00  18.9   07:47  32.4   0.0  0.00   0.9   8.0   12:34   SSE
19  46.9  56.4   13:37  35.4   00:00  18.0   0.0  0.00   1.7  12.0   15:00   SSE
20  60.8  70.9   15:37  52.4   01:14   5.4   1.2  0.00   2.4  14.0   10:27   SSE
21  65.2  74.1   14:47  57.2   23:58   1.6   1.8  0.20   2.2  16.0   12:14   SSE
22  51.6  58.8   14:53  43.2   08:00  13.4   0.0  0.00   3.0  20.0   11:44    NE
23  46.8  58.7   16:19  37.9   07:51  18.2   0.0  0.00   1.0   8.0   14:29   NNW
24  46.5  61.8   14:18  31.8   07:45  18.5   0.0  0.00   0.3   5.0   12:33    SE
25  51.6  65.8   14:52  34.5   07:29  13.4   0.0  0.01   1.2  12.0   14:12    SE
26  56.6  63.2   21:10  50.5   08:38   8.4   0.0  0.00   1.3  10.0   15:55   SSE
27  58.8  63.3   15:38  49.2   23:56   6.2   0.0  0.05   1.2  11.0   08:15   NNE
28  52.0  64.0   16:49  39.7   07:54  12.9   0.0  0.00   0.7   7.0   14:20     N
29  45.9  54.6   16:11  36.7   08:20  19.1   0.0  0.00   2.0  12.0   03:37     N
30  49.1  63.3   16:18  35.4   07:48  15.9   0.0  0.00   1.6  13.0   15:45    SE
31  59.1  73.8   15:17  46.5   07:25   7.6   1.7  0.00   2.3  16.0   11:35   SSE
----------------------------------------------------------------------------------
    45.0  74.1    21    14.9    17   622.8   4.7  0.52   1.5  20.0    22     ENE

Max >=  80.0:  0
Max <=  32.0:  3
Min <=  32.0: 13
Min <=   0.0:  0
Max Rain: 0.26 on day 7
Days of Rain: 4 (>= 0.01 in)  2 (>= 0.10 in)  0 (>= 1.00 in)
Heat Base: 65.0  Cool Base: 65.0  Method: Integration