NOAA-Style Climate Reports

Select a Year or Month report
2018: Jan Feb Mar Apr May Jun Jul Aug Sep Oct Nov Dec
2017: Jan Feb Mar Apr May Jun Jul Aug Sep Oct Nov Dec
2016: Jan Feb Mar Apr May Jun Jul Aug Sep Oct Nov Dec
2015: Jan Feb Mar Apr May Jun Jul Aug Sep Oct Nov Dec

Report for 2018
                   Annual Climatological Summary for 2018

Name: KD5KNR Weather   City: Bedford   State: TX
Elevation: 617 ft  Lat: N 32° 50' 04"   Lon: W 097° 08' 22"

                  Temperature (°F), Heat Base: 65.0  Cool Base: 65.0
                          Dep.  Heat  Cool                       Max  Max  Min  Min
        Mean  Mean        From  Deg   Deg                        >=   <=   <=   <=
 YR MO  Max   Min   Mean  Norm  Days  Days  Hi  Date  Low  Date 80.0 32.0 32.0   0.0
------------------------------------------------------------------------------------
 18  1  55.3  35.0  45.0   0.0   622     4  74.1  21  14.9   17    0    3   13    0
 18  2  59.2  40.6  49.7   0.0   445    18  79.1  15  26.1   11    0    0    7    0
 18  3  73.2  52.3  62.6   0.0   160    87  86.0  24  39.2    7    5    0    0    0
 18  4  75.9  51.1  63.0   0.0   177   119  90.0  28  35.0    7   12    0    0    0
 18  5  91.5  69.8  80.3   0.0     3   477 101.0  26  57.5    6   29    0    0    0
 18  6  98.8  76.6  86.8   0.0     0   654 105.0  22  66.8    4   30    0    0    0
 18  7 103.4  78.1  89.4   0.0     0   754 112.9  22  72.6   30   31    0    0    0
 18  8  97.7  75.8  85.7   0.0     0   641 102.8  18  70.3    1   30    0    0    0
 18  9  86.4  71.8  77.9   0.0     2   385  98.1   1  60.0   26   21    0    0    0
 18 10  74.3  59.3  66.1   0.0   129   162  90.5   4  41.5   15   13    0    0    0
 18 11  63.6  43.2  53.2   0.0   383    28  80.5   5  26.4   14    1    0    3    0
 18 12  53.9  42.0  48.5   0.0   133     1  71.7   1  32.0    5    0    0    1    0
------------------------------------------------------------------------------------
        77.8  58.0  67.4   0.0  2058  3335 112.9 Jul  14.9  Jan  172    3   24    0

                                Precipitation (in)

              Dep.   Max        Days of Rain
              From   Obs.           >=
 YR MO Total  Norm   Day Date 0.01 0.10 1.00
---------------------------------------------
 18  1  0.52   0.0  0.26   7     4    2    0
 18  2  8.28   0.0  2.85  28    11    8    4
 18  3  2.85   0.0  1.69  27     5    4    1
 18  4  0.49   0.0  0.29  21     5    1    0
 18  5  1.04   0.0  0.71   3     6    3    0
 18  6  0.87   0.0  0.46  20     6    3    0
 18  7  0.93   0.0  0.83  10     3    1    0
 18  8  2.75   0.0  1.53  11     9    6    1
 18  9 10.68   0.0  3.29  21    14   10    5
 18 10 12.73   0.0  2.19   9    15   12    5
 18 11  0.83   0.0  0.35   3     7    4    0
 18 12  1.20   0.0  0.59   7     3    3    0
---------------------------------------------
       43.17   0.0  3.29  Sep   88   57   16

                                Wind Speed (mph)
                          Dom
 YR MO   Avg.  Hi   Date  Dir
------------------------------
 18  1   1.5  20.0   22   ENE
 18  2   1.4  22.0   19   ENE
 18  3   1.3  18.0   19     E
 18  4   1.3  20.0    3   ENE
 18  5   0.8  14.0    2    SE
 18  6   0.9  13.0    7    SE
 18  7   0.5  13.0   30    SE
 18  8   0.6  16.0   20   SSE
 18  9   0.4  10.0    7     E
 18 10   0.6  15.0   15     E
 18 11   0.8  17.0    3   NNE
 18 12   0.9  14.0    1   NNE
------------------------------
         0.9  22.0  Feb     E