NOAA-Style Climate Reports

Select a Year or Month report
2018: Jan Feb Mar Apr May Jun Jul Aug Sep Oct Nov Dec
2017: Jan Feb Mar Apr May Jun Jul Aug Sep Oct Nov Dec
2016: Jan Feb Mar Apr May Jun Jul Aug Sep Oct Nov Dec
2015: Jan Feb Mar Apr May Jun Jul Aug Sep Oct Nov Dec

Report for 2017 December
                   Monthly Climatological Summary for Dec 2017

Name: KD5KNR Weather   City: Bedford   State: TX
Elevation: 617 ft  Lat: N 32° 50' 04"   Lon: W 097° 08' 22"

                  Temperature (°F), Rain (in), Wind Speed (mph)

                                      Heat  Cool        Avg
    Mean                              Deg   Deg         Wind                 Dom
Day Temp  High   Time   Low    Time   Days  Days  Rain  Speed High   Time    Dir
----------------------------------------------------------------------------------
 1  59.4  72.1   15:10  45.9   07:33   6.7   1.2  0.00   0.4   6.0   10:59   SSE
 2  65.5  76.8   15:11  55.7   05:39   3.0   3.4  0.00   0.4   7.0   12:11     S
 3  66.5  75.8   13:56  58.0   07:48   1.8   3.3  0.00   0.7  10.0   13:27   SSE
 4  71.0  81.0   15:06  55.8   23:58   0.7   6.7  0.22   1.4  13.0   21:49   SSE
 5  50.9  57.0   01:49  46.5   23:55  14.0   0.0  0.01   1.6  11.0   08:01   NNE
 6  49.1  54.8   16:06  44.6   02:28  15.8   0.0  0.00   0.7   4.0   00:00   NNW
 7  40.9  49.7   00:00  33.3   23:52  24.0   0.0  0.00   1.6  13.0   08:16     N
 8  36.7  47.8   15:53  24.9   07:39  28.2   0.0  0.00   0.4   6.0   15:19   SSW
 9  46.1  59.0   14:32  33.0   04:17  18.9   0.0  0.00   1.0  11.0   13:13   NNW
10  50.0  70.3   15:29  34.2   07:08  15.8   0.8  0.00   0.5   9.0   13:09     W
11  57.0  75.3   15:41  39.6   06:50  10.4   2.4  0.00   1.0  11.0   16:02     W
12  50.0  56.4   15:20  39.9   23:57  15.0   0.0  0.00   1.6  14.0   10:09     N
13  53.2  73.6   14:12  36.9   06:42  13.4   1.6  0.00   0.6  11.0   12:41     S
14  50.8  60.1   14:56  42.4   03:41  14.2   0.0  0.00   1.5  12.0   11:48   NNE
15  45.2  54.4   14:32  38.1   07:31  19.8   0.0  0.00   0.7   9.0   11:51   NNW
16  46.3  61.7   12:55  37.6   03:14  18.7   0.0  0.64   0.7   9.0   16:15    SE
17  47.4  52.1   14:39  44.0   05:43  17.4   0.0  0.00   0.3   5.0   09:49   SSE
18  50.5  53.9   14:43  46.2   00:00  14.5   0.0  0.00   0.2   4.0   18:27     E
19  57.3  59.8   18:08  53.1   00:00   7.7   0.0  1.49   0.2   5.0   08:15    NE
20  55.9  60.5   15:59  50.6   23:55   9.1   0.0  0.00   0.1   5.0   00:45   WSW
21  60.8  75.0   15:22  46.4   07:10   6.3   2.1  0.01   0.4   9.0   15:20   SSE
22  42.9  65.6   00:13  35.8   19:01  22.0   0.0  0.69   2.4  12.0   19:11   NNE
23  41.5  49.9   15:44  33.5   07:31  23.4   0.0  0.00   0.9   9.0   08:48   NNE
24  41.3  44.9   10:40  34.8   23:57  23.7   0.0  0.00   1.5  15.0   10:50     N
25  38.6  46.0   15:35  30.7   07:06  26.4   0.0  0.00   1.1   8.0   08:42     E
26  40.7  44.4   03:19  37.4   17:17  24.2   0.0  0.03   1.5   8.0   12:08   ENE
27  36.0  40.0   00:00  33.0   08:43  28.9   0.0  0.00   1.7  10.0   03:38   NNE
28  39.0  42.3   14:48  35.5   00:00  25.9   0.0  0.00   0.3   4.0   12:37   ENE
29  43.4  47.7   16:03  39.2   04:15  21.6   0.0  0.00   0.7   7.0   15:53    SE
30  42.5  47.2   00:00  34.7   23:55  22.4   0.0  0.00   1.4  12.0   13:37    NE
31  28.9  34.8   00:14  23.6   23:56  35.9   0.0  0.00   2.1  13.0   11:10     N
----------------------------------------------------------------------------------
    48.6  81.0     4    23.6    31   529.8  21.5  3.09   1.0  15.0    24     NNE

Max >=  80.0:  1
Max <=  32.0:  0
Min <=  32.0:  3
Min <=   0.0:  0
Max Rain: 1.49 on day 19
Days of Rain: 7 (>= 0.01 in)  4 (>= 0.10 in)  1 (>= 1.00 in)
Heat Base: 65.0  Cool Base: 65.0  Method: Integration