NOAA-Style Climate Reports

Select a Year or Month report
2018: Jan Feb Mar Apr May Jun Jul Aug Sep Oct Nov Dec
2017: Jan Feb Mar Apr May Jun Jul Aug Sep Oct Nov Dec
2016: Jan Feb Mar Apr May Jun Jul Aug Sep Oct Nov Dec
2015: Jan Feb Mar Apr May Jun Jul Aug Sep Oct Nov Dec

Report for 2017 November
                   Monthly Climatological Summary for Nov 2017

Name: KD5KNR Weather   City: Bedford   State: TX
Elevation: 617 ft  Lat: N 32° 50' 04"   Lon: W 097° 08' 22"

                  Temperature (°F), Rain (in), Wind Speed (mph)

                                      Heat  Cool        Avg
    Mean                              Deg   Deg         Wind                 Dom
Day Temp  High   Time   Low    Time   Days  Days  Rain  Speed High   Time    Dir
----------------------------------------------------------------------------------
 1  63.0  79.4   16:57  51.8   00:00   5.3   3.4  0.00   0.7   9.0   17:03   SSE
 2  75.0  90.8   15:53  62.9   07:41   0.3  10.3  0.00   0.9   9.0   11:32     S
 3  62.4  73.0   00:00  53.1   08:04   3.9   1.3  0.00   0.6   7.0   08:07   WNW
 4  72.8  86.9   16:21  57.9   02:56   1.5   9.3  0.00   0.8   9.0   13:19   SSE
 5  79.2  91.1   14:52  71.2   06:23   0.0  14.7  0.00   1.2   9.0   09:06     S
 6  65.1  73.7   00:00  57.9   23:58   1.6   1.8  0.00   0.8   7.0   11:59    NW
 7  55.2  61.8   15:41  49.9   23:56   9.8   0.0  0.00   1.3   9.0   20:49   NNW
 8  46.8  49.9   00:00  44.7   14:27  18.0   0.0  0.63   0.8  12.0   00:51   NNW
 9  49.5  56.3   15:13  45.3   23:59  15.5   0.0  0.00   0.2   4.0   00:14     N
10  54.2  63.2   14:09  42.4   05:47  10.8   0.0  0.00   0.2   7.0   13:50    SE
11  62.3  69.1   15:44  56.6   07:02   3.5   0.8  0.00   0.6   8.0   13:48    SE
12  65.0  72.6   13:39  61.7   23:17   1.2   1.2  0.01   0.2   6.0   16:20   ENE
13  61.6  68.3   13:22  54.7   06:55   3.7   0.4  0.00   0.2   5.0   02:54   ENE
14  69.0  77.4   14:24  61.9   01:04   1.0   5.0  0.00   0.9   9.0   11:19   SSE
15  69.5  75.2   15:59  64.2   23:55   0.0   4.6  0.02   0.8   6.0   04:09   ESE
16  67.1  73.7   15:20  62.1   06:40   0.8   2.9  0.00   0.2   5.0   01:48   ENE
17  74.4  82.0   15:17  68.4   00:52   0.0   9.4  0.00   1.5  13.0   14:31   SSE
18  63.4  73.5   00:00  47.8   23:59   3.7   2.1  0.00   2.1  18.0   13:10   NNW
19  50.5  61.4   14:56  40.9   07:18  14.4   0.0  0.00   0.3   5.0   12:42   NNW
20  52.7  64.5   14:39  40.8   05:37  12.2   0.0  0.00   0.8   9.0   12:03   SSE
21  58.4  67.6   14:03  51.1   03:32   6.9   0.3  0.00   0.9  10.0   20:37   ENE
22  47.6  54.9   00:00  39.5   07:37  17.4   0.0  0.00   1.2  10.0   02:24   NNW
23  51.1  67.8   15:27  36.7   06:20  14.2   0.3  0.00   0.3   4.0   09:28     S
24  59.9  76.0   14:34  43.8   06:48   7.7   2.7  0.00   0.6   9.0   14:54   SSE
25  61.0  72.9   14:53  49.3   07:27   5.2   1.3  0.00   0.7   8.0   15:02   ENE
26  59.2  70.3   14:20  47.2   07:24   6.7   1.1  0.00   0.3   4.0   12:15   ESE
27  62.8  74.2   14:33  51.9   06:45   4.7   2.5  0.00   1.0   7.0   10:44    SE
28  65.4  75.9   15:00  55.1   07:30   3.0   3.3  0.00   1.1  12.0   10:30   SSE
29  56.6  64.2   00:00  47.5   23:57   8.3   0.0  0.00   1.2  10.0   13:39   WNW
30  54.0  65.9   15:22  42.9   07:51  11.0   0.1  0.00   0.3   5.0   10:36   NNE
----------------------------------------------------------------------------------
    61.2  91.1     5    36.7    23   192.3  78.8  0.66   0.8  18.0    18      SE

Max >=  80.0:  4
Max <=  32.0:  0
Min <=  32.0:  0
Min <=   0.0:  0
Max Rain: 0.63 on day 8
Days of Rain: 3 (>= 0.01 in)  1 (>= 0.10 in)  0 (>= 1.00 in)
Heat Base: 65.0  Cool Base: 65.0  Method: Integration