NOAA-Style Climate Reports

Select a Year or Month report
2018: Jan Feb Mar Apr May Jun Jul Aug Sep Oct Nov Dec
2017: Jan Feb Mar Apr May Jun Jul Aug Sep Oct Nov Dec
2016: Jan Feb Mar Apr May Jun Jul Aug Sep Oct Nov Dec
2015: Jan Feb Mar Apr May Jun Jul Aug Sep Oct Nov Dec

Report for 2017 October
                   Monthly Climatological Summary for Oct 2017

Name: KD5KNR Weather   City: Bedford   State: TX
Elevation: 617 ft  Lat: N 32° 50' 04"   Lon: W 097° 08' 22"

                  Temperature (°F), Rain (in), Wind Speed (mph)

                                      Heat  Cool        Avg
    Mean                              Deg   Deg         Wind                 Dom
Day Temp  High   Time   Low    Time   Days  Days  Rain  Speed High   Time    Dir
----------------------------------------------------------------------------------
 1  75.8  87.0   16:29  65.8   06:34   0.0  10.7  0.00   0.3   5.0   13:27    SE
 2  79.0  89.3   15:30  68.5   06:34   0.0  13.9  0.00   0.9   7.0   14:21    SE
 3  79.7  87.6   13:22  75.4   20:48   0.0  14.7  0.18   0.4   5.0   02:46   ESE
 4  79.1  87.5   14:16  74.1   08:51   0.0  14.1  0.12   0.2   5.0   09:00    SE
 5  78.2  87.5   13:47  68.6   07:45   0.0  13.2  0.00   0.1   4.0   09:56     S
 6  78.6  88.0   14:57  68.8   07:51   0.0  13.6  0.00   0.6   7.0   11:31   SSE
 7  77.1  87.3   15:49  69.8   23:58   0.0  12.1  0.00   0.8  10.0   04:25    NW
 8  73.9  88.8   16:24  56.3   07:52   1.8  10.7  0.00   0.2   8.0   16:17    SW
 9  81.2  93.7   14:57  72.3   23:59   0.0  16.2  0.00   1.1  10.0   19:19     S
10  61.7  72.3   00:00  54.8   09:06   4.3   1.0  0.21   2.1  13.0   07:58    NW
11  61.8  73.1   17:04  50.9   07:25   5.2   1.9  0.00   0.4   7.0   13:51     N
12  72.4  85.8   16:30  58.0   07:00   1.9   9.2  0.00   0.3   5.0   14:00   SSE
13  79.7  90.1   16:15  67.8   08:01   0.0  14.1  0.00   0.6   7.0   10:56   SSE
14  81.3  90.7   15:59  71.8   07:28   0.0  16.2  0.00   0.8  10.0   15:20   SSE
15  68.6  79.8   00:00  58.0   23:57   1.1   4.6  0.04   1.6  13.0   05:21   NNW
16  60.8  71.6   16:44  49.0   07:23   5.9   1.7  0.00   0.7   6.0   15:11     N
17  61.8  74.9   16:22  48.3   07:04   6.2   3.0  0.00   0.3   5.0   09:59    SE
18  66.1  81.9   17:06  51.0   06:22   4.3   5.4  0.00   0.4   7.0   11:13   SSE
19  70.4  80.9   15:26  59.7   08:04   1.1   6.5  0.00   0.5   5.0   11:09    SE
20  72.2  81.0   16:44  62.8   08:09   0.2   7.4  0.00   0.7   6.0   18:25    SE
21  77.6  86.6   16:02  71.1   06:34   0.0  12.5  0.00   1.1  10.0   14:01    SE
22  65.8  78.5   00:00  56.0   23:59   1.5   2.3  1.00   0.9  11.0   00:26   NNW
23  64.8  82.1   16:11  48.6   07:48   5.8   5.6  0.00   0.7   8.0   13:34     W
24  62.6  71.4   15:24  53.3   23:51   4.0   1.6  0.00   1.6  15.0   14:36   NNW
25  60.9  79.3   16:26  44.2   07:25   7.8   3.8  0.00   0.5  10.0   12:23    SW
26  69.0  83.5   16:19  53.7   08:01   3.0   7.0  0.00   1.0  11.0   16:03   SSE
27  51.5  66.9   00:00  42.1   23:57  13.5   0.1  0.00   2.4  16.0   08:01   NNW
28  46.9  58.9   17:04  36.6   08:12  18.0   0.0  0.00   0.8   9.0   12:37    NW
29  56.0  76.8   15:52  37.3   05:42  11.6   2.7  0.00   0.7  11.0   11:30    SW
30  60.6  73.5   15:37  48.3   08:05   6.3   1.9  0.00   0.9   9.0   20:15    NE
31  52.9  59.7   12:20  49.0   07:56  12.1   0.0  0.05   0.9  12.0   00:41    NE
----------------------------------------------------------------------------------
    68.6  93.7     9    36.6    28   115.6 227.7  1.60   0.8  16.0    27     NNW

Max >=  80.0: 18
Max <=  32.0:  0
Min <=  32.0:  0
Min <=   0.0:  0
Max Rain: 1.00 on day 22
Days of Rain: 6 (>= 0.01 in)  4 (>= 0.10 in)  1 (>= 1.00 in)
Heat Base: 65.0  Cool Base: 65.0  Method: Integration