NOAA-Style Climate Reports

Select a Year or Month report
2018: Jan Feb Mar Apr May Jun Jul Aug Sep Oct Nov Dec
2017: Jan Feb Mar Apr May Jun Jul Aug Sep Oct Nov Dec
2016: Jan Feb Mar Apr May Jun Jul Aug Sep Oct Nov Dec
2015: Jan Feb Mar Apr May Jun Jul Aug Sep Oct Nov Dec

Report for 2017 September
                   Monthly Climatological Summary for Sep 2017

Name: KD5KNR Weather   City: Bedford   State: TX
Elevation: 617 ft  Lat: N 32° 50' 04"   Lon: W 097° 08' 22"

                  Temperature (°F), Rain (in), Wind Speed (mph)

                                      Heat  Cool        Avg
    Mean                              Deg   Deg         Wind                 Dom
Day Temp  High   Time   Low    Time   Days  Days  Rain  Speed High   Time    Dir
----------------------------------------------------------------------------------
 1  80.2  93.7   17:14  68.5   07:24   0.0  15.2  0.00   0.2   4.0   12:06   NNW
 2  83.7  97.3   17:03  72.1   07:48   0.0  18.6  0.00   0.2   6.0   12:41   SSW
 3  85.4  97.2   17:52  73.8   07:23   0.0  20.3  0.00   0.4   7.0   13:51     S
 4  85.0  97.4   17:43  73.0   07:10   0.0  19.9  0.00   0.5   7.0   14:13     S
 5  81.0  91.6   13:58  72.7   07:24   0.0  16.0  0.00   1.0   9.0   16:34   NNE
 6  75.1  84.7   17:46  64.6   07:25   0.0  10.1  0.00   0.9   9.0   16:59    NE
 7  74.1  90.3   18:31  58.3   07:11   1.1  10.2  0.00   0.3   6.0   13:40   ESE
 8  74.4  87.7   18:14  60.4   07:17   0.7  10.0  0.00   0.4   6.0   14:11   ESE
 9  75.8  87.8   18:17  63.1   07:39   0.1  10.9  0.00   0.4   6.0   14:11     E
10  75.3  86.2   18:11  63.7   06:47   0.1  10.3  0.00   0.5   9.0   13:41   ENE
11  74.9  85.1   18:29  64.5   07:29   0.0   9.9  0.00   0.6   9.0   13:21    NE
12  73.9  85.5   14:30  61.9   06:08   0.3   9.1  0.00   0.6   8.0   12:40     N
13  76.1  90.5   18:30  62.7   06:30   0.3  11.1  0.00   0.1   5.0   16:30   NNE
14  82.4  97.1   15:56  68.5   07:00   0.0  17.4  0.00   0.6   7.0   11:53    SE
15  83.2  94.1   15:37  73.4   07:04   0.0  18.2  0.00   1.2   9.0   14:24    SE
16  84.1  94.6   16:19  73.9   07:22   0.0  19.1  0.00   0.8   9.0   12:56    SE
17  84.8  95.4   14:04  74.0   07:32   0.0  19.8  0.00   0.4   6.0   11:26   SSE
18  83.3  93.5   15:45  73.4   07:37   0.0  18.1  0.00   0.3   5.0   13:25    SE
19  85.2  96.8   16:08  75.2   06:34   0.0  19.8  0.04   0.9  11.0   22:28   SSE
20  86.4  97.1   15:30  77.0   07:29   0.0  21.4  0.00   1.3   9.0   10:13    SE
21  85.6  94.8   17:13  78.4   07:26   0.0  20.5  0.00   1.1   9.0   12:42    SE
22  82.9  92.6   16:45  74.7   05:03   0.0  17.8  0.00   0.8   7.0   09:08    SE
23  83.1  92.7   15:35  73.5   07:45   0.0  18.1  0.00   0.5   7.0   12:15    SE
24  82.6  92.0   15:55  74.1   07:52   0.0  17.6  0.00   0.6   5.0   08:49    SE
25  82.2  91.4   14:55  73.0   07:35   0.0  17.1  0.00   0.5   6.0   11:23    SE
26  83.0  91.9   14:48  75.6   23:55   0.0  18.0  0.15   0.3   6.0   22:22   ESE
27  77.8  87.6   13:20  71.3   23:29   0.0  12.8  0.07   0.7   8.0   15:45   NNW
28  71.7  76.8   16:54  68.5   11:09   0.0   6.7  0.25   0.7   6.0   16:03   NNW
29  68.0  72.0   15:06  65.3   06:33   0.0   3.0  0.14   0.3   5.0   16:03   NNE
30  73.4  85.0   16:24  63.9   07:49   0.1   8.3  0.01   0.3   5.0   13:06   ENE
----------------------------------------------------------------------------------
    79.8  97.4     4    58.3     7     2.7 445.3  0.66   0.6  11.0    19     ESE

Max >=  80.0: 28
Max <=  32.0:  0
Min <=  32.0:  0
Min <=   0.0:  0
Max Rain: 0.25 on day 28
Days of Rain: 6 (>= 0.01 in)  3 (>= 0.10 in)  0 (>= 1.00 in)
Heat Base: 65.0  Cool Base: 65.0  Method: Integration