NOAA-Style Climate Reports

Select a Year or Month report
2018: Jan Feb Mar Apr May Jun Jul Aug Sep Oct Nov Dec
2017: Jan Feb Mar Apr May Jun Jul Aug Sep Oct Nov Dec
2016: Jan Feb Mar Apr May Jun Jul Aug Sep Oct Nov Dec
2015: Jan Feb Mar Apr May Jun Jul Aug Sep Oct Nov Dec

Report for 2017 August
                   Monthly Climatological Summary for Aug 2017

Name: KD5KNR Weather   City: Bedford   State: TX
Elevation: 617 ft  Lat: N 32° 50' 04"   Lon: W 097° 08' 22"

                  Temperature (°F), Rain (in), Wind Speed (mph)

                                      Heat  Cool        Avg
    Mean                              Deg   Deg         Wind                 Dom
Day Temp  High   Time   Low    Time   Days  Days  Rain  Speed High   Time    Dir
----------------------------------------------------------------------------------
 1  83.5  91.4   13:07  74.4   23:54   0.0  18.5  0.05   0.6   8.0   19:43     N
 2  75.0  80.8   18:30  71.7   06:19   0.0  10.0  1.19   0.1   3.0   00:47   NNE
 3  82.6  95.0   18:33  73.8   00:28   0.0  17.6  0.00   0.2   6.0   16:25     N
 4  85.4  98.5   17:21  74.4   07:01   0.0  20.4  0.00   0.2   7.0   18:35     S
 5  87.3  98.3   15:04  76.6   07:03   0.0  22.3  0.00   0.7   8.0   14:01    SE
 6  87.9 102.1   16:43  77.9   23:59   0.0  22.9  0.07   1.0   9.0   15:58   SSE
 7  82.8  94.6   15:28  75.2   05:14   0.0  17.7  0.02   0.8  11.0   18:50    NE
 8  82.2  92.0   16:48  75.8   08:51   0.0  17.2  0.00   0.9   8.0   17:12   ENE
 9  83.7  95.4   17:40  75.3   05:03   0.0  18.7  0.00   0.3   5.0   13:49   ENE
10  87.5 101.7   17:21  75.1   07:04   0.0  22.5  0.00   0.3   5.0   12:02   SSW
11  88.7  99.5   16:54  79.3   06:59   0.0  23.7  0.00   0.8   9.0   08:26   NNW
12  84.7 100.7   15:01  75.6   23:12   0.0  19.5  0.98   0.5   9.0   18:18   ENE
13  81.8  94.0   18:17  75.8   00:04   0.0  16.8  0.29   0.1   4.0   00:22     W
14  83.6  94.4   18:04  73.0   07:00   0.0  18.5  0.40   0.5   9.0   05:20   SSW
15  87.0  97.2   18:41  79.3   07:20   0.0  21.9  0.00   0.6   7.0   02:51     S
16  87.7  97.3   16:35  79.4   07:04   0.0  22.6  0.00   1.1  10.0   09:35   SSE
17  83.2  96.7   14:05  74.6   08:26   0.0  18.2  0.03   0.6   9.0   05:38    SE
18  81.4  91.3   12:30  75.1   06:43   0.0  16.4  0.01   0.3   8.0   13:25     W
19  88.0 104.1   15:45  76.7   07:09   0.0  22.9  0.00   0.3   7.0   10:37    SW
20  89.9 102.4   17:26  78.1   07:37   0.0  24.8  0.00   0.5   6.0   15:35    SE
21  88.1  98.7   16:38  78.8   07:19   0.0  23.0  0.00   0.5   6.0   12:43   SSE
22  89.1 103.0   17:33  77.7   07:15   0.0  24.0  0.00   0.5   7.0   10:01     S
23  82.8  91.6   17:29  75.5   08:08   0.0  17.7  0.11   0.5  11.0   01:58   NNE
24  81.5  92.3   15:38  75.4   07:04   0.0  16.5  0.07   0.5   8.0   16:19    NE
25  82.2  91.5   16:10  76.6   06:55   0.0  17.1  0.00   0.8   7.0   16:42     E
26  77.8  82.5   17:21  74.2   13:58   0.0  12.8  0.12   0.8   6.0   09:47   ENE
27  76.3  82.9   15:48  73.9   04:32   0.0  11.3  0.49   0.5   6.0   12:27    NE
28  79.0  88.0   18:08  73.1   06:23   0.0  14.0  0.00   0.7   9.0   16:02    NE
29  79.5  89.1   16:25  70.1   07:05   0.0  14.5  0.00   1.0   9.0   17:01   NNE
30  79.6  87.9   14:06  68.8   07:52   0.0  14.5  0.00   1.1  10.0   12:39     N
31  79.6  89.4   16:59  70.0   06:54   0.0  14.5  0.00   1.1  10.0   11:51   NNW
----------------------------------------------------------------------------------
    83.5 104.1    19    68.8    30     0.0 573.0  3.83   0.6  11.0     7     ENE

Max >=  80.0: 31
Max <=  32.0:  0
Min <=  32.0:  0
Min <=   0.0:  0
Max Rain: 1.19 on day 2
Days of Rain: 13 (>= 0.01 in)  7 (>= 0.10 in)  1 (>= 1.00 in)
Heat Base: 65.0  Cool Base: 65.0  Method: Integration