NOAA-Style Climate Reports

Select a Year or Month report
2018: Jan Feb Mar Apr May Jun Jul Aug Sep Oct Nov Dec
2017: Jan Feb Mar Apr May Jun Jul Aug Sep Oct Nov Dec
2016: Jan Feb Mar Apr May Jun Jul Aug Sep Oct Nov Dec
2015: Jan Feb Mar Apr May Jun Jul Aug Sep Oct Nov Dec

Report for 2017 July
                   Monthly Climatological Summary for Jul 2017

Name: KD5KNR Weather   City: Bedford   State: TX
Elevation: 617 ft  Lat: N 32° 50' 04"   Lon: W 097° 08' 22"

                  Temperature (°F), Rain (in), Wind Speed (mph)

                                      Heat  Cool        Avg
    Mean                              Deg   Deg         Wind                 Dom
Day Temp  High   Time   Low    Time   Days  Days  Rain  Speed High   Time    Dir
----------------------------------------------------------------------------------
 1  76.4  86.0   17:46  70.1   07:02   0.0  11.3  0.71   0.3   9.0   00:32   NNE
 2  84.9  95.8   17:49  74.8   06:25   0.0  19.8  0.00   0.8   9.0   12:06   SSE
 3  86.8  96.8   15:42  77.8   07:05   0.0  21.7  0.00   1.0  10.0   16:58   SSE
 4  81.8  95.2   17:52  68.5   03:07   0.0  16.3  0.41   0.9  16.0   02:21     S
 5  83.9  97.3   16:41  72.9   19:03   0.0  18.9  0.13   0.6  13.0   18:10     S
 6  83.0  96.5   15:36  73.2   05:38   0.0  17.5  0.02   0.2   6.0   16:35     E
 7  83.3  96.4   13:47  76.5   06:48   0.0  18.3  0.01   0.2  11.0   15:25   SSW
 8  84.8 100.5   16:00  75.8   07:00   0.0  19.8  0.00   0.4   7.0   17:30     S
 9  82.1  96.5   17:03  75.3   06:30   0.0  16.5  0.16   0.5   9.0   18:46     E
10  84.0  96.0   15:52  72.7   06:33   0.0  18.4  0.00   0.5   7.0   15:15   SSE
11  87.5  99.2   15:59  77.0   06:38   0.0  22.5  0.00   0.7   8.0   10:04   SSE
12  87.7  98.2   15:54  77.6   06:54   0.0  22.7  0.00   0.8   6.0   08:20   SSE
13  88.5 100.5   16:23  78.1   06:45   0.0  23.5  0.00   0.6   7.0   09:46   SSE
14  88.7 100.4   15:55  78.5   07:05   0.0  23.7  0.00   0.4   7.0   13:08   WSW
15  86.5  98.5   18:01  79.8   06:53   0.0  21.4  0.00   0.3   5.0   09:03   ENE
16  87.0 100.1   17:26  76.7   07:08   0.0  21.9  0.01   0.4   6.0   15:03   ENE
17  88.2 100.2   15:33  77.1   06:58   0.0  23.0  0.00   0.4   8.0   15:38   ESE
18  88.8  99.5   15:23  78.3   07:01   0.0  23.7  0.00   0.3   6.0   14:26    SE
19  89.8 101.7   16:13  79.4   07:11   0.0  24.7  0.00   0.4   5.0   11:09    SE
20  91.0 104.0   17:39  80.1   07:16   0.0  25.9  0.00   0.6   7.0   11:20   SSE
21  91.1 104.1   16:35  80.0   06:45   0.0  26.0  0.00   0.6   7.0   10:35   SSE
22  91.5 104.3   17:03  79.2   07:22   0.0  25.8  0.00   0.6   8.0   15:35   SSE
23  90.6 105.8   17:11  75.8   23:59   0.0  25.5  0.09   0.9  15.0   23:04   SSE
24  82.9  96.9   17:33  72.4   02:00   0.0  17.9  0.98   0.4   9.0   01:25     E
25  87.6  98.6   17:15  77.4   06:43   0.0  22.5  0.00   0.6   6.0   08:38   SSE
26  89.4 100.6   16:19  78.8   07:11   0.0  24.3  0.00   0.8   8.0   18:37   SSE
27  90.4 102.7   17:33  78.7   07:12   0.0  25.4  0.00   0.7   7.0   08:37   SSW
28  91.4 105.0   16:35  81.3   07:07   0.0  26.4  0.00   0.6   8.0   11:02   SSW
29  90.0  99.5   17:26  80.0   06:34   0.0  25.0  0.00   0.5   6.0   16:58   ENE
30  86.6  96.2   17:05  78.7   07:44   0.0  21.6  0.00   0.6   7.0   15:35     E
31  84.1  95.1   18:05  73.6   07:11   0.0  19.1  0.00   0.5   9.0   16:21   ENE
----------------------------------------------------------------------------------
    86.8 105.8    23    68.5     4     0.0 671.0  2.52   0.6  16.0     4     SSE

Max >=  80.0: 31
Max <=  32.0:  0
Min <=  32.0:  0
Min <=   0.0:  0
Max Rain: 0.98 on day 24
Days of Rain: 9 (>= 0.01 in)  5 (>= 0.10 in)  0 (>= 1.00 in)
Heat Base: 65.0  Cool Base: 65.0  Method: Integration