NOAA-Style Climate Reports

Select a Year or Month report
2018: Jan Feb Mar Apr May Jun Jul Aug Sep Oct Nov Dec
2017: Jan Feb Mar Apr May Jun Jul Aug Sep Oct Nov Dec
2016: Jan Feb Mar Apr May Jun Jul Aug Sep Oct Nov Dec
2015: Jan Feb Mar Apr May Jun Jul Aug Sep Oct Nov Dec

Report for 2017 June
                   Monthly Climatological Summary for Jun 2017

Name: KD5KNR Weather   City: Bedford   State: TX
Elevation: 617 ft  Lat: N 32° 50' 04"   Lon: W 097° 08' 22"

                  Temperature (°F), Rain (in), Wind Speed (mph)

                                      Heat  Cool        Avg
    Mean                              Deg   Deg         Wind                 Dom
Day Temp  High   Time   Low    Time   Days  Days  Rain  Speed High   Time    Dir
----------------------------------------------------------------------------------
 1  77.5  89.6   14:16  72.4   23:58   0.0  12.5  0.24   0.5   9.0   11:03   ESE
 2  73.3  85.4   13:40  67.7   22:17   0.0   8.3  2.80   0.5  12.0   15:47    NE
 3  72.3  80.5   17:46  67.7   04:17   0.0   7.2  1.28   0.2   7.0   02:43     W
 4  74.9  86.3   14:28  69.8   06:51   0.0   9.9  0.17   0.1   7.0   17:13   NNW
 5  76.3  85.8   13:43  69.3   06:21   0.0  11.2  0.00   0.5   7.0   14:13    NE
 6  81.9  93.3   15:55  70.3   06:22   0.0  16.9  0.00   1.0  11.0   14:19    NE
 7  81.1  89.8   16:03  72.2   06:06   0.0  16.0  0.00   0.6   8.0   15:03     N
 8  80.8  91.7   16:01  71.1   06:42   0.0  15.8  0.00   0.4   6.0   11:17   SSE
 9  74.2  83.4   16:47  65.8   08:59   0.0   9.2  0.53   0.6  10.0   06:45   ESE
10  79.7  90.7   15:36  71.1   03:13   0.0  14.7  0.00   1.0   8.0   10:43    SE
11  81.6  91.5   17:45  73.3   05:57   0.0  16.1  0.00   1.2  11.0   15:36    SE
12  84.2  94.5   16:55  75.8   07:27   0.0  19.2  0.00   1.0   7.0   06:17    SE
13  84.7  94.1   14:49  76.5   05:19   0.0  19.6  0.00   1.5  11.0   13:43    SE
14  85.3  94.7   16:55  77.4   05:11   0.0  20.0  0.00   1.5  10.0   18:50   SSE
15  85.9  96.3   17:26  76.5   06:40   0.0  20.0  0.00   0.9   7.0   08:38   SSE
16  87.8  97.7   14:35  77.9   06:54   0.0  22.8  0.00   1.0   8.0   07:49   SSE
17  86.1  95.2   16:10  77.5   06:40   0.0  21.1  0.00   1.3  10.0   10:06    SE
18  86.7  96.3   15:21  78.5   05:22   0.0  21.7  0.00   0.9   7.0   06:11    SE
19  82.6  94.2   17:59  73.7   11:20   0.0  17.6  0.31   0.6   7.0   05:57   ENE
20  85.5  97.7   17:56  76.3   06:42   0.0  20.5  0.00   0.3   6.0   10:46     E
21  84.2  95.3   13:57  73.8   07:03   0.0  19.1  0.00   0.6   8.0   15:31   ENE
22  82.7  91.1   17:23  74.9   06:14   0.0  17.6  0.00   0.4   5.0   03:55   NNE
23  88.7 103.6   17:33  76.8   06:21   0.0  23.6  0.00   0.3   6.0   08:07     S
24  75.6  88.0   00:00  68.9   10:09   0.0  10.6  1.16   0.6  13.0   00:51    NE
25  80.2  91.2   15:44  70.1   05:28   0.0  15.2  0.00   0.4   5.0   08:46     E
26  80.9  90.7   17:00  72.7   06:49   0.0  15.9  0.00   0.2   5.0   10:46     E
27  81.5  96.3   16:25  74.5   06:36   0.0  16.5  0.20   0.3  12.0   16:50    SE
28  82.6  92.4   16:00  73.0   06:45   0.0  17.6  0.00   0.6   8.0   12:57    SE
29  84.3  94.6   15:45  75.0   06:04   0.0  19.3  0.00   1.0   7.0   17:18    SE
30  87.9  97.0   17:03  79.6   05:12   0.0  22.9  0.00   1.1   8.0   07:10   SSE
----------------------------------------------------------------------------------
    81.7 103.6    23    65.8     9     0.0 498.6  6.69   0.7  13.0    24     ESE

Max >=  80.0: 30
Max <=  32.0:  0
Min <=  32.0:  0
Min <=   0.0:  0
Max Rain: 2.80 on day 2
Days of Rain: 8 (>= 0.01 in)  8 (>= 0.10 in)  3 (>= 1.00 in)
Heat Base: 65.0  Cool Base: 65.0  Method: Integration