NOAA-Style Climate Reports

Select a Year or Month report
2018: Jan Feb Mar Apr May Jun Jul Aug Sep Oct Nov Dec
2017: Jan Feb Mar Apr May Jun Jul Aug Sep Oct Nov Dec
2016: Jan Feb Mar Apr May Jun Jul Aug Sep Oct Nov Dec
2015: Jan Feb Mar Apr May Jun Jul Aug Sep Oct Nov Dec

Report for 2017 May
                   Monthly Climatological Summary for May 2017

Name: KD5KNR Weather   City: Bedford   State: TX
Elevation: 617 ft  Lat: N 32° 50' 04"   Lon: W 097° 08' 22"

                  Temperature (°F), Rain (in), Wind Speed (mph)

                                      Heat  Cool        Avg
    Mean                              Deg   Deg         Wind                 Dom
Day Temp  High   Time   Low    Time   Days  Days  Rain  Speed High   Time    Dir
----------------------------------------------------------------------------------
 1  66.8  86.6   18:33  46.1   06:41   6.0   7.8  0.00   0.6  11.0   14:41   SSW
 2  75.6  88.9   16:03  60.1   06:47   0.5  11.1  0.00   0.7   9.0   11:06    SE
 3  70.4  79.4   12:49  59.1   23:49   0.5   5.9  0.05   1.8  18.0   18:40   NNW
 4  63.9  74.8   16:08  53.3   07:20   3.7   2.6  0.00   2.0  12.0   14:57   NNW
 5  67.9  80.5   17:12  54.1   05:30   2.9   5.8  0.00   0.9   9.0   13:30   NNW
 6  72.9  91.4   16:23  54.5   06:42   2.7  10.6  0.00   0.3   6.0   14:21     S
 7  76.2  91.3   16:12  60.3   07:15   0.6  11.8  0.00   0.4   5.0   10:23    SE
 8  74.9  86.1   16:13  63.3   06:41   0.1  10.0  0.00   0.6   7.0   09:26    SE
 9  74.7  81.1   18:17  66.6   07:17   0.0   9.7  0.00   0.4   7.0   01:17    SE
10  75.4  81.5   12:11  70.9   06:20   0.0  10.4  0.00   0.7   9.0   12:37    SE
11  77.4  87.6   17:28  68.5   07:35   0.0  12.3  0.10   1.1  11.0   17:55   WSW
12  70.5  80.0   16:53  62.0   05:49   0.5   6.1  0.00   1.8  13.0   08:51   NNW
13  72.9  87.3   17:37  58.9   07:00   1.1   8.9  0.00   0.3   5.0   13:16    NE
14  77.8  94.2   16:18  62.4   06:36   0.3  12.9  0.00   0.5   6.0   11:41    SE
15  79.9  91.7   16:32  68.7   06:21   0.0  14.8  0.00   0.7   8.0   18:10    SE
16  76.9  83.4   18:16  69.5   05:47   0.0  11.9  0.00   1.4  11.0   18:45    SE
17  79.5  91.8   16:31  67.3   07:22   0.0  14.5  0.14   1.1  10.0   01:58    SE
18  82.9  92.0   14:51  76.3   05:12   0.0  17.9  0.00   1.4  10.0   11:01    SE
19  80.4  87.2   15:52  74.1   06:12   0.0  15.4  0.00   1.1  11.0   23:29    SE
20  72.7  81.8   17:01  66.1   09:18   0.0   7.6  0.11   1.0  14.0   00:07    NW
21  72.5  83.7   16:40  61.6   07:43   0.4   7.9  0.14   0.5   6.0   17:17   ENE
22  71.1  82.9   14:21  61.0   06:37   0.6   6.7  0.30   0.1   6.0   11:50     E
23  66.6  75.7   12:48  58.9   23:56   0.7   2.2  0.02   1.0  11.0   16:39   NNW
24  69.1  82.3   17:13  56.3   04:51   2.4   6.5  0.00   1.1  11.0   13:24    NW
25  77.6  91.6   15:28  61.3   06:14   0.5  13.0  0.00   1.4  14.0   16:41   SSE
26  83.6  96.0   14:19  74.5   04:03   0.0  18.6  0.00   1.7  11.0   12:50   SSE
27  84.8  91.9   16:19  78.9   03:15   0.0  19.8  0.00   1.5  10.0   10:42   SSE
28  75.6  84.2   00:00  71.6   11:26   0.0  10.6  0.19   0.7  11.0   04:30   ENE
29  78.5  91.2   17:39  67.6   06:39   0.0  13.5  0.00   0.4   6.0   15:19   ENE
30  78.9  93.5   15:44  64.5   06:39   0.0  13.9  0.00   0.3   7.0   14:44     E
31  81.0  93.9   16:34  68.6   06:43   0.0  16.0  0.00   0.4   5.0   13:14    SE
----------------------------------------------------------------------------------
    75.1  96.0    26    46.1     1    23.5 336.7  1.05   0.9  18.0     3     ESE

Max >=  80.0: 28
Max <=  32.0:  0
Min <=  32.0:  0
Min <=   0.0:  0
Max Rain: 0.30 on day 22
Days of Rain: 8 (>= 0.01 in)  6 (>= 0.10 in)  0 (>= 1.00 in)
Heat Base: 65.0  Cool Base: 65.0  Method: Integration