NOAA-Style Climate Reports

Select a Year or Month report
2018: Jan Feb Mar Apr May Jun Jul Aug Sep Oct Nov Dec
2017: Jan Feb Mar Apr May Jun Jul Aug Sep Oct Nov Dec
2016: Jan Feb Mar Apr May Jun Jul Aug Sep Oct Nov Dec
2015: Jan Feb Mar Apr May Jun Jul Aug Sep Oct Nov Dec

Report for 2017 April
                   Monthly Climatological Summary for Apr 2017

Name: KD5KNR Weather   City: Bedford   State: TX
Elevation: 617 ft  Lat: N 32° 50' 04"   Lon: W 097° 08' 22"

                  Temperature (°F), Rain (in), Wind Speed (mph)

                                      Heat  Cool        Avg
    Mean                              Deg   Deg         Wind                 Dom
Day Temp  High   Time   Low    Time   Days  Days  Rain  Speed High   Time    Dir
----------------------------------------------------------------------------------
 1  69.2  75.8   15:05  60.0   07:30   0.8   5.0  0.00   0.9  10.0   12:38    SE
 2  63.0  71.6   00:00  58.6   12:57   3.1   1.1  1.00   1.5  13.0   01:39   NNE
 3  66.0  82.8   18:12  51.7   07:33   4.0   5.0  0.00   0.7  11.0   03:43   WSW
 4  72.9  88.3   17:42  62.2   23:59   0.4   8.3  0.00   1.2  14.0   21:35    SE
 5  59.8  70.9   16:08  48.4   04:50   6.5   1.3  0.00   3.1  19.0   00:14    NE
 6  63.5  80.3   17:54  46.2   07:34   6.2   4.7  0.00   0.3   8.0   14:36   SSE
 7  68.0  81.0   17:28  54.7   06:55   3.0   6.0  0.00   0.6   9.0   18:43    SE
 8  71.6  82.0   16:46  61.2   07:36   0.7   7.2  0.00   1.9  14.0   16:26   SSE
 9  73.9  82.8   17:05  66.5   02:17   0.0   8.9  0.00   2.2  15.0   10:54   SSE
10  71.1  80.4   14:02  66.1   23:57   0.0   6.1  0.39   0.8  11.0   01:19    SE
11  67.0  77.2   17:13  58.4   06:31   1.5   3.5  0.26   0.7   7.0   15:57    NE
12  69.6  79.6   17:31  63.3   05:43   0.2   4.8  0.00   0.2   6.0   12:39   ESE
13  71.9  80.9   14:01  64.0   04:26   0.1   7.0  0.00   0.6   7.0   13:11    SE
14  73.0  82.1   16:24  66.6   07:17   0.0   8.0  0.00   0.9   9.0   14:22    SE
15  73.5  82.2   15:38  64.7   07:30   0.0   8.5  0.00   0.8   9.0   02:30    SE
16  73.6  81.2   18:04  67.1   06:00   0.0   8.6  0.00   0.7  11.0   12:44   SSE
17  68.3  77.5   12:34  62.6   16:57   0.6   3.9  0.59   0.5  11.0   14:16   ENE
18  71.8  84.8   17:22  62.0   03:11   0.8   7.6  0.00   0.2   5.0   12:35    SE
19  73.6  84.9   16:52  66.4   02:54   0.0   8.6  0.00   0.7   9.0   14:41    SE
20  76.6  87.1   17:02  69.4   04:07   0.0  11.6  0.00   0.8   7.0   03:48   SSE
21  76.2  87.2   16:54  63.4   23:58   0.0  11.2  0.00   1.2  12.0   12:52    SE
22  58.0  63.4   00:00  53.5   08:11   7.0   0.0  0.01   2.2  14.0   06:32   NNW
23  61.6  74.8   18:31  48.8   07:07   6.1   2.7  0.00   1.1  10.0   16:12     N
24  66.0  79.9   16:33  49.0   06:46   4.7   5.7  0.00   0.8   7.0   13:05    SE
25  74.4  86.5   16:54  61.7   07:06   0.4   9.9  0.00   1.5  11.0   16:56    SE
26  65.3  75.5   00:00  52.2   23:57   2.9   3.2  0.06   1.7  13.0   11:54     N
27  63.6  78.7   17:52  48.5   04:38   5.8   4.4  0.00   0.7   8.0   11:27    SE
28  77.0  87.4   14:04  66.2   00:35   0.0  12.0  0.00   0.9   8.0   08:10    SE
29  74.1  90.3   14:57  56.4   23:53   1.7  10.8  0.00   2.4  16.0   18:53     E
30  58.2  69.9   15:09  48.7   06:46   7.4   0.6  0.02   3.9  25.0   14:16     W
----------------------------------------------------------------------------------
    69.1  90.3    29    46.2     6    63.9 186.2  2.33   1.2  25.0    30     ESE

Max >=  80.0: 18
Max <=  32.0:  0
Min <=  32.0:  0
Min <=   0.0:  0
Max Rain: 1.00 on day 2
Days of Rain: 7 (>= 0.01 in)  4 (>= 0.10 in)  1 (>= 1.00 in)
Heat Base: 65.0  Cool Base: 65.0  Method: Integration