NOAA-Style Climate Reports

Select a Year or Month report
2018: Jan Feb Mar Apr May Jun Jul Aug Sep Oct Nov Dec
2017: Jan Feb Mar Apr May Jun Jul Aug Sep Oct Nov Dec
2016: Jan Feb Mar Apr May Jun Jul Aug Sep Oct Nov Dec
2015: Jan Feb Mar Apr May Jun Jul Aug Sep Oct Nov Dec

Report for 2017 March
                   Monthly Climatological Summary for Mar 2017

Name: KD5KNR Weather   City: Bedford   State: TX
Elevation: 617 ft  Lat: N 32° 50' 04"   Lon: W 097° 08' 22"

                  Temperature (°F), Rain (in), Wind Speed (mph)

                                      Heat  Cool        Avg
    Mean                              Deg   Deg         Wind                 Dom
Day Temp  High   Time   Low    Time   Days  Days  Rain  Speed High   Time    Dir
----------------------------------------------------------------------------------
 1  60.9  71.3   00:00  50.3   23:58   5.0   0.9  0.00   2.4  17.0   05:35     N
 2  54.2  65.2   14:58  42.0   07:34  10.8   0.0  0.00   0.4   5.0   10:06     E
 3  56.8  71.3   14:33  41.6   06:51   9.5   1.3  0.00   0.6   8.0   16:31    SE
 4  55.5  60.3   12:45  52.6   22:09   9.5   0.0  0.03   1.2   9.0   10:32    SE
 5  58.0  65.4   23:44  52.7   00:00   7.0   0.0  0.11   0.6   6.0   21:27    SE
 6  73.0  81.9   15:27  65.3   00:00   0.0   8.0  0.00   2.5  18.0   13:09   SSE
 7  62.8  71.8   00:00  52.1   23:56   3.7   1.5  0.02   1.8  15.0   04:42   ENE
 8  62.1  76.1   15:30  44.3   05:34   6.6   3.7  0.00   1.0  10.0   14:29    SE
 9  70.1  78.7   16:14  60.7   04:08   0.6   5.7  0.00   1.0  11.0   15:09   SSE
10  65.4  69.4   16:54  62.9   12:56   0.6   0.9  0.00   0.8  10.0   13:17   NNE
11  64.5  77.6   13:12  49.7   23:53   3.2   2.7  0.00   1.4  15.0   19:13   ENE
12  48.3  53.9   18:12  43.5   08:54  16.0   0.0  0.01   1.2  10.0   01:53   ENE
13  54.1  64.4   15:41  46.8   23:58  10.9   0.0  0.01   1.8  15.0   15:31     N
14  52.6  65.2   18:03  40.4   07:52  12.4   0.0  0.00   0.7   9.0   02:18     E
15  56.1  66.2   17:27  45.9   07:45   9.0   0.1  0.00   1.5   9.0   03:00   ENE
16  63.4  73.3   17:49  54.4   02:44   3.9   2.3  0.00   1.6  14.0   18:00   SSE
17  71.8  78.9   17:13  66.0   03:19   0.0   6.8  0.00   2.0  13.0   01:18   SSE
18  73.6  83.8   15:00  64.0   05:51   0.1   8.7  0.00   0.6   6.0   01:07    SE
19  73.6  84.1   15:18  64.1   07:43   0.0   8.6  0.00   1.1  10.0   14:39    SE
20  76.6  89.9   15:59  65.9   05:13   0.0  11.5  0.00   1.8  14.0   15:14   SSE
21  74.9  85.1   15:35  63.3   08:01   0.1  10.0  0.00   1.3  11.0   02:32   SSE
22  73.9  83.9   16:15  63.8   07:43   0.1   8.9  0.00   1.0   7.0   01:49    SE
23  74.0  84.3   16:21  65.2   05:25   0.0   9.0  0.00   2.6  17.0   17:31    SE
24  69.3  80.1   18:44  57.7   10:59   0.9   5.2  0.34   2.3  15.0   23:23    SE
25  63.4  73.2   17:03  53.1   07:48   3.5   1.9  0.00   2.1  16.0   02:40     N
26  69.2  82.9   14:27  54.4   06:56   3.2   7.3  0.00   1.4  11.0   20:22    SE
27  66.5  72.7   17:15  57.2   08:38   1.4   2.9  0.00   1.3  10.0   01:57    NE
28  70.3  80.7   18:15  62.5   03:13   0.7   5.7  0.00   1.1   8.0   20:08   ESE
29  68.7  80.8   15:51  58.1   23:54   1.9   5.5  0.48   2.2  22.0   02:25   ESE
30  64.5  79.2   18:42  50.7   07:36   4.5   4.1  0.00   1.8  13.0   15:28   WNW
31  70.9  84.8   16:17  56.3   07:23   2.1   8.0  0.00   0.8   8.0   15:47    SE
----------------------------------------------------------------------------------
    65.1  89.9    20    40.4    14   127.2 131.2  1.00   1.4  22.0    29     ESE

Max >=  80.0: 12
Max <=  32.0:  0
Min <=  32.0:  0
Min <=   0.0:  0
Max Rain: 0.48 on day 29
Days of Rain: 7 (>= 0.01 in)  3 (>= 0.10 in)  0 (>= 1.00 in)
Heat Base: 65.0  Cool Base: 65.0  Method: Integration