NOAA-Style Climate Reports

Select a Year or Month report
2018: Jan Feb Mar Apr May Jun Jul Aug Sep Oct Nov Dec
2017: Jan Feb Mar Apr May Jun Jul Aug Sep Oct Nov Dec
2016: Jan Feb Mar Apr May Jun Jul Aug Sep Oct Nov Dec
2015: Jan Feb Mar Apr May Jun Jul Aug Sep Oct Nov Dec

Report for 2017 February
                   Monthly Climatological Summary for Feb 2017

Name: KD5KNR Weather   City: Bedford   State: TX
Elevation: 617 ft  Lat: N 32° 50' 04"   Lon: W 097° 08' 22"

                  Temperature (°F), Rain (in), Wind Speed (mph)

                                      Heat  Cool        Avg
    Mean                              Deg   Deg         Wind                 Dom
Day Temp  High   Time   Low    Time   Days  Days  Rain  Speed High   Time    Dir
----------------------------------------------------------------------------------
 1  63.2  76.5   16:24  53.2   07:49   4.8   3.1  0.00   1.3  13.0   20:00   ENE
 2  45.8  53.3   00:00  41.6   06:43  19.2   0.0  0.00   2.3  12.0   09:02     N
 3  45.6  51.2   14:25  40.7   07:09  19.4   0.0  0.00   1.5  10.0   13:44    NE
 4  49.1  53.2   15:38  45.5   08:27  15.9   0.0  0.00   1.3   9.0   13:08    SE
 5  61.2  74.5   14:56  49.9   00:03   6.4   2.6  0.00   0.9  10.0   15:34   SSE
 6  71.6  80.6   15:39  64.9   02:07   0.0   6.5  0.00   2.2  14.0   22:27   SSE
 7  69.0  78.1   14:48  59.6   23:50   0.8   4.8  0.00   1.5  12.0   09:32    SW
 8  57.9  66.9   10:39  45.8   23:58   7.2   0.1  0.00   2.2  16.0   13:22     N
 9  47.9  59.6   16:42  36.2   06:55  17.1   0.0  0.00   1.2  10.0   02:09    NE
10  61.9  75.0   15:52  48.9   03:57   6.2   3.1  0.00   2.0  15.0   11:25   SSE
11  73.4  85.9   15:33  62.1   03:45   0.5   8.9  0.00   1.9  12.0   08:00   SSE
12  66.0  72.6   00:00  59.1   23:59   0.9   2.0  0.00   2.5  16.0   16:56    NE
13  59.6  65.7   16:32  47.0   23:57   5.5   0.0  0.71   1.8  10.0   18:42   ENE
14  45.2  48.2   16:34  42.3   20:37  19.7   0.0  1.08   2.6  15.0   16:41   NNE
15  49.2  58.2   15:28  40.1   04:03  15.7   0.0  0.00   1.7  12.0   13:26     N
16  52.5  66.5   16:26  36.8   07:39  12.6   0.2  0.00   0.8   8.0   11:07   SSE
17  59.2  69.2   17:16  48.0   06:29   6.7   0.9  0.00   1.2   9.0   11:43    SE
18  67.8  79.4   16:27  58.7   06:54   2.0   4.8  0.00   1.1  11.0   02:03    SE
19  67.7  75.3   15:25  59.4   07:02   1.2   3.8  0.00   1.0   8.0   17:44   ESE
20  60.1  69.4   00:00  55.2   23:26   5.0   0.2  0.37   1.1  23.0   00:07   SSE
21  62.7  75.0   16:17  51.6   03:32   5.1   2.8  0.00   1.5  12.0   13:42     N
22  64.8  82.1   15:19  46.0   07:38   6.0   5.8  0.00   0.5   9.0   15:36   SSE
23  71.5  85.8   15:39  54.6   06:15   2.2   8.7  0.00   1.4  14.0   21:55    SE
24  57.1  70.1   00:00  48.0   08:05   8.3   0.3  0.00   2.5  15.0   04:52     N
25  45.7  53.1   16:11  37.2   07:20  19.3   0.0  0.00   1.3  13.0   01:52    NE
26  53.9  62.8   16:00  42.4   04:29  11.1   0.0  0.00   1.0  10.0   11:23    SE
27  68.2  78.3   17:08  59.7   01:20   1.4   4.6  0.00   0.9  11.0   15:01   SSE
28  73.5  80.9   14:54  68.2   00:00   0.0   8.5  0.00   1.8  13.0   10:33   SSE
----------------------------------------------------------------------------------
    59.7  85.9    11    36.2     9   220.2  71.7  2.16   1.5  23.0    20       E

Max >=  80.0:  5
Max <=  32.0:  0
Min <=  32.0:  0
Min <=   0.0:  0
Max Rain: 1.08 on day 14
Days of Rain: 3 (>= 0.01 in)  3 (>= 0.10 in)  1 (>= 1.00 in)
Heat Base: 65.0  Cool Base: 65.0  Method: Integration