NOAA-Style Climate Reports

Select a Year or Month report
2018: Jan Feb Mar Apr May Jun Jul Aug Sep Oct Nov Dec
2017: Jan Feb Mar Apr May Jun Jul Aug Sep Oct Nov Dec
2016: Jan Feb Mar Apr May Jun Jul Aug Sep Oct Nov Dec
2015: Jan Feb Mar Apr May Jun Jul Aug Sep Oct Nov Dec

Report for 2017 January
                   Monthly Climatological Summary for Jan 2017

Name: KD5KNR Weather   City: Bedford   State: TX
Elevation: 617 ft  Lat: N 32° 50' 04"   Lon: W 097° 08' 22"

                  Temperature (°F), Rain (in), Wind Speed (mph)

                                      Heat  Cool        Avg
    Mean                              Deg   Deg         Wind                 Dom
Day Temp  High   Time   Low    Time   Days  Days  Rain  Speed High   Time    Dir
----------------------------------------------------------------------------------
 1  54.0  63.8   16:04  44.9   06:27  11.0   0.0  0.04   0.5   8.0   05:43     E
 2  61.7  70.4   14:36  54.8   08:49   4.3   1.0  0.36   1.0  16.0   05:02    SW
 3  48.4  58.2   00:34  38.3   23:52  16.6   0.0  0.00   2.4  15.0   09:38     N
 4  35.6  39.2   16:35  31.9   06:14  28.6   0.0  0.00   1.4  11.0   02:07     N
 5  34.8  39.3   11:43  26.4   23:58  30.2   0.0  0.00   2.2  13.0   14:54   NNE
 6  23.9  26.9   02:50  19.6   23:47  41.1   0.0  0.00   2.6  14.0   13:23   NNE
 7  26.1  37.4   16:00  15.3   07:40  38.9   0.0  0.01   0.7   6.0   01:35   NNW
 8  36.1  47.7   16:00  23.8   04:12  28.7   0.0  0.01   0.7  11.0   13:00    SE
 9  52.6  67.0   16:00  37.5   06:30  12.5   0.1  0.00   2.1  15.0   14:30   SSE
10  65.1  77.1   14:30  57.5   00:00   2.9   3.0  0.00   1.9  17.0   12:00   SSE
11  67.6  77.4   15:00  57.5   00:00   1.8   4.4  0.00   2.4  15.0   12:00   SSE
12  63.0  75.7   14:00  46.4   00:00   4.5   2.5  0.00   1.8  12.0   02:00   ESE
13  45.2  49.3   11:14  39.6   23:14  18.9   0.0  0.37   1.6   8.0   14:36     N
14  41.3  43.9   23:12  38.4   07:13  23.7   0.0  0.05   1.2   8.0   03:11   NNW
15  50.4  63.7   20:28  43.8   00:05  14.6   0.0  1.03   0.9  17.0   21:11   ENE
16  54.5  63.9   16:00  47.6   07:32  10.4   0.0  0.01   0.8  10.0   16:14   NNW
17  47.8  50.9   15:59  43.7   07:35  17.2   0.0  0.22   0.9   8.0   11:43   NNE
18  49.6  53.1   16:49  46.9   08:32  15.4   0.0  0.11   0.8   8.0   11:08     N
19  55.1  65.4   15:48  47.4   03:03   9.9   0.0  0.01   1.2  10.0   16:13   SSE
20  61.1  75.0   15:02  49.7   06:00   6.3   2.4  0.00   1.1  13.0   14:59    SE
21  58.1  70.7   15:15  49.0   06:04   7.6   0.7  0.03   0.9  11.0   23:09    SE
22  56.2  64.6   15:49  48.9   08:40   8.8   0.0  0.00   3.4  20.0   11:24   NNE
23  53.9  66.4   16:08  40.2   06:32  11.1   0.1  0.00   0.8   9.0   02:59    SE
24  64.6  78.9   14:11  52.7   03:55   4.4   4.0  0.00   1.1  12.0   11:31   SSE
25  50.9  65.5   00:00  41.9   23:55  14.0   0.0  0.00   2.1  12.0   13:11     N
26  43.4  51.7   15:21  34.7   07:47  21.6   0.0  0.00   1.2   9.0   08:56     N
27  43.9  55.1   14:11  32.2   06:18  21.0   0.0  0.00   1.1  13.0   15:26     N
28  45.7  56.8   14:32  37.1   07:49  19.2   0.0  0.00   1.6  11.0   15:40   WNW
29  52.9  67.1   15:20  39.1   03:09  12.3   0.2  0.00   1.8  14.0   14:03    NE
30  58.4  75.5   15:57  42.4   07:25   8.8   2.2  0.00   0.6   9.0   16:07    SW
31  62.7  78.0   15:21  46.1   06:38   6.0   3.7  0.00   1.3  12.0   15:04   SSE
----------------------------------------------------------------------------------
    50.5  78.9    24    15.3     7   472.3  24.3  2.25   1.4  20.0    22      NE

Max >=  80.0:  0
Max <=  32.0:  1
Min <=  32.0:  5
Min <=   0.0:  0
Max Rain: 1.03 on day 15
Days of Rain: 12 (>= 0.01 in)  5 (>= 0.10 in)  1 (>= 1.00 in)
Heat Base: 65.0  Cool Base: 65.0  Method: Integration