NOAA-Style Climate Reports

Select a Year or Month report
2018: Jan Feb Mar Apr May Jun Jul Aug Sep Oct Nov Dec
2017: Jan Feb Mar Apr May Jun Jul Aug Sep Oct Nov Dec
2016: Jan Feb Mar Apr May Jun Jul Aug Sep Oct Nov Dec
2015: Jan Feb Mar Apr May Jun Jul Aug Sep Oct Nov Dec

Report for 2017
                   Annual Climatological Summary for 2017

Name: KD5KNR Weather   City: Bedford   State: TX
Elevation: 617 ft  Lat: N 32° 50' 04"   Lon: W 097° 08' 22"

                  Temperature (°F), Heat Base: 65.0  Cool Base: 65.0
                          Dep.  Heat  Cool                       Max  Max  Min  Min
        Mean  Mean        From  Deg   Deg                        >=   <=   <=   <=
 YR MO  Max   Min   Mean  Norm  Days  Days  Hi  Date  Low  Date 80.0 32.0 32.0   0.0
------------------------------------------------------------------------------------
 17  1  60.5  41.1  50.5   0.0   472    24  78.9  24  15.3    7    0    1    5    0
 17  2  69.6  50.1  59.7   0.0   220    71  85.9  11  36.2    9    5    0    0    0
 17  3  75.4  55.1  65.1   0.0   127   131  89.9  20  40.4   14   12    0    0    0
 17  4  80.2  59.0  69.1   0.0    63   186  90.3  29  46.2    6   18    0    0    0
 17  5  86.6  64.1  75.1   0.0    23   336  96.0  26  46.1    1   28    0    0    0
 17  6  92.3  73.3  81.7   0.0     0   498 103.6  23  65.8    9   30    0    0    0
 17  7  99.0  76.6  86.8   0.0     0   670 105.8  23  68.5    4   31    0    0    0
 17  8  94.3  75.2  83.5   0.0     0   573 104.1  19  68.8   30   31    0    0    0
 17  9  90.7  69.8  79.8   0.0     2   445  97.4   4  58.3    7   28    0    0    0
 17 10  80.5  57.8  68.6   0.0   115   227  93.7   9  36.6   28   18    0    0    0
 17 11  71.1  52.0  61.2   0.0   192    78  91.1   5  36.7   23    4    0    0    0
 17 12  57.7  40.2  48.6   0.0   529    21  81.0   4  23.6   31    1    0    3    0
------------------------------------------------------------------------------------
        79.8  59.5  69.1   0.0  1747  3266 105.8 Jul  15.3  Jan  206    1    8    0

                                Precipitation (in)

              Dep.   Max        Days of Rain
              From   Obs.           >=
 YR MO Total  Norm   Day Date 0.01 0.10 1.00
---------------------------------------------
 17  1  2.25   0.0  1.03  15    12    5    1
 17  2  2.16   0.0  1.08  14     3    3    1
 17  3  1.00   0.0  0.48  29     7    3    0
 17  4  2.33   0.0  1.00   2     7    4    1
 17  5  1.05   0.0  0.30  22     8    6    0
 17  6  6.69   0.0  2.80   2     8    8    3
 17  7  2.52   0.0  0.98  24     9    5    0
 17  8  3.83   0.0  1.19   2    13    7    1
 17  9  0.66   0.0  0.25  28     6    3    0
 17 10  1.60   0.0  1.00  22     6    4    1
 17 11  0.66   0.0  0.63   8     3    1    0
 17 12  3.09   0.0  1.49  19     7    4    1
---------------------------------------------
       27.84   0.0  2.80  Jun   89   53    9

                                Wind Speed (mph)
                          Dom
 YR MO   Avg.  Hi   Date  Dir
------------------------------
 17  1   1.4  20.0   22   NNE
 17  2   1.5  23.0   20     E
 17  3   1.4  22.0   29   ESE
 17  4   1.2  25.0   30   ESE
 17  5   0.9  18.0    3   ESE
 17  6   0.7  13.0   24    SE
 17  7   0.6  16.0    4   SSE
 17  8   0.6  11.0    7     E
 17  9   0.6  11.0   19   ESE
 17 10   0.8  16.0   27     N
 17 11   0.8  18.0   18    SE
 17 12   1.0  15.0   24   NNE
------------------------------
         0.9  25.0  Apr     E