NOAA-Style Climate Reports

Select a Year or Month report
2018: Jan Feb Mar Apr May Jun Jul Aug Sep Oct Nov Dec
2017: Jan Feb Mar Apr May Jun Jul Aug Sep Oct Nov Dec
2016: Jan Feb Mar Apr May Jun Jul Aug Sep Oct Nov Dec
2015: Jan Feb Mar Apr May Jun Jul Aug Sep Oct Nov Dec

Report for 2016 December
                   Monthly Climatological Summary for Dec 2016

Name: KD5KNR Weather   City: Bedford   State: TX
Elevation: 617 ft  Lat: N 32° 50' 04"   Lon: W 097° 08' 22"

                  Temperature (°F), Rain (in), Wind Speed (mph)

                                      Heat  Cool        Avg
    Mean                              Deg   Deg         Wind                 Dom
Day Temp  High   Time   Low    Time   Days  Days  Rain  Speed High   Time    Dir
----------------------------------------------------------------------------------
 1  50.9  65.1   14:27  36.8   07:02  14.1   0.0  0.00   0.3   7.0   11:07    SE
 2  55.7  64.3   13:41  47.3   07:47   9.3   0.0  0.00   0.3   5.0   14:57     E
 3  49.8  56.6   00:07  47.9   23:13  15.2   0.0  0.44   0.8   8.0   04:22    NE
 4  49.5  52.3   13:35  47.4   06:55  15.5   0.0  0.05   0.7   9.0   13:06   NNW
 5  49.4  53.5   13:16  46.9   04:52  15.6   0.0  0.16   0.0   4.0   06:27   NNE
 6  50.1  53.6   12:31  46.6   23:58  14.9   0.0  0.00   0.6  10.0   12:53   NNE
 7  46.7  52.8   15:18  40.4   05:05  18.3   0.0  0.00   0.6  10.0   21:56    NE
 8  35.8  41.6   00:00  30.5   23:53  29.2   0.0  0.00   1.7  12.0   02:41     N
 9  34.4  40.6   15:38  27.8   04:25  30.6   0.0  0.00   0.2   4.0   08:29   NNE
10  43.9  49.0   16:27  35.0   00:00  21.1   0.0  0.00   0.8   9.0   21:54    SE
11  58.2  74.1   14:00  48.7   23:58   8.5   1.7  0.00   1.4  16.0   13:50   SSE
12  47.5  56.1   16:02  38.5   07:36  16.9   0.0  0.00   0.5   8.0   00:47   NNW
13  50.5  59.3   15:05  43.7   23:58  14.5   0.0  0.00   0.9   9.0   12:11   NNE
14  44.0  52.9   14:49  39.0   06:31  20.9   0.0  0.00   0.9   8.0   21:07   NNE
15  41.4  46.6   23:54  37.3   09:07  23.6   0.0  0.00   0.6   6.0   00:38   ENE
16  55.2  67.3   16:25  46.6   00:00   9.9   0.1  0.00   1.4  11.0   12:13   SSE
17  49.9  71.8   12:36  21.9   23:50  15.9   0.7  0.00   2.8  20.0   18:34     N
18  22.8  29.2   15:03  16.8   08:13  39.6   0.0  0.00   2.5  17.0   03:26     N
19  27.4  37.3   15:53  17.0   07:27  37.5   0.0  0.00   0.7   6.0   00:07     N
20  42.2  56.8   15:47  29.4   02:52  22.7   0.0  0.00   0.4   7.0   10:27   SSE
21  52.1  64.6   14:23  41.1   07:26  12.9   0.0  0.00   0.6   9.0   12:26   SSE
22  49.6  56.8   14:11  43.3   08:00  15.4   0.0  0.00   1.3  12.0   02:07   NNE
23  48.4  54.4   23:53  41.8   01:22  16.6   0.0  0.01   0.1   4.0   10:42    NE
24  64.0  75.0   14:29  54.4   00:00   3.9   3.0  0.01   0.4   7.0   22:32   ESE
25  72.0  78.5   15:12  67.8   05:58   0.0   7.0  0.00   2.3  16.0   12:41    SE
26  67.5  71.2   14:54  61.4   23:59   0.2   2.7  0.00   0.8  11.0   00:51     N
27  58.3  68.5   15:42  49.2   07:11   7.1   0.4  0.00   0.6  10.0   00:25   NNE
28  67.2  81.1   14:51  56.5   23:54   2.5   4.7  0.00   1.4  14.0   12:21    SE
29  53.7  58.7   13:22  47.7   23:55  11.3   0.0  0.00   1.8  13.0   14:53   NNE
30  48.0  57.1   12:39  38.9   07:40  16.9   0.0  0.00   1.1  10.0   15:15   SSE
31  57.6  71.9   15:13  49.1   07:00   8.5   1.2  0.00   1.7  10.0   10:11   SSE
----------------------------------------------------------------------------------
    49.8  81.1    28    16.8    18   489.1  21.5  0.67   1.0  20.0    17      NE

Max >=  80.0:  1
Max <=  32.0:  1
Min <=  32.0:  6
Min <=   0.0:  0
Max Rain: 0.44 on day 3
Days of Rain: 5 (>= 0.01 in)  2 (>= 0.10 in)  0 (>= 1.00 in)
Heat Base: 65.0  Cool Base: 65.0  Method: Integration