NOAA-Style Climate Reports

Select a Year or Month report
2018: Jan Feb Mar Apr May Jun Jul Aug Sep Oct Nov Dec
2017: Jan Feb Mar Apr May Jun Jul Aug Sep Oct Nov Dec
2016: Jan Feb Mar Apr May Jun Jul Aug Sep Oct Nov Dec
2015: Jan Feb Mar Apr May Jun Jul Aug Sep Oct Nov Dec

Report for 2016 November
                   Monthly Climatological Summary for Nov 2016

Name: KD5KNR Weather   City: Bedford   State: TX
Elevation: 617 ft  Lat: N 32° 50' 04"   Lon: W 097° 08' 22"

                  Temperature (°F), Rain (in), Wind Speed (mph)

                                      Heat  Cool        Avg
    Mean                              Deg   Deg         Wind                 Dom
Day Temp  High   Time   Low    Time   Days  Days  Rain  Speed High   Time    Dir
----------------------------------------------------------------------------------
 1  76.6  86.3   16:55  70.1   04:17   0.0  11.6  0.00   0.7  12.0   17:44    SE
 2  75.8  84.4   14:44  73.3   08:18   0.0  10.8  0.00   0.4   6.0   01:47    SE
 3  68.7  73.7   00:00  66.6   03:25   0.0   3.7  0.90   0.6  10.0   01:19    NW
 4  69.4  73.8   16:26  64.2   04:54   0.0   4.5  0.00   0.3   5.0   13:54     N
 5  66.0  70.8   00:00  61.5   09:05   0.6   1.6  0.06   0.1   4.0   06:19   ENE
 6  63.4  68.7   12:24  61.1   20:10   1.9   0.2  0.25   0.1   6.0   12:43   ESE
 7  64.6  67.9   14:33  61.5   00:06   1.1   0.7  1.16   0.1   5.0   19:36    NE
 8  62.9  65.0   00:00  61.6   23:58   2.0   0.0  0.17   0.5   8.0   17:48     N
 9  62.2  66.1   15:16  56.7   23:24   2.9   0.1  0.01   0.6   6.0   09:20   NNE
10  60.7  70.6   15:20  52.1   07:08   5.4   1.1  0.00   0.0   3.0   10:31     E
11  63.3  74.9   15:44  52.4   07:01   4.2   2.5  0.00   0.4   8.0   13:26   WNW
12  60.3  67.2   15:17  52.3   07:25   5.0   0.3  0.00   0.4   7.0   08:19     N
13  61.8  71.0   15:04  54.2   04:31   4.6   1.4  0.00   0.2   6.0   12:47   SSW
14  65.6  78.0   16:00  55.9   06:58   3.3   3.9  0.00   0.5   8.0   15:42   WSW
15  64.5  82.2   15:08  50.4   07:22   5.0   4.5  0.00   0.1   6.0   12:23   WSW
16  68.1  84.2   14:17  52.5   07:16   3.8   6.9  0.00   0.3   8.0   14:29   SSE
17  69.1  78.2   15:09  59.1   06:53   1.1   5.3  0.00   1.3  12.0   11:38    SE
18  60.5  71.2   02:42  48.3   23:59   6.0   1.4  0.00   2.0  14.0   13:23   NNW
19  47.3  57.3   15:24  39.4   07:33  17.4   0.0  0.00   0.8   9.0   12:57   NNW
20  49.6  63.2   14:57  35.2   07:17  14.9   0.0  0.00   0.4   8.0   14:37    SE
21  58.6  70.7   16:07  45.1   05:12   7.5   1.2  0.00   0.5   8.0   10:22    SE
22  66.8  72.7   14:08  62.1   01:26   0.7   2.6  0.00   0.9  10.0   23:34   SSE
23  57.4  65.9   14:59  48.3   23:56   7.7   0.1  0.00   1.5  12.0   00:30    NW
24  56.7  70.0   15:17  43.7   05:35   9.1   0.9  0.00   0.3   6.0   11:16   SSE
25  56.0  62.0   15:27  51.0   09:41   9.0   0.0  0.00   0.6  10.0   06:24   NNE
26  56.8  66.0   16:05  49.2   06:28   8.2   0.1  0.00   0.0   3.0   11:44    SE
27  61.3  68.7   23:50  55.1   02:27   4.4   0.7  0.00   0.9  10.0   10:05    SE
28  65.4  71.3   13:51  55.1   23:41   2.0   2.4  0.41   1.9  18.0   12:10   SSW
29  62.0  71.8   14:17  54.4   23:59   4.5   1.5  0.00   1.0  10.0   14:18     W
30  51.9  60.7   14:59  41.5   23:59  13.1   0.0  0.00   1.2  11.0   04:51    NW
----------------------------------------------------------------------------------
    62.4  86.3     1    35.2    20   145.4  70.0  2.96   0.6  18.0    28      NW

Max >=  80.0:  4
Max <=  32.0:  0
Min <=  32.0:  0
Min <=   0.0:  0
Max Rain: 1.16 on day 7
Days of Rain: 7 (>= 0.01 in)  5 (>= 0.10 in)  1 (>= 1.00 in)
Heat Base: 65.0  Cool Base: 65.0  Method: Integration