NOAA-Style Climate Reports

Select a Year or Month report
2018: Jan Feb Mar Apr May Jun Jul Aug Sep Oct Nov Dec
2017: Jan Feb Mar Apr May Jun Jul Aug Sep Oct Nov Dec
2016: Jan Feb Mar Apr May Jun Jul Aug Sep Oct Nov Dec
2015: Jan Feb Mar Apr May Jun Jul Aug Sep Oct Nov Dec

Report for 2016 October
                   Monthly Climatological Summary for Oct 2016

Name: KD5KNR Weather   City: Bedford   State: TX
Elevation: 617 ft  Lat: N 32° 50' 04"   Lon: W 097° 08' 22"

                  Temperature (°F), Rain (in), Wind Speed (mph)

                                      Heat  Cool        Avg
    Mean                              Deg   Deg         Wind                 Dom
Day Temp  High   Time   Low    Time   Days  Days  Rain  Speed High   Time    Dir
----------------------------------------------------------------------------------
 1  71.6  83.3   15:26  60.7   07:59   0.9   7.5  0.01   0.2   7.0   16:36   SSW
 2  72.1  84.2   15:34  59.4   06:36   1.1   8.3  0.00   0.1   6.0   15:56     E
 3  74.4  85.5   15:52  61.8   07:33   0.4   9.8  0.00   0.3   6.0   12:30    SE
 4  78.2  88.0   16:19  69.4   06:48   0.0  13.2  0.00   0.8  10.0   14:58    SE
 5  81.9  92.4   14:57  73.2   06:56   0.0  17.0  0.00   0.6   7.0   00:47    SE
 6  81.5  90.2   15:51  74.2   05:50   0.0  16.5  0.00   0.5   7.0   10:30    SE
 7  66.5  79.4   00:00  58.9   10:59   1.3   2.7  1.10   1.1  13.0   05:25   NNW
 8  64.7  75.1   17:01  53.8   07:47   3.2   2.9  0.00   0.5   7.0   13:23     N
 9  65.4  75.8   14:43  53.6   08:03   3.1   3.5  0.01   0.1   5.0   13:55    NE
10  67.5  80.5   15:45  54.7   07:03   2.8   5.3  0.00   0.1   3.0   01:09     S
11  71.8  85.7   16:09  55.8   07:48   2.1   8.9  0.00   0.4   7.0   13:24    SE
12  78.3  89.2   16:05  66.7   23:59   0.0  13.3  0.00   0.9  10.0   11:36   SSE
13  64.9  74.3   14:58  58.4   08:03   2.1   2.0  0.00   0.8   7.0   13:53    NW
14  67.0  75.3   16:30  60.2   08:39   1.2   3.1  0.10   0.1   4.0   06:33   WNW
15  76.1  86.2   16:38  67.9   01:50   0.0   8.3  0.00   1.0  10.0   12:54    SE
16  81.5  86.3   18:21   0.0   18:21   0.0   3.9  0.00   0.7  12.0   12:13    SE
17  80.5  90.0   16:16  71.9   07:10   0.0  15.5  0.00   1.1  11.0   11:13   SSE
18  80.6  90.4   15:29  71.9   07:33   0.0  15.6  0.00   0.7   9.0   11:11     S
19  79.9  88.9   15:57  73.4   08:12   0.0  14.9  0.00   0.4   8.0   13:09   SSE
20  70.3  76.3   00:00  60.3   23:57   0.3   5.6  0.15   1.2  12.0   13:09     N
21  61.2  71.0   15:20  52.5   07:33   5.3   1.5  0.01   0.2   7.0   13:51     N
22  63.3  77.4   15:44  49.3   07:24   5.4   3.7  0.00   0.3   7.0   11:41   SSE
23  67.6  78.0   14:46  56.5   07:29   2.3   4.9  0.00   0.4   9.0   12:35   SSE
24  73.6  83.4   15:52  67.2   07:55   0.0   8.6  0.00   0.3   5.0   12:40     S
25  71.9  81.4   14:52  63.8   08:08   0.1   6.9  0.00   0.2   5.0   15:11    SE
26  74.0  83.9   16:12  64.1   07:46   0.0   9.0  0.00   0.5   9.0   10:42     S
27  75.6  86.5   15:12  66.1   06:52   0.0  10.6  0.00   0.1   5.0   12:31   SSW
28  73.9  84.2   15:28  62.7   08:07   0.1   9.0  0.00   0.3   7.0   13:45     S
29  74.0  84.7   14:44  63.7   07:53   0.1   9.0  0.00   0.5   9.0   12:30   SSE
30  74.4  86.9   15:39  62.7   07:27   0.2   9.7  0.00   0.2   7.0   17:19     S
31  73.6  85.4   15:32  61.8   08:07   0.4   9.0  0.00   0.6   9.0   11:26   SSE
----------------------------------------------------------------------------------
    72.8  92.4     5     0.0    16    32.4 259.7  1.38   0.5  13.0     7      SE

Max >=  80.0: 22
Max <=  32.0:  0
Min <=  32.0:  1
Min <=   0.0:  1
Max Rain: 1.10 on day 7
Days of Rain: 6 (>= 0.01 in)  3 (>= 0.10 in)  1 (>= 1.00 in)
Heat Base: 65.0  Cool Base: 65.0  Method: Integration