NOAA-Style Climate Reports

Select a Year or Month report
2018: Jan Feb Mar Apr May Jun Jul Aug Sep Oct Nov Dec
2017: Jan Feb Mar Apr May Jun Jul Aug Sep Oct Nov Dec
2016: Jan Feb Mar Apr May Jun Jul Aug Sep Oct Nov Dec
2015: Jan Feb Mar Apr May Jun Jul Aug Sep Oct Nov Dec

Report for 2016 September
                   Monthly Climatological Summary for Sep 2016

Name: KD5KNR Weather   City: Bedford   State: TX
Elevation: 617 ft  Lat: N 32° 50' 04"   Lon: W 097° 08' 22"

                  Temperature (°F), Rain (in), Wind Speed (mph)

                                      Heat  Cool        Avg
    Mean                              Deg   Deg         Wind                 Dom
Day Temp  High   Time   Low    Time   Days  Days  Rain  Speed High   Time    Dir
----------------------------------------------------------------------------------
 1  81.0  91.5   17:28  75.8   23:59   0.0  16.0  0.00   0.7  11.0   17:39   NNW
 2  80.6  89.3   18:23  73.2   05:24   0.0  15.6  0.00   0.5   7.0   19:38    NE
 3  81.4  92.3   18:01  72.2   07:24   0.0  16.4  0.00   0.1   7.0   15:26   ENE
 4  82.7  94.5   17:24  71.9   07:25   0.0  17.7  0.00   0.2   6.0   12:03    SE
 5  84.4  94.0   17:40  75.6   07:22   0.0  19.4  0.00   0.6   8.0   11:42    SE
 6  84.2  94.9   16:15  76.0   06:13   0.0  19.2  0.00   0.6  10.0   14:31    SE
 7  86.1  95.5   17:58  77.3   07:07   0.0  21.1  0.00   0.6   8.0   11:30   SSE
 8  86.4  96.3   17:57  77.6   07:28   0.0  21.4  0.00   0.5   9.0   15:41   SSE
 9  85.6  95.7   15:58  75.7   07:28   0.0  20.6  0.00   0.8   9.0   10:51   SSE
10  76.5  84.9   15:30  68.9   06:49   0.0  11.5  0.24   0.8  12.0   04:33     N
11  76.1  91.0   18:40  63.2   07:20   0.1  11.2  0.00   0.1   5.0   14:17     N
12  80.1  91.9   15:42  66.6   07:09   0.0  15.1  0.00   0.2   8.0   14:58    SE
13  83.4  93.1   14:45  74.9   07:36   0.0  18.4  0.00   0.1   6.0   15:52   ESE
14  82.2  90.9   13:40  75.7   07:45   0.0  17.2  0.00   0.2   7.0   15:18    NW
15  83.3  94.3   13:56  74.4   07:17   0.0  18.3  0.00   0.1   4.0   12:20     E
16  84.0  94.5   16:56  75.8   04:13   0.0  19.0  0.00   0.4   8.0   18:23   WNW
17  84.8  94.7   15:58  75.0   07:39   0.0  19.8  0.00   0.3   5.0   13:58   NNW
18  84.7  96.5   15:57  70.4   07:08   0.0  19.7  0.04   0.4  13.0   06:22    NW
19  88.3  99.8   15:27  77.9   07:20   0.0  23.3  0.00   0.2   6.0   20:21   SSW
20  88.2  99.1   15:00  77.4   07:27   0.0  23.2  0.00   0.2   4.0   10:50   ESE
21  84.6  93.9   16:00  75.3   07:23   0.0  19.6  0.00   0.1   6.0   12:19   ESE
22  82.7  94.1   14:25  70.0   07:55   0.0  17.7  0.00   0.2   7.0   12:34   SSW
23  84.2  94.0   16:41  77.1   07:20   0.0  19.2  0.00   0.5   7.0   10:22    SE
24  81.1  88.7   15:10  77.3   21:40   0.0  16.1  0.10   0.5   8.0   11:40   ESE
25  75.0  78.1   16:44  72.0   09:43   0.0  10.0  0.74   0.4   7.0   21:09   NNW
26  66.8  72.6   00:00  63.4   16:00   0.1   1.9  0.09   1.0   8.0   07:21   NNE
27  68.5  77.7   15:15  59.7   23:59   0.7   4.2  0.00   0.1   5.0   08:21    NW
28  70.9  88.0   16:26  55.0   07:31   3.1   9.0  0.00   0.1   6.0   15:03     W
29  70.1  77.2   15:38  61.1   08:08   0.4   5.5  0.00   0.7   9.0   02:30   NNE
30  67.6  78.5   15:54  56.6   07:07   2.3   4.9  0.00   0.2   6.0   15:24     N
----------------------------------------------------------------------------------
    80.5  99.8    19    55.0    28     6.7 472.2  1.21   0.4  13.0    18     ENE

Max >=  80.0: 25
Max <=  32.0:  0
Min <=  32.0:  0
Min <=   0.0:  0
Max Rain: 0.74 on day 25
Days of Rain: 5 (>= 0.01 in)  3 (>= 0.10 in)  0 (>= 1.00 in)
Heat Base: 65.0  Cool Base: 65.0  Method: Integration