NOAA-Style Climate Reports

Select a Year or Month report
2018: Jan Feb Mar Apr May Jun Jul Aug Sep Oct Nov Dec
2017: Jan Feb Mar Apr May Jun Jul Aug Sep Oct Nov Dec
2016: Jan Feb Mar Apr May Jun Jul Aug Sep Oct Nov Dec
2015: Jan Feb Mar Apr May Jun Jul Aug Sep Oct Nov Dec

Report for 2016 August
                   Monthly Climatological Summary for Aug 2016

Name: KD5KNR Weather   City: Bedford   State: TX
Elevation: 617 ft  Lat: N 32° 50' 04"   Lon: W 097° 08' 22"

                  Temperature (°F), Rain (in), Wind Speed (mph)

                                      Heat  Cool        Avg
    Mean                              Deg   Deg         Wind                 Dom
Day Temp  High   Time   Low    Time   Days  Days  Rain  Speed High   Time    Dir
----------------------------------------------------------------------------------
 1  89.7 102.4   16:07  78.2   07:17   0.0  24.7  0.00   0.7   7.0   01:09   SSE
 2  89.8 103.5   17:06  76.8   07:18   0.0  24.8  0.00   0.4   5.0   02:45     S
 3  91.0 103.5   16:45  79.1   07:07   0.0  26.0  0.00   0.4   7.0   14:25     S
 4  91.4 103.7   17:03  79.4   07:13   0.0  26.4  0.00   0.4   9.0   10:42   SSE
 5  91.0 103.9   15:58  78.9   07:21   0.0  26.0  0.00   0.3   7.0   18:07   SSE
 6  91.6 104.5   17:08  80.9   07:06   0.0  26.5  0.00   0.3  10.0   16:09   SSW
 7  92.0 104.2   16:29  80.4   07:09   0.0  27.0  0.00   0.4   6.0   10:49   SSW
 8  91.5 104.8   15:37  80.5   06:07   0.0  26.5  0.00   0.5   9.0   21:14   ESE
 9  91.4 103.4   17:37  81.8   06:33   0.0  26.4  0.00   0.3   6.0   12:35   SSE
10  92.3 103.9   18:21  82.0   07:15   0.0  27.3  0.00   0.4   5.0   05:46   SSE
11  93.1 105.8   17:59  81.7   07:20   0.0  28.1  0.00   0.4   6.0   15:59   SSW
12  88.2 104.2   14:10  77.3   20:06   0.0  23.2  0.89   0.5  14.0   19:10   SSW
13  83.9  93.5   18:11  76.9   04:51   0.0  18.9  0.00   1.0  11.0   15:43   NNW
14  83.2  91.8   18:02  74.3   07:23   0.0  18.2  0.00   0.8   6.0   10:36   NNE
15  76.5  80.1   16:34  71.3   23:26   0.0  11.5  0.10   0.1   5.0   19:16     E
16  77.6  86.2   17:48  71.4   00:00   0.0  12.6  0.00   0.1   4.0   14:15   ENE
17  77.8  84.9   16:59  74.8   23:38   0.0  12.7  0.03   0.2   4.0   16:23   ESE
18  78.2  90.1   13:48  74.1   23:37   0.0  13.2  0.08   0.3  10.0   15:13   SSW
19  75.5  85.8   14:19  69.8   17:45   0.0  10.5  1.09   0.2  10.0   16:44   NNW
20  75.4  81.1   17:31  71.8   00:06   0.0  10.4  0.70   0.1  11.0   07:37   WNW
21  80.3  92.7   16:57  72.8   01:48   0.0  15.3  0.00   0.5   6.0   14:01    NE
22  78.7  91.3   15:32  74.1   02:27   0.0  13.7  0.13   0.0   7.0   15:33    SE
23  84.5  94.8   16:44  76.8   07:09   0.0  19.5  0.00   0.9  11.0   16:35   SSE
24  84.6  96.1   16:05  73.8   07:05   0.0  19.6  0.00   0.7   8.0   15:40   SSE
25  86.2  98.8   15:56  75.0   07:30   0.0  21.2  0.00   0.3   6.0   11:22   SSW
26  82.4  94.5   12:58  75.2   07:36   0.0  17.4  0.12   0.3  10.0   13:16   ENE
27  83.5  96.4   17:29  73.6   05:04   0.0  18.5  0.00   0.1   5.0   13:54     E
28  83.6  94.6   17:07  73.5   07:33   0.0  18.6  0.00   0.2   6.0   15:40     E
29  79.2  91.5   13:13  74.3   05:40   0.0  14.2  0.39   0.2   6.0   13:15    NE
30  82.9  94.0   14:40  73.8   05:17   0.0  17.9  0.01   0.3   8.0   16:30    NE
31  85.3  96.0   18:33  76.7   04:37   0.0  20.3  0.00   0.3   6.0   13:11     N
----------------------------------------------------------------------------------
    84.9 105.8    11    69.8    19     0.0 617.1  3.54   0.4  14.0    12      SE

Max >=  80.0: 31
Max <=  32.0:  0
Min <=  32.0:  0
Min <=   0.0:  0
Max Rain: 1.09 on day 19
Days of Rain: 10 (>= 0.01 in)  7 (>= 0.10 in)  1 (>= 1.00 in)
Heat Base: 65.0  Cool Base: 65.0  Method: Integration