NOAA-Style Climate Reports

Select a Year or Month report
2018: Jan Feb Mar Apr May Jun Jul Aug Sep Oct Nov Dec
2017: Jan Feb Mar Apr May Jun Jul Aug Sep Oct Nov Dec
2016: Jan Feb Mar Apr May Jun Jul Aug Sep Oct Nov Dec
2015: Jan Feb Mar Apr May Jun Jul Aug Sep Oct Nov Dec

Report for 2016 July
                   Monthly Climatological Summary for Jul 2016

Name: KD5KNR Weather   City: Bedford   State: TX
Elevation: 617 ft  Lat: N 32° 50' 04"   Lon: W 097° 08' 22"

                  Temperature (°F), Rain (in), Wind Speed (mph)

                                      Heat  Cool        Avg
    Mean                              Deg   Deg         Wind                 Dom
Day Temp  High   Time   Low    Time   Days  Days  Rain  Speed High   Time    Dir
----------------------------------------------------------------------------------
 1  87.4 100.7   15:59  74.9   07:10   0.0  22.4  0.00   0.3   6.0   13:20     S
 2  88.5  99.4   16:09  78.8   06:30   0.0  23.5  0.00   0.7   9.0   19:29   SSE
 3  88.5  98.3   16:26  78.7   23:55   0.0  23.5  0.14   1.4  12.0   02:10   SSE
 4  81.3  93.0   18:07  70.5   07:26   0.0  16.3  1.34   1.0  11.0   15:02   SSE
 5  84.7  92.5   17:38  73.5   01:35   0.0  19.7  0.08   0.9  11.0   13:22   SSE
 6  87.7  98.0   15:45  77.5   06:45   0.0  22.7  0.00   1.4   9.0   10:01    SE
 7  87.7  98.1   15:58  77.3   06:51   0.0  22.7  0.00   1.4  11.0   18:28    SE
 8  87.8  99.5   16:17  77.5   06:57   0.0  22.8  0.00   0.9   9.0   00:56    SE
 9  83.2  99.7   16:00  75.0   23:50   0.0  18.2  0.05   0.7  15.0   16:35    SE
10  84.7  96.9   16:29  72.9   06:28   0.0  19.7  0.00   0.4   6.0   17:52    SE
11  87.3  97.9   16:37  77.9   06:41   0.0  22.3  0.00   1.3  10.0   15:12    SE
12  87.1  97.0   16:24  77.1   06:48   0.0  22.1  0.00   1.4  12.0   13:49    SE
13  88.7  99.2   16:53  77.8   06:51   0.0  23.7  0.00   1.2  12.0   10:16    SE
14  89.3 101.2   17:01  78.1   07:15   0.0  24.3  0.00   0.9   9.0   20:30    SE
15  85.7  97.6   17:20  71.1   09:25   0.0  20.7  0.06   0.4  18.0   08:51    SE
16  87.6 100.1   15:48  74.9   06:44   0.0  22.6  0.00   0.6  11.0   04:41   SSE
17  88.4  98.7   16:02  77.8   07:07   0.0  23.4  0.00   0.5   8.0   13:59    SE
18  88.5  99.2   16:55  78.3   06:59   0.0  23.5  0.00   0.4   7.0   17:25   SSE
19  89.6 100.9   16:23  79.3   06:54   0.0  24.6  0.00   0.4   6.0   15:22    SE
20  89.4 100.1   15:06  79.2   07:10   0.0  24.4  0.00   0.4   6.0   12:08    SE
21  90.4 102.1   17:02  78.7   06:57   0.0  25.4  0.00   0.3   5.0   11:38   SSE
22  90.9 103.2   17:11  79.3   06:57   0.0  25.9  0.00   0.4   7.0   10:51   SSW
23  92.0 102.2   17:01  80.6   06:49   0.0  27.0  0.00   0.5   8.0   12:46   SSW
24  91.3 103.2   18:06  80.9   07:46   0.0  26.3  0.00   0.3   6.0   15:32     S
25  87.6 101.0   16:19  80.5   06:26   0.0  22.6  0.00   0.3  11.0   17:37   ENE
26  86.8  99.3   16:10  76.6   05:53   0.0  21.8  0.00   0.2   7.0   17:46   ENE
27  86.8  97.2   12:39  79.4   06:45   0.0  21.8  0.00   0.2  10.0   15:58    NE
28  85.6  99.2   16:12  78.2   04:34   0.0  20.6  0.00   0.4   7.0   11:33   SSW
29  86.2  97.9   15:13  76.7   06:19   0.0  21.2  0.00   0.4   8.0   11:11    SW
30  89.6 101.4   15:35  78.7   06:58   0.0  24.5  0.00   0.6   7.0   09:14     S
31  89.9 101.8   16:06  79.2   07:00   0.0  24.9  0.00   0.7  10.0   11:38   SSE
----------------------------------------------------------------------------------
    87.7 103.2    22    70.5     4     0.0 705.1  1.67   0.7  18.0    15     SSE

Max >=  80.0: 31
Max <=  32.0:  0
Min <=  32.0:  0
Min <=   0.0:  0
Max Rain: 1.34 on day 4
Days of Rain: 5 (>= 0.01 in)  2 (>= 0.10 in)  1 (>= 1.00 in)
Heat Base: 65.0  Cool Base: 65.0  Method: Integration