NOAA-Style Climate Reports

Select a Year or Month report
2018: Jan Feb Mar Apr May Jun Jul Aug Sep Oct Nov Dec
2017: Jan Feb Mar Apr May Jun Jul Aug Sep Oct Nov Dec
2016: Jan Feb Mar Apr May Jun Jul Aug Sep Oct Nov Dec
2015: Jan Feb Mar Apr May Jun Jul Aug Sep Oct Nov Dec

Report for 2016 June
                   Monthly Climatological Summary for Jun 2016

Name: KD5KNR Weather   City: Bedford   State: TX
Elevation: 617 ft  Lat: N 32° 50' 04"   Lon: W 097° 08' 22"

                  Temperature (°F), Rain (in), Wind Speed (mph)

                                      Heat  Cool        Avg
    Mean                              Deg   Deg         Wind                 Dom
Day Temp  High   Time   Low    Time   Days  Days  Rain  Speed High   Time    Dir
----------------------------------------------------------------------------------
 1  73.4  82.8   16:10  67.4   00:00   0.0   8.4  0.02   0.3   5.0   13:21   ENE
 2  72.3  75.0   11:09  69.2   23:55   0.0   7.3  1.33   0.3   6.0   20:33     N
 3  74.3  86.0   16:08  67.6   07:38   0.0   9.3  0.03   0.1   7.0   16:33   ENE
 4  76.8  85.8   16:51  69.9   03:39   0.0  11.8  0.10   0.6   9.0   14:00    NE
 5  78.8  88.8   15:21  68.9   06:42   0.0  13.8  0.00   0.9   9.0   12:53     N
 6  78.3  88.7   14:09  66.7   06:52   0.0  13.3  0.00   0.6   7.0   16:17     N
 7  81.7  95.8   17:21  68.4   07:12   0.0  16.7  0.00   0.1   4.0   11:56   NNE
 8  82.8  95.4   15:33  68.8   06:14   0.0  17.8  0.00   0.3   5.0   12:31    SE
 9  84.0  95.9   14:57  71.3   06:34   0.0  19.0  0.00   0.3   7.0   12:25    SE
10  84.7  95.6   16:52  73.1   06:41   0.0  19.7  0.00   0.4   6.0   10:34    SE
11  83.2  92.2   12:47  76.5   06:35   0.0  18.2  0.31   0.4   7.0   16:45     E
12  81.3  94.6   14:05  73.8   23:54   0.0  16.3  0.37   0.4   8.0   16:27   SSE
13  79.3  94.5   13:47  73.3   01:19   0.0  14.3  0.04   0.3  12.0   14:01   WSW
14  83.3  93.7   16:33  74.5   03:21   0.0  18.3  0.00   0.4   9.0   16:38   SSE
15  86.9  97.5   16:23  77.3   06:44   0.0  21.9  0.00   0.7   8.0   12:15   SSE
16  87.7  97.4   16:07  78.1   06:07   0.0  22.7  0.00   0.6   9.0   14:28   SSE
17  87.2  98.7   16:52  75.8   06:45   0.0  22.2  0.00   0.6   7.0   10:55     S
18  88.5  99.8   17:05  78.0   06:43   0.0  23.5  0.00   0.2   6.0   13:23   WNW
19  86.9  97.9   15:24  75.3   06:54   0.0  21.9  0.00   0.1   4.0   11:18   ESE
20  86.7  98.9   17:39  76.0   06:43   0.0  21.8  0.00   0.2   4.0   09:34    SW
21  88.3  99.8   15:47  77.3   06:16   0.0  23.3  0.00   0.4   8.0   12:13    SW
22  88.3  98.2   15:54  79.1   06:16   0.0  23.3  0.00   0.8   9.0   15:32   SSE
23  87.8  97.9   16:00  78.4   06:43   0.0  22.8  0.00   0.9  11.0   05:56     S
24  86.3  95.9   15:11  76.3   06:58   0.0  21.3  0.00   0.7   9.0   17:35   SSE
25  85.7  96.0   14:30  77.3   06:45   0.0  20.7  0.00   0.8   9.0   11:41   SSE
26  87.4  98.0   14:13  78.1   06:07   0.0  22.2  0.00   0.5   8.0   17:22     S
27  87.1 100.5   14:48  78.9   06:42   0.0  22.0  0.00   0.4   9.0   18:33   WSW
28  85.4  98.2   15:59  77.4   06:29   0.0  20.2  0.10   0.5  13.0   18:16   NNE
29  85.5  98.2   16:35  75.1   05:37   0.0  20.5  0.00   0.2   6.0   13:33     E
30  86.9  99.2   17:22  75.0   07:11   0.0  21.9  0.00   0.3   6.0   13:57    SW
----------------------------------------------------------------------------------
    83.6 100.5    27    66.7     6     0.0 556.4  2.30   0.4  13.0    28     SSE

Max >=  80.0: 29
Max <=  32.0:  0
Min <=  32.0:  0
Min <=   0.0:  0
Max Rain: 1.33 on day 2
Days of Rain: 8 (>= 0.01 in)  5 (>= 0.10 in)  1 (>= 1.00 in)
Heat Base: 65.0  Cool Base: 65.0  Method: Integration