NOAA-Style Climate Reports

Select a Year or Month report
2018: Jan Feb Mar Apr May Jun Jul Aug Sep Oct Nov Dec
2017: Jan Feb Mar Apr May Jun Jul Aug Sep Oct Nov Dec
2016: Jan Feb Mar Apr May Jun Jul Aug Sep Oct Nov Dec
2015: Jan Feb Mar Apr May Jun Jul Aug Sep Oct Nov Dec

Report for 2016 May
                   Monthly Climatological Summary for May 2016

Name: KD5KNR Weather   City: Bedford   State: TX
Elevation: 617 ft  Lat: N 32° 50' 04"   Lon: W 097° 08' 22"

                  Temperature (°F), Rain (in), Wind Speed (mph)

                                      Heat  Cool        Avg
    Mean                              Deg   Deg         Wind                 Dom
Day Temp  High   Time   Low    Time   Days  Days  Rain  Speed High   Time    Dir
----------------------------------------------------------------------------------
 1  66.9  75.9   17:00  59.0   07:07   1.3   3.3  0.00   1.3  10.0   09:13     N
 2  59.0  66.2   17:18  53.2   07:34   6.0   0.0  0.60   1.5  12.0   00:29   NNW
 3  62.8  75.3   16:10  49.5   05:45   5.5   3.2  0.00   0.5   9.0   14:04     N
 4  69.6  82.7   16:47  54.8   06:40   2.6   7.2  0.00   1.0  10.0   13:12    NW
 5  72.2  83.8   16:51  58.5   06:46   0.8   8.0  0.00   0.4   8.0   17:09     N
 6  73.2  89.5   16:14  57.5   06:20   1.7   9.9  0.00   0.2   4.0   13:55   ESE
 7  74.2  86.4   14:56  61.0   05:05   0.6   9.8  0.00   0.9   8.0   11:22    SE
 8  70.9  74.5   17:24  68.3   04:49   0.0   5.9  0.12   1.1   8.0   13:08    SE
 9  75.9  91.2   17:19  66.0   06:34   0.0  10.9  0.07   1.1  13.0   17:53   SSE
10  81.0  96.2   15:36  68.2   20:12   0.0  15.5  0.40   1.3  24.0   19:56   SSE
11  78.4  90.7   15:55  65.4   05:44   0.0  13.4  0.61   0.9  15.0   22:38    SE
12  73.7  82.9   15:13  67.0   01:01   0.0   8.7  0.04   0.9   9.0   00:24    NE
13  75.7  88.5   16:30  62.1   06:51   0.2  10.9  0.00   0.3   5.0   15:56    SE
14  69.1  74.6   16:46  62.5   09:31   0.3   4.3  0.28   1.3  11.0   05:04    NE
15  67.6  78.0   17:43  60.7   06:51   1.5   4.1  0.00   0.6   7.0   05:29   ENE
16  71.5  80.7   14:14  65.0   06:27   0.0   6.5  0.00   0.6   8.0   13:06    SE
17  70.5  83.2   13:16  62.5   06:45   0.2   5.6  0.05   1.3  12.0   14:48   NNE
18  61.0  64.7   00:00  56.4   07:40   4.0   0.0  0.08   1.2  10.0   06:08   NNE
19  63.1  71.7   15:50  59.4   09:49   2.7   0.8  0.41   0.4   7.0   12:41    NE
20  71.1  84.6   17:12  60.8   06:39   1.1   7.2  0.00   0.3   5.0   12:45     W
21  75.8  87.5   17:16  63.9   06:28   0.1  10.9  0.00   0.1   4.0   10:26    SE
22  78.3  87.4   16:36  70.8   05:05   0.0  13.3  0.00   0.3   4.0   10:09   ESE
23  76.7  81.6   19:03  68.1   09:15   0.0  11.7  0.01   0.6   6.0   12:16   ESE
24  79.6  86.5   16:50  73.7   05:34   0.0  14.6  0.00   0.6   7.0   12:18    SE
25  81.2  87.4   17:37  76.7   06:53   0.0  16.2  0.00   1.0  11.0   01:31    SE
26  76.9  80.3   00:00  66.1   23:43   0.0  11.9  0.40   0.9  14.0   22:56    SE
27  71.0  83.1   18:07  65.1   07:14   0.0   6.0  0.74   0.7  15.0   04:54    SE
28  76.5  91.3   16:45  66.7   07:10   0.0  11.5  0.00   0.2   4.0   07:04   SSE
29  78.7  91.1   17:00  65.3   07:21   0.0  13.7  0.81   0.5  14.0   05:14    NE
30  76.1  88.4   16:36  66.5   04:48   0.0  11.1  0.49   0.5  12.0   03:02     W
31  74.9  87.8   12:09  67.4   23:44   0.0   9.9  1.13   0.4   9.0   16:25   SSW
----------------------------------------------------------------------------------
    72.7  96.2    10    49.5     3    28.6 266.0  6.24   0.7  24.0    10       E

Max >=  80.0: 23
Max <=  32.0:  0
Min <=  32.0:  0
Min <=   0.0:  0
Max Rain: 1.13 on day 31
Days of Rain: 16 (>= 0.01 in)  11 (>= 0.10 in)  1 (>= 1.00 in)
Heat Base: 65.0  Cool Base: 65.0  Method: Integration