NOAA-Style Climate Reports

Select a Year or Month report
2018: Jan Feb Mar Apr May Jun Jul Aug Sep Oct Nov Dec
2017: Jan Feb Mar Apr May Jun Jul Aug Sep Oct Nov Dec
2016: Jan Feb Mar Apr May Jun Jul Aug Sep Oct Nov Dec
2015: Jan Feb Mar Apr May Jun Jul Aug Sep Oct Nov Dec

Report for 2016 April
                   Monthly Climatological Summary for Apr 2016

Name: KD5KNR Weather   City: Bedford   State: TX
Elevation: 617 ft  Lat: N 32° 50' 04"   Lon: W 097° 08' 22"

                  Temperature (°F), Rain (in), Wind Speed (mph)

                                      Heat  Cool        Avg
    Mean                              Deg   Deg         Wind                 Dom
Day Temp  High   Time   Low    Time   Days  Days  Rain  Speed High   Time    Dir
----------------------------------------------------------------------------------
 1  58.5  64.2   18:14  53.4   23:56   6.5   0.0  0.00   1.8  13.0   11:28    NE
 2  57.9  70.0   17:56  45.6   05:59   8.1   1.0  0.00   1.0  13.0   14:41     N
 3  63.4  79.9   18:12  45.2   07:31   6.5   5.0  0.00   0.7   8.0   11:28   SSE
 4  69.7  87.3   18:03  51.4   07:34   3.3   8.1  0.00   0.4   7.0   13:11     S
 5  72.0  86.7   13:26  56.8   06:25   1.9   8.9  0.00   1.0  11.0   14:26   SSE
 6  68.6  78.2   16:33  58.3   23:59   1.1   4.8  0.00   2.0  15.0   11:28     N
 7  68.6  87.1   15:41  50.0   06:13   4.7   8.3  0.00   0.9  10.0   18:20   ENE
 8  67.5  75.9   14:19  57.0   07:39   1.3   3.8  0.00   0.7   9.0   10:31    NE
 9  61.3  71.1   12:27  56.5   07:26   4.3   0.6  0.13   0.4   9.0   14:10   SSE
10  68.9  76.1   13:59  59.9   00:00   0.9   4.7  0.00   1.5  14.0   13:06   SSE
11  72.9  89.0   16:39  63.7   23:59   0.0   8.0  0.02   1.2  16.0   17:49     E
12  64.1  71.5   15:17  58.1   07:16   2.2   1.2  0.00   1.3  10.0   00:25    NE
13  58.6  63.8   00:00  55.9   05:13   6.4   0.0  0.03   0.7   6.0   14:10    NE
14  64.4  74.6   18:21  57.5   00:55   3.2   2.6  0.00   0.4   5.0   14:07    NE
15  66.2  79.0   16:54  55.8   07:08   3.0   4.2  0.00   0.4   5.0   09:47   ESE
16  71.1  80.3   14:42  63.5   03:50   0.1   6.3  0.00   1.0   7.0   10:51   ESE
17  66.4  70.7   00:00  61.3   07:45   1.0   2.3  1.36   1.0  11.0   16:29   ENE
18  67.6  73.4   18:24  63.0   06:26   0.4   3.0  0.40   0.5   7.0   22:02    NE
19  69.5  79.2   17:53  63.9   04:07   0.1   4.7  0.00   0.1   4.0   16:25    NE
20  65.3  71.6   18:51  60.4   03:03   1.5   1.8  1.49   0.4  10.0   02:34    NW
21  67.9  79.3   16:57  59.3   05:24   1.9   4.8  0.30   0.9  11.0   03:14   NNW
22  69.3  82.0   16:11  55.0   07:20   2.4   6.7  0.00   0.6   9.0   16:16   NNW
23  71.3  85.0   16:14  57.7   07:32   1.8   8.2  0.00   0.3   7.0   17:54    SE
24  71.4  79.4   12:21  62.9   06:24   0.2   6.7  0.00   1.0  11.0   16:50    SE
25  77.2  89.2   16:48  68.5   00:51   0.0  12.2  0.00   1.2  11.0   10:31    SE
26  77.5  87.2   15:36  63.1   22:58   0.1  12.6  0.72   1.6  17.0   21:49    SE
27  71.8  84.1   17:04  62.2   06:50   0.7   7.5  0.00   0.9  12.0   11:17     W
28  74.9  89.1   16:02  60.4   07:12   0.6  10.6  0.00   0.6   5.0   15:18   ESE
29  76.5  85.9   13:25  71.3   17:34   0.0  11.5  0.17   0.5   9.0   16:45     S
30  68.0  78.4   17:18  60.3   08:41   1.0   4.0  0.00   1.0   9.0   00:26    NW
----------------------------------------------------------------------------------
    68.3  89.2    25    45.2     3    65.2 164.1  4.62   0.9  17.0    26       E

Max >=  80.0: 12
Max <=  32.0:  0
Min <=  32.0:  0
Min <=   0.0:  0
Max Rain: 1.49 on day 20
Days of Rain: 9 (>= 0.01 in)  7 (>= 0.10 in)  2 (>= 1.00 in)
Heat Base: 65.0  Cool Base: 65.0  Method: Integration