NOAA-Style Climate Reports

Select a Year or Month report
2018: Jan Feb Mar Apr May Jun Jul Aug Sep Oct Nov Dec
2017: Jan Feb Mar Apr May Jun Jul Aug Sep Oct Nov Dec
2016: Jan Feb Mar Apr May Jun Jul Aug Sep Oct Nov Dec
2015: Jan Feb Mar Apr May Jun Jul Aug Sep Oct Nov Dec

Report for 2016 March
                   Monthly Climatological Summary for Mar 2016

Name: KD5KNR Weather   City: Bedford   State: TX
Elevation: 617 ft  Lat: N 32° 50' 04"   Lon: W 097° 08' 22"

                  Temperature (°F), Rain (in), Wind Speed (mph)

                                      Heat  Cool        Avg
    Mean                              Deg   Deg         Wind                 Dom
Day Temp  High   Time   Low    Time   Days  Days  Rain  Speed High   Time    Dir
----------------------------------------------------------------------------------
 1  64.5  70.4   13:34  54.1   23:56   1.8   1.3  0.00   2.1  16.0   12:34    NE
 2  59.9  70.8   15:41  44.3   07:26   6.6   1.5  0.00   1.6  16.0   15:57    SE
 3  64.6  72.9   14:34  54.3   23:59   2.4   2.0  0.00   2.5  16.0   10:10     N
 4  59.3  73.4   12:07  43.9   06:33   7.7   2.0  0.00   0.5   7.0   14:35    SE
 5  64.1  78.2   14:37  49.7   07:01   5.0   4.1  0.00   0.4   7.0   13:55   ESE
 6  65.4  72.9   14:53  55.8   07:21   2.4   2.8  0.00   1.8  12.0   11:58   SSE
 7  66.7  72.8   15:06  62.9   05:07   0.5   2.2  0.01   2.2  15.0   01:58    SE
 8  63.5  69.5   17:05  55.9   10:48   2.1   0.7  0.82   1.1  14.0   08:30     E
 9  59.9  62.7   00:00  57.5   08:43   5.1   0.0  0.39   1.5  10.0   09:20    NE
10  59.8  61.4   19:27  58.0   06:31   5.2   0.0  0.17   1.6  12.0   14:29    NE
11  59.0  61.0   16:08  57.5   09:21   6.0   0.0  0.10   1.7  10.0   12:33    NE
12  63.8  72.3   14:38  59.0   00:00   2.8   1.6  0.70   0.5   7.0   13:53   ESE
13  67.4  80.7   15:48  58.3   04:26   2.1   4.4  0.00   2.1  17.0   11:21   ESE
14  70.7  89.1   14:41  53.7   07:46   3.4   9.1  0.00   1.2  14.0   14:23   SSE
15  71.8  84.3   13:43  61.7   07:39   0.4   7.2  0.00   1.6  13.0   12:45    NE
16  66.7  77.6   13:10  53.6   08:13   2.6   4.2  0.00   0.6   7.0   13:28   ESE
17  63.2  69.7   15:41  55.1   08:19   2.6   0.8  0.05   1.4  12.0   11:51   ENE
18  60.2  69.1   13:45  52.7   23:58   4.9   0.3  0.00   1.6  12.0   17:47   NNE
19  50.7  59.6   16:33  42.0   05:27  14.3   0.0  0.00   2.6  15.0   01:28   NNE
20  48.7  57.2   16:38  39.7   07:55  16.3   0.0  0.00   1.9  15.0   12:37     N
21  52.6  66.6   16:07  37.1   07:44  12.6   0.2  0.00   1.4  11.0   14:56   SSE
22  62.8  75.8   16:01  49.3   07:47   5.6   3.4  0.00   2.7  15.0   10:02   SSE
23  71.2  82.0   15:30  56.9   23:22   0.5   6.7  0.64   3.0  16.0   11:22   SSE
24  55.1  62.9   16:56  46.1   07:59   9.9   0.0  0.01   2.7  18.0   03:42   NNE
25  57.1  70.5   15:11  41.0   06:30   9.2   1.3  0.00   0.6   7.0   14:59    SE
26  64.6  76.5   16:03  52.1   07:27   4.2   3.8  0.00   0.8  10.0   13:07    SE
27  59.1  64.5   00:00  49.6   08:48   6.0   0.0  0.00   1.8  16.0   09:32     N
28  57.8  70.9   18:52  42.5   07:19   8.5   1.3  0.00   0.4   7.0   15:05     E
29  64.2  75.0   15:26  54.5   07:40   3.7   2.9  0.00   0.9   8.0   14:22   ESE
30  69.6  77.8   15:11  64.2   18:20   0.0   4.6  0.10   1.4  11.0   14:02   SSE
31  68.1  75.9   16:08  60.8   07:47   0.6   3.7  0.00   1.4  11.0   12:09     N
----------------------------------------------------------------------------------
    62.3  89.1    14    37.1    21   155.0  72.1  2.99   1.5  18.0    24       E

Max >=  80.0:  4
Max <=  32.0:  0
Min <=  32.0:  0
Min <=   0.0:  0
Max Rain: 0.82 on day 8
Days of Rain: 10 (>= 0.01 in)  7 (>= 0.10 in)  0 (>= 1.00 in)
Heat Base: 65.0  Cool Base: 65.0  Method: Integration