NOAA-Style Climate Reports

Select a Year or Month report
2018: Jan Feb Mar Apr May Jun Jul Aug Sep Oct Nov Dec
2017: Jan Feb Mar Apr May Jun Jul Aug Sep Oct Nov Dec
2016: Jan Feb Mar Apr May Jun Jul Aug Sep Oct Nov Dec
2015: Jan Feb Mar Apr May Jun Jul Aug Sep Oct Nov Dec

Report for 2016 February
                   Monthly Climatological Summary for Feb 2016

Name: KD5KNR Weather   City: Bedford   State: TX
Elevation: 617 ft  Lat: N 32° 50' 04"   Lon: W 097° 08' 22"

                  Temperature (°F), Rain (in), Wind Speed (mph)

                                      Heat  Cool        Avg
    Mean                              Deg   Deg         Wind                 Dom
Day Temp  High   Time   Low    Time   Days  Days  Rain  Speed High   Time    Dir
----------------------------------------------------------------------------------
 1  58.5  72.4   17:11  45.6   06:56   7.6   1.1  0.00   1.2  11.0   22:54   ESE
 2  57.7  66.0   14:47  44.9   23:59   7.4   0.1  0.00   2.8  16.0   15:27    NW
 3  43.3  50.8   14:12  36.2   07:28  21.7   0.0  0.00   2.7  13.0   09:25     N
 4  43.0  54.5   14:45  31.4   06:58  22.0   0.0  0.00   0.6  10.0   14:19     N
 5  47.7  58.2   14:35  35.2   07:35  17.3   0.0  0.00   1.0  12.0   13:49    SE
 6  44.5  52.2   15:24  37.3   07:47  20.5   0.0  0.00   1.0  11.0   00:30   NNE
 7  49.5  63.9   16:06  34.9   06:12  15.5   0.0  0.00   1.0  11.0   23:39   SSW
 8  49.2  56.4   15:34  41.9   07:36  15.8   0.0  0.00   3.6  23.0   15:07     N
 9  49.9  63.1   14:07  37.1   05:27  15.1   0.0  0.00   2.0  15.0   15:16     N
10  54.8  73.4   17:05  35.7   06:57  11.8   1.5  0.00   1.0  11.0   13:37   SSE
11  61.9  75.2   12:39  46.3   07:51   5.8   2.7  0.00   0.8  10.0   12:18   NNE
12  57.6  68.3   16:43  45.4   07:34   8.1   0.6  0.00   0.9  10.0   14:07    NE
13  55.3  66.5   15:52  41.6   07:12   9.8   0.1  0.00   1.5   8.0   02:56     E
14  62.1  67.5   17:04  57.9   03:27   3.2   0.3  0.00   1.5  13.0   02:31   SSE
15  60.2  70.7   15:29  51.6   05:38   5.9   1.1  0.00   1.7  13.0   14:08     N
16  59.6  71.6   14:42  48.3   07:57   6.9   1.5  0.00   1.5  14.0   15:16     N
17  58.4  70.2   15:30  42.8   07:10   7.7   1.1  0.00   0.9   8.0   12:15    SE
18  64.4  74.8   15:27  52.7   07:10   3.8   3.2  0.00   2.5  17.0   14:07   SSE
19  69.2  79.0   15:19  61.0   07:30   0.8   5.0  0.00   2.2  15.0   02:11   SSE
20  69.8  76.7   14:32  65.7   03:55   0.0   4.8  0.00   1.9  13.0   14:15   SSE
21  65.1  72.4   11:26  54.3   23:51   1.4   1.5  0.10   0.9   8.0   21:27    NE
22  56.4  63.5   13:58  51.0   04:42   8.6   0.0  0.17   1.3   9.0   17:48    NE
23  47.9  54.7   00:43  41.5   14:20  17.1   0.0  1.50   3.5  19.0   15:39   NNE
24  49.6  60.0   15:53  40.6   07:18  15.4   0.0  0.00   2.7  15.0   12:46   NNE
25  49.6  58.0   15:29  40.9   02:16  15.4   0.0  0.00   1.9  13.0   17:49     N
26  49.0  60.9   16:11  34.3   07:21  16.0   0.0  0.00   0.4   7.0   13:05   SSE
27  58.6  72.2   14:51  43.3   04:50   8.1   1.8  0.00   1.3  11.0   16:35   SSE
28  63.6  76.0   15:23  54.6   06:07   3.9   2.5  0.00   1.5  14.0   04:24   SSE
29  64.9  77.7   15:54  53.8   07:05   3.6   3.4  0.00   1.2  12.0   17:26    SE
----------------------------------------------------------------------------------
    55.9  79.0    19    31.4     4   296.2  32.3  1.77   1.6  23.0     8      NE

Max >=  80.0:  0
Max <=  32.0:  0
Min <=  32.0:  1
Min <=   0.0:  0
Max Rain: 1.50 on day 23
Days of Rain: 3 (>= 0.01 in)  3 (>= 0.10 in)  1 (>= 1.00 in)
Heat Base: 65.0  Cool Base: 65.0  Method: Integration