NOAA-Style Climate Reports

Select a Year or Month report
2018: Jan Feb Mar Apr May Jun Jul Aug Sep Oct Nov Dec
2017: Jan Feb Mar Apr May Jun Jul Aug Sep Oct Nov Dec
2016: Jan Feb Mar Apr May Jun Jul Aug Sep Oct Nov Dec
2015: Jan Feb Mar Apr May Jun Jul Aug Sep Oct Nov Dec

Report for 2016 January
                   Monthly Climatological Summary for Jan 2016

Name: KD5KNR Weather   City: Bedford   State: TX
Elevation: 617 ft  Lat: N 32° 50' 04"   Lon: W 097° 08' 22"

                  Temperature (°F), Rain (in), Wind Speed (mph)

                                      Heat  Cool        Avg
    Mean                              Deg   Deg         Wind                 Dom
Day Temp  High   Time   Low    Time   Days  Days  Rain  Speed High   Time    Dir
----------------------------------------------------------------------------------
 1  42.8  47.7   16:23  38.8   06:40  22.2   0.0  0.00   1.4   9.0   00:54     N
 2  45.3  51.8   13:46  39.7   01:08  19.7   0.0  0.00   0.5   4.0   00:19    NW
 3  46.2  58.8   13:59  34.7   08:12  18.8   0.0  0.00   0.8   9.0   14:05   NNW
 4  42.8  51.9   15:36  33.2   07:35  22.2   0.0  0.00   0.7   7.0   04:36   NNE
 5  40.4  45.4   15:38  32.8   08:26  24.6   0.0  0.00   1.3   7.0   08:49     E
 6  45.8  49.7   17:03  42.2   07:38  19.2   0.0  0.61   0.9  10.0   21:05   ESE
 7  53.8  64.7   15:10  47.3   00:00  11.2   0.0  0.04   0.7   8.0   12:22   SSE
 8  51.3  59.3   16:08  43.7   07:26  13.7   0.0  0.00   0.8  14.0   22:01   NNE
 9  41.0  47.0   00:00  35.2   23:58  24.0   0.0  0.00   3.4  15.0   08:34     N
10  35.0  41.5   15:14  27.9   08:05  30.0   0.0  0.00   1.6  10.0   02:59     N
11  40.2  49.6   15:56  33.2   03:35  24.8   0.0  0.00   0.5   6.0   13:21   SSE
12  46.8  61.5   15:30  32.2   07:46  18.2   0.0  0.00   0.3   6.0   16:01     S
13  52.1  65.8   13:07  38.2   07:58  12.9   0.0  0.00   0.9  11.0   14:01   SSE
14  55.6  66.9   16:34  43.1   07:01   9.5   0.2  0.00   1.6  16.0   11:54   SSE
15  54.5  62.8   15:07  46.8   07:19  10.5   0.0  0.00   1.5  10.0   01:01     N
16  43.0  50.2   00:00  34.2   23:20  22.0   0.0  0.00   2.0  14.0   15:51   NNE
17  41.8  55.1   15:17  30.5   06:31  23.2   0.0  0.00   0.7   9.0   23:02     E
18  37.8  46.4   16:05  28.7   07:57  27.2   0.0  0.00   0.9   8.0   04:34   NNE
19  49.9  65.7   16:48  38.4   00:00  15.2   0.0  0.00   1.9  15.0   19:03    SE
20  42.1  50.3   23:56  32.0   06:02  22.9   0.0  0.00   1.1   9.0   00:04   NNE
21  44.9  51.8   02:00  36.8   23:47  20.1   0.0  0.13   2.9  16.0   20:25     N
22  39.7  47.0   15:07  32.7   23:56  25.3   0.0  0.00   3.6  19.0   05:43     N
23  38.9  49.8   16:39  30.1   02:51  26.1   0.0  0.00   0.7   7.0   04:43   ENE
24  51.2  62.1   16:22  39.5   00:00  13.8   0.0  0.00   1.9  12.0   16:01   SSE
25  58.8  65.0   14:47  49.6   23:58   6.2   0.0  0.00   2.0  12.0   04:24     S
26  45.4  49.6   00:00  41.8   07:45  19.6   0.0  0.00   1.4  12.0   08:40   NNE
27  44.1  55.2   15:28  32.8   07:19  20.9   0.0  0.00   0.6   6.0   11:22     N
28  50.7  68.1   15:49  34.9   08:01  14.8   0.4  0.00   0.6   9.0   14:07   NNW
29  59.5  76.3   14:56  40.9   06:21   8.6   3.1  0.00   1.6  15.0   16:22   SSE
30  63.0  76.1   16:26  48.3   07:47   4.9   2.9  0.00   1.8  12.0   22:50   SSE
31  62.3  74.2   12:02  53.1   23:59   4.2   1.4  0.00   1.9  12.0   02:12   ESE
----------------------------------------------------------------------------------
    47.3  76.3    29    27.9    10   556.5   8.0  0.78   1.4  19.0    22      NE

Max >=  80.0:  0
Max <=  32.0:  0
Min <=  32.0:  5
Min <=   0.0:  0
Max Rain: 0.61 on day 6
Days of Rain: 3 (>= 0.01 in)  2 (>= 0.10 in)  0 (>= 1.00 in)
Heat Base: 65.0  Cool Base: 65.0  Method: Integration