NOAA-Style Climate Reports

Select a Year or Month report
2018: Jan Feb Mar Apr May Jun Jul Aug Sep Oct Nov Dec
2017: Jan Feb Mar Apr May Jun Jul Aug Sep Oct Nov Dec
2016: Jan Feb Mar Apr May Jun Jul Aug Sep Oct Nov Dec
2015: Jan Feb Mar Apr May Jun Jul Aug Sep Oct Nov Dec

Report for 2016
                   Annual Climatological Summary for 2016

Name: KD5KNR Weather   City: Bedford   State: TX
Elevation: 617 ft  Lat: N 32° 50' 04"   Lon: W 097° 08' 22"

                  Temperature (°F), Heat Base: 65.0  Cool Base: 65.0
                          Dep.  Heat  Cool                       Max  Max  Min  Min
        Mean  Mean        From  Deg   Deg                        >=   <=   <=   <=
 YR MO  Max   Min   Mean  Norm  Days  Days  Hi  Date  Low  Date 80.0 32.0 32.0   0.0
------------------------------------------------------------------------------------
 16  1  57.0  37.8  47.3   0.0   556     8  76.3  29  27.9   10    0    0    5    0
 16  2  66.4  45.1  55.9   0.0   296    32  79.0  19  31.4    4    0    0    1    0
 16  3  71.7  52.4  62.3   0.0   155    72  89.1  14  37.1   21    4    0    0    0
 16  4  79.0  58.6  68.3   0.0    65   164  89.2  25  45.2    3   12    0    0    0
 16  5  83.0  63.5  72.7   0.0    28   265  96.2  10  49.5    3   23    0    0    0
 16  6  94.6  74.1  83.6   0.0     0   556 100.5  27  66.7    6   29    0    0    0
 16  7  99.2  77.3  87.7   0.0     0   705 103.2  22  70.5    4   31    0    0    0
 16  8  96.2  76.2  84.9   0.0     0   617 105.8  11  69.8   19   31    0    0    0
 16  9  90.6  71.4  80.5   0.0     6   472  99.8  19  55.0   28   25    0    0    0
 16 10  83.2  60.5  72.8   0.0    32   259  92.4   5   0.0   16   22    0    1    1
 16 11  71.1  54.5  62.4   0.0   145    70  86.3   1  35.2   20    4    0    0    0
 16 12  58.7  41.8  49.8   0.0   489    21  81.1  28  16.8   18    1    1    6    0
------------------------------------------------------------------------------------
        79.2  59.4  69.0   0.0  1775  3244 105.8 Aug   0.0  Oct  182    1   13    1

                                Precipitation (in)

              Dep.   Max        Days of Rain
              From   Obs.           >=
 YR MO Total  Norm   Day Date 0.01 0.10 1.00
---------------------------------------------
 16  1  0.78   0.0  0.61   6     3    2    0
 16  2  1.77   0.0  1.50  23     3    3    1
 16  3  2.99   0.0  0.82   8    10    7    0
 16  4  4.62   0.0  1.49  20     9    7    2
 16  5  6.24   0.0  1.13  31    16   11    1
 16  6  2.30   0.0  1.33   2     8    5    1
 16  7  1.67   0.0  1.34   4     5    2    1
 16  8  3.54   0.0  1.09  19    10    7    1
 16  9  1.21   0.0  0.74  25     5    3    0
 16 10  1.38   0.0  1.10   7     6    3    1
 16 11  2.96   0.0  1.16   7     7    5    1
 16 12  0.67   0.0  0.44   3     5    2    0
---------------------------------------------
       30.13   0.0  1.50  Feb   87   57    9

                                Wind Speed (mph)
                          Dom
 YR MO   Avg.  Hi   Date  Dir
------------------------------
 16  1   1.4  19.0   22    NE
 16  2   1.6  23.0    8   ENE
 16  3   1.5  18.0   24     E
 16  4   0.9  17.0   26     E
 16  5   0.7  24.0   10     E
 16  6   0.4  13.0   28    SE
 16  7   0.7  18.0   15   SSE
 16  8   0.4  14.0   12    SE
 16  9   0.4  13.0   18     E
 16 10   0.5  13.0    7    SE
 16 11   0.6  18.0   28   NNW
 16 12   1.0  20.0   17    NE
------------------------------
         0.8  24.0  May     E