NOAA-Style Climate Reports

Select a Year or Month report
2018: Jan Feb Mar Apr May Jun Jul Aug Sep Oct Nov Dec
2017: Jan Feb Mar Apr May Jun Jul Aug Sep Oct Nov Dec
2016: Jan Feb Mar Apr May Jun Jul Aug Sep Oct Nov Dec
2015: Jan Feb Mar Apr May Jun Jul Aug Sep Oct Nov Dec

Report for 2015 December
                   Monthly Climatological Summary for Dec 2015

Name: KD5KNR Weather   City: Bedford   State: TX
Elevation: 617 ft  Lat: N 32° 50' 04"   Lon: W 097° 08' 22"

                  Temperature (°F), Rain (in), Wind Speed (mph)

                                      Heat  Cool        Avg
    Mean                              Deg   Deg         Wind                 Dom
Day Temp  High   Time   Low    Time   Days  Days  Rain  Speed High   Time    Dir
----------------------------------------------------------------------------------
 1  44.6  52.1   14:58  39.2   07:24  20.4   0.0  0.00   0.1   4.0   09:14     W
 2  46.5  57.8   14:38  35.2   07:15  18.5   0.0  0.00   0.8  11.0   14:42   NNW
 3  47.4  60.2   11:59  36.3   05:44  17.5   0.0  0.00   0.1   3.0   11:50   SSE
 4  48.1  60.4   11:50  37.7   07:20  16.9   0.0  0.00   0.2   5.0   12:17   ESE
 5  49.0  59.9   15:09  38.8   07:27  16.0   0.0  0.00   0.3   5.0   11:37    SE
 6  52.0  62.9   14:49  41.7   07:36  13.0   0.0  0.00   0.4   7.0   09:52   NNW
 7  52.1  66.3   14:11  38.3   07:17  13.0   0.1  0.00   0.2   7.0   13:09   SSW
 8  58.0  72.1   15:15  45.6   07:15   8.3   1.3  0.00   0.5  12.0   15:01     S
 9  56.1  69.5   15:26  45.7   04:38   9.5   0.6  0.00   0.0   3.0   07:18    SE
10  60.3  74.4   15:13  48.9   02:17   6.8   2.0  0.00   0.4   8.0   09:10   SSW
11  60.9  74.9   15:11  44.8   05:42   7.2   3.0  0.00   0.8  10.0   22:59    SE
12  70.9  74.4   12:46  68.3   04:14   0.0   5.9  0.00   1.8  14.0   00:34    SE
13  55.6  73.5   01:15  51.9   08:35  10.0   0.6  0.82   2.0  17.0   01:56     S
14  56.0  68.4   14:27  42.6   07:49   9.4   0.5  0.00   1.2  12.0   01:18   WNW
15  60.1  70.3   14:35  53.0   23:46   6.0   1.0  0.00   0.8   8.0   13:26   SSE
16  50.7  58.8   00:40  42.9   23:56  14.3   0.0  0.00   2.0  17.0   00:39     N
17  46.2  58.7   16:20  33.4   07:40  18.8   0.0  0.00   1.4  14.0   20:15    NE
18  41.3  50.9   15:49  31.7   07:23  23.7   0.0  0.00   0.8  11.0   00:14   NNW
19  50.0  61.6   15:17  38.4   04:32  15.0   0.0  0.00   1.2  12.0   12:03    SE
20  56.3  63.6   23:48  49.3   02:42   8.7   0.0  0.00   1.9  13.0   15:47   SSE
21  62.1  71.1   16:21  49.7   23:59   4.0   1.1  0.00   0.8  10.0   10:43    SW
22  59.2  72.9   14:31  43.9   08:01   7.4   1.7  0.00   0.8   9.0   22:09    SE
23  67.1  74.4   13:17  56.9   23:58   1.1   3.2  0.00   2.0  18.0   11:02   WSW
24  61.1  75.1   12:02  50.4   06:48   6.0   2.1  0.00   1.0   9.0   12:42   NNE
25  59.5  72.0   15:42  44.3   07:36   7.4   1.9  0.00   0.4   5.0   13:28   ENE
26  69.3  79.9   13:07  49.3   22:17   2.5   6.8  0.80   2.4  19.0   14:11    SE
27  43.4  50.1   01:37  39.6   23:18  21.6   0.0  1.96   3.5  18.0   08:28     N
28  36.5  39.8   01:35  32.6   23:51  28.5   0.0  0.41   3.0  16.0   11:00   ENE
29  38.8  46.0   15:55  32.0   01:02  26.1   0.0  0.00   0.5   6.0   10:25   ENE
30  43.3  51.7   15:02  36.2   06:03  21.7   0.0  0.00   0.6   6.0   12:57   NNE
31  44.1  51.8   14:06  36.1   07:27  20.9   0.0  0.00   1.2  10.0   15:35    NE
----------------------------------------------------------------------------------
    53.1  79.9    26    31.7    18   400.2  31.8  3.99   1.1  19.0    26       E

Max >=  80.0:  0
Max <=  32.0:  0
Min <=  32.0:  2
Min <=   0.0:  0
Max Rain: 1.96 on day 27
Days of Rain: 4 (>= 0.01 in)  4 (>= 0.10 in)  1 (>= 1.00 in)
Heat Base: 65.0  Cool Base: 65.0  Method: Integration