NOAA-Style Climate Reports

Select a Year or Month report
2018: Jan Feb Mar Apr May Jun Jul Aug Sep Oct Nov Dec
2017: Jan Feb Mar Apr May Jun Jul Aug Sep Oct Nov Dec
2016: Jan Feb Mar Apr May Jun Jul Aug Sep Oct Nov Dec
2015: Jan Feb Mar Apr May Jun Jul Aug Sep Oct Nov Dec

Report for 2015 November
                   Monthly Climatological Summary for Nov 2015

Name: KD5KNR Weather   City: Bedford   State: TX
Elevation: 617 ft  Lat: N 32° 50' 04"   Lon: W 097° 08' 22"

                  Temperature (°F), Rain (in), Wind Speed (mph)

                                      Heat  Cool        Avg
    Mean                              Deg   Deg         Wind                 Dom
Day Temp  High   Time   Low    Time   Days  Days  Rain  Speed High   Time    Dir
----------------------------------------------------------------------------------
 1  60.4  65.3   16:54  57.6   04:16   4.8   0.0  0.03   0.2   7.0   11:41   NNW
 2  63.6  73.0   14:26  55.5   06:54   3.4   2.0  0.00   0.1   4.0   08:23   ESE
 3  65.3  73.0   12:06  60.2   03:42   1.8   2.1  0.01   0.2   4.0   10:25    SE
 4  67.5  74.4   14:38  60.5   04:44   1.0   3.6  0.07   0.4   5.0   09:34   SSE
 5  72.4  79.9   16:35  67.2   23:30   0.0   7.4  0.20   1.0  10.0   17:54     S
 6  63.1  68.5   14:01  56.4   07:30   2.5   0.6  0.00   0.4   5.0   02:16     N
 7  59.5  65.9   15:01  54.2   23:55   5.5   0.1  0.13   0.8   7.0   11:43   ENE
 8  56.7  65.6   15:40  47.0   04:50   8.3   0.0  0.00   0.4   5.0   08:48   ENE
 9  59.3  67.1   14:49  54.4   02:17   6.0   0.3  0.00   0.0   4.0   02:26    SW
10  65.1  76.1   13:52  53.1   03:17   3.9   4.0  0.00   0.7  11.0   14:12   SSE
11  71.9  82.9   11:51  59.0   23:59   0.3   7.2  0.00   2.0  16.0   14:56   WSW
12  56.8  66.5   14:10  48.2   07:16   8.3   0.2  0.00   0.6   9.0   01:45     N
13  56.2  68.6   11:46  46.0   05:58   9.1   0.3  0.00   0.1   4.0   13:10    SE
14  56.2  63.9   12:40  48.3   03:02   8.8   0.0  0.00   0.1   4.0   11:23   SSE
15  57.7  63.8   12:28  54.2   19:34   7.3   0.0  0.56   0.3   5.0   20:23    SE
16  63.9  73.2   23:36  54.5   00:06   2.7   1.6  0.33   0.8  10.0   22:42    SE
17  59.5  73.8   02:20  52.5   07:18   6.8   1.3  0.62   1.3  17.0   03:39   SSW
18  57.7  69.5   15:44  46.0   07:56   8.2   0.8  0.00   1.0  11.0   01:47    SW
19  57.5  68.0   15:33  47.3   06:13   7.9   0.4  0.00   0.5   8.0   11:53    NE
20  62.0  72.4   15:13  52.7   05:14   4.8   1.8  0.00   0.5   7.0   14:15    SE
21  50.3  60.0   00:11  38.5   23:58  14.6   0.0  0.00   1.7  16.0   05:14   NNW
22  43.7  55.6   15:56  31.6   07:10  21.3   0.0  0.00   0.2   4.0   11:34   SSW
23  50.1  63.9   11:35  36.3   06:41  14.9   0.0  0.00   0.3   5.0   11:52    SE
24  57.6  64.4   13:14  46.7   07:35   7.4   0.0  0.00   0.7   9.0   16:10    SE
25  66.0  73.7   15:41  60.9   07:20   1.5   2.5  0.00   1.2   8.0   06:31    SE
26  67.8  70.7   11:58  66.0   05:26   0.0   2.8  2.40   0.7   7.0   06:59    SE
27  46.5  69.2   03:05  38.3   23:53  19.0   0.5  2.42   1.5  10.0   03:37   NNW
28  39.2  41.3   16:52  37.0   07:01  25.8   0.0  0.76   1.4   9.0   00:52   NNW
29  41.3  43.3   15:14  39.3   03:33  23.7   0.0  0.58   0.7   7.0   14:35    NW
30  45.5  49.8   15:34  42.5   00:00  19.5   0.0  0.01   0.5   7.0   09:24   WNW
----------------------------------------------------------------------------------
    58.0  82.9    11    31.6    22   249.1  39.5  8.12   0.7  17.0    17     SSW

Max >=  80.0:  1
Max <=  32.0:  0
Min <=  32.0:  1
Min <=   0.0:  0
Max Rain: 2.42 on day 27
Days of Rain: 13 (>= 0.01 in)  9 (>= 0.10 in)  2 (>= 1.00 in)
Heat Base: 65.0  Cool Base: 65.0  Method: Integration