NOAA-Style Climate Reports

Select a Year or Month report
2018: Jan Feb Mar Apr May Jun Jul Aug Sep Oct Nov Dec
2017: Jan Feb Mar Apr May Jun Jul Aug Sep Oct Nov Dec
2016: Jan Feb Mar Apr May Jun Jul Aug Sep Oct Nov Dec
2015: Jan Feb Mar Apr May Jun Jul Aug Sep Oct Nov Dec

Report for 2015 October
                   Monthly Climatological Summary for Oct 2015

Name: KD5KNR Weather   City: Bedford   State: TX
Elevation: 617 ft  Lat: N 32° 50' 04"   Lon: W 097° 08' 22"

                  Temperature (°F), Rain (in), Wind Speed (mph)

                                      Heat  Cool        Avg
    Mean                              Deg   Deg         Wind                 Dom
Day Temp  High   Time   Low    Time   Days  Days  Rain  Speed High   Time    Dir
----------------------------------------------------------------------------------
 1  73.0  80.7   15:15  67.3   07:00   0.0   8.0  0.00   0.7   6.0   10:43   ENE
 2  69.4  78.5   16:03  60.6   07:36   0.6   5.1  0.00   0.6   9.0   14:34    NE
 3  68.4  77.5   17:01  57.8   07:28   1.8   5.2  0.00   0.4   8.0   17:53    NE
 4  69.3  77.9   17:31  59.6   07:42   1.0   5.4  0.00   0.4   5.0   14:32    NE
 5  70.7  79.6   15:42  65.0   07:38   0.0   5.7  0.00   0.7  10.0   17:23     N
 6  69.9  82.0   17:33  58.2   07:05   1.7   6.6  0.00   0.4   5.0   17:00     N
 7  76.5  87.1   15:41  65.0   07:14   0.0  11.5  0.00   0.1   4.0   14:35   ENE
 8  79.2  90.6   13:43  67.9   06:42   0.0  14.2  0.00   0.2   4.0   12:59   ESE
 9  76.5  89.5   13:18  68.0   23:57   0.0  11.5  0.00   0.8  14.0   15:38    NE
10  70.7  81.3   16:26  60.2   07:40   0.9   6.6  0.00   0.3   6.0   14:27   NNE
11  79.5  93.6   15:52  64.3   06:29   0.0  14.5  0.00   0.7  11.0   13:58   SSE
12  81.8  92.0   15:16  72.7   07:49   0.0  16.6  0.00   0.9   8.0   09:23   ENE
13  73.0  87.6   16:10  57.1   08:24   1.2   9.2  0.00   0.3   7.0   00:57     N
14  76.1  94.6   16:42  58.6   07:41   1.4  12.6  0.00   0.3   8.0   13:20   SSW
15  78.8  93.6   15:17  63.6   08:03   0.1  13.9  0.00   0.5  10.0   16:04     S
16  74.0  82.5   15:20  66.3   06:59   0.0   9.0  0.00   0.8   8.0   13:44   ENE
17  68.6  77.6   15:00  60.7   07:43   0.9   4.5  0.00   0.3   4.0   09:38   ESE
18  66.8  77.8   16:54  55.5   07:41   2.5   4.2  0.00   0.1   4.0   11:52    SE
19  69.6  82.0   16:38  58.2   07:39   1.8   6.4  0.00   0.5   7.0   11:46   SSE
20  71.8  82.3   16:08  58.4   07:18   0.9   7.7  0.00   0.6   9.0   10:30   SSE
21  74.6  82.7   15:27  69.3   05:16   0.0   9.6  0.00   0.3   4.0   00:00    SE
22  70.0  76.6   15:39  66.0   17:08   0.0   5.0  2.16   0.5  10.0   16:16     E
23  69.6  73.8   15:11  67.9   11:19   0.0   4.6  3.42   0.1  13.0   10:53   ENE
24  63.9  68.2   00:00  58.6   20:01   2.2   1.1  1.25   0.7  12.0   14:51    NE
25  60.9  64.4   17:28  56.7   04:18   4.1   0.0  0.05   1.1  10.0   02:38   NNE
26  63.9  74.7   17:01  53.4   08:24   3.5   2.4  0.00   0.9   8.0   11:03     N
27  66.0  77.1   16:01  56.2   06:58   2.6   3.6  0.00   0.3   7.0   13:31     W
28  64.6  74.6   15:15  55.0   06:33   3.0   2.6  0.00   1.1  15.0   08:51     N
29  64.5  77.2   12:49  51.5   08:01   4.2   3.7  0.00   0.1   4.0   13:01   SSE
30  64.9  67.9   12:29  60.5   08:18   0.8   0.7  1.79   0.7   8.0   20:29    SE
31  63.5  67.0   13:11  58.8   22:10   1.7   0.2  0.45   0.8   9.0   11:20     N
----------------------------------------------------------------------------------
    70.6  94.6    14    51.5    29    36.9 211.9  9.12   0.5  15.0    28     ENE

Max >=  80.0: 15
Max <=  32.0:  0
Min <=  32.0:  0
Min <=   0.0:  0
Max Rain: 3.42 on day 23
Days of Rain: 6 (>= 0.01 in)  5 (>= 0.10 in)  4 (>= 1.00 in)
Heat Base: 65.0  Cool Base: 65.0  Method: Integration