NOAA-Style Climate Reports

Select a Year or Month report
2018: Jan Feb Mar Apr May Jun Jul Aug Sep Oct Nov Dec
2017: Jan Feb Mar Apr May Jun Jul Aug Sep Oct Nov Dec
2016: Jan Feb Mar Apr May Jun Jul Aug Sep Oct Nov Dec
2015: Jan Feb Mar Apr May Jun Jul Aug Sep Oct Nov Dec

Report for 2015 September
                   Monthly Climatological Summary for Sep 2015

Name: KD5KNR Weather   City: Bedford   State: TX
Elevation: 617 ft  Lat: N 32° 50' 04"   Lon: W 097° 08' 22"

                  Temperature (°F), Rain (in), Wind Speed (mph)

                                      Heat  Cool        Avg
    Mean                              Deg   Deg         Wind                 Dom
Day Temp  High   Time   Low    Time   Days  Days  Rain  Speed High   Time    Dir
----------------------------------------------------------------------------------
 1  85.6  97.4   17:12  75.1   07:14   0.0  20.6  0.00   0.5   6.0   11:33   SSE
 2  84.4  96.5   17:47  73.1   07:21   0.0  19.4  0.00   0.5   6.0   13:36   SSE
 3  85.4  98.0   17:47  73.9   07:22   0.0  20.4  0.00   0.2   7.0   12:48    SE
 4  86.9  98.9   17:54  76.9   07:31   0.0  21.9  0.00   0.4   5.0   11:28     S
 5  87.7  98.1   18:15  78.2   07:14   0.0  22.7  0.00   0.4   7.0   13:23   SSE
 6  88.3 100.2   16:21  78.7   06:58   0.0  23.3  0.00   0.2   5.0   14:30     S
 7  90.2 101.4   17:55  78.2   07:17   0.0  25.2  0.00   0.4   6.0   10:00     S
 8  89.5 100.2   16:27  79.2   07:38   0.0  24.5  0.00   0.6   7.0   12:52     S
 9  79.2  88.0   16:19  73.3   08:05   0.0  14.2  1.30   0.4  11.0   03:03    NE
10  81.9  92.4   15:36  72.8   06:29   0.0  16.9  0.00   0.2   5.0   15:52   ENE
11  82.1  93.4   16:11  73.7   05:17   0.0  17.1  0.00   0.9  10.0   18:17     E
12  76.4  86.8   18:37  67.4   07:38   0.0  11.4  0.00   0.7   7.0   01:22   ENE
13  78.3  90.8   15:48  67.2   04:37   0.0  13.3  0.00   0.6   9.0   15:12     S
14  79.3  90.2   15:23  68.2   07:41   0.0  14.3  0.00   1.0  10.0   11:33   SSE
15  79.3  89.3   18:40  69.2   06:14   0.0  14.2  0.00   0.4   9.0   15:33    SE
16  83.7  92.9   16:14  74.9   06:56   0.0  18.7  0.00   1.0   9.0   09:45   SSE
17  84.6  93.9   15:18  74.9   07:34   0.0  19.6  0.00   0.9   9.0   12:43     S
18  85.8  95.7   15:10  76.2   07:45   0.0  20.8  0.00   0.8   9.0   14:38     S
19  79.6  85.2   16:38  74.0   12:29   0.0  14.6  0.16   0.3   6.0   11:41   ENE
20  78.0  90.8   12:50  72.9   06:58   0.0  13.0  0.00   0.4   9.0   19:15   ENE
21  81.0  93.4   15:38  69.4   07:35   0.0  16.0  0.00   0.1   4.0   10:41   SSE
22  83.9  94.6   16:41  73.1   07:30   0.0  18.9  0.00   0.2   5.0   12:23     S
23  82.2  92.6   12:33  72.0   07:30   0.0  17.2  0.00   0.3   5.0   17:13     E
24  80.9  92.9   12:28  70.3   06:36   0.0  15.9  0.00   0.3   5.0   16:29     E
25  81.6  90.8   14:58  72.4   07:10   0.0  16.6  0.00   0.3   8.0   15:21    NE
26  79.4  89.6   15:05  68.4   07:46   0.0  14.4  0.00   0.3   6.0   14:23   ENE
27  79.8  91.2   12:35  69.4   07:52   0.0  14.8  0.00   0.2   4.0   11:41     E
28  78.8  89.5   16:16  69.0   05:02   0.0  13.8  0.00   0.4   9.0   12:50   ENE
29  80.1  89.6   15:51  70.4   07:19   0.0  15.1  0.00   0.4   8.0   13:56    NE
30  79.6  89.7   15:25  69.0   07:49   0.0  14.6  0.00   0.6   8.0   14:12   NNE
----------------------------------------------------------------------------------
    82.5 101.4     7    67.2    13     0.0 523.4  1.46   0.5  11.0     9      SE

Max >=  80.0: 30
Max <=  32.0:  0
Min <=  32.0:  0
Min <=   0.0:  0
Max Rain: 1.30 on day 9
Days of Rain: 2 (>= 0.01 in)  2 (>= 0.10 in)  1 (>= 1.00 in)
Heat Base: 65.0  Cool Base: 65.0  Method: Integration