NOAA-Style Climate Reports

Select a Year or Month report
2018: Jan Feb Mar Apr May Jun Jul Aug Sep Oct Nov Dec
2017: Jan Feb Mar Apr May Jun Jul Aug Sep Oct Nov Dec
2016: Jan Feb Mar Apr May Jun Jul Aug Sep Oct Nov Dec
2015: Jan Feb Mar Apr May Jun Jul Aug Sep Oct Nov Dec

Report for 2015 August
                   Monthly Climatological Summary for Aug 2015

Name: KD5KNR Weather   City: Bedford   State: TX
Elevation: 617 ft  Lat: N 32° 50' 04"   Lon: W 097° 08' 22"

                  Temperature (°F), Rain (in), Wind Speed (mph)

                                      Heat  Cool        Avg
    Mean                              Deg   Deg         Wind                 Dom
Day Temp  High   Time   Low    Time   Days  Days  Rain  Speed High   Time    Dir
----------------------------------------------------------------------------------
 1  88.6 100.9   15:20  77.8   06:44   0.0  23.6  0.00   0.2   5.0   12:23   ESE
 2  90.7 103.0   14:56  79.6   07:21   0.0  25.7  0.00   0.3   7.0   11:08   SSE
 3  89.7 103.2   16:02  77.0   07:23   0.0  24.7  0.00   0.2   6.0   13:32    SE
 4  90.1 101.4   15:44  78.9   07:11   0.0  25.1  0.00   0.4   8.0   13:31   SSE
 5  92.2 105.4   16:53  81.2   07:05   0.0  27.1  0.00   0.8   7.0   03:38     S
 6  92.9 105.6   15:50  81.6   06:39   0.0  27.9  0.00   1.0  12.0   06:10     S
 7  92.6 105.6   16:58  80.7   07:17   0.0  27.6  0.00   0.7   8.0   14:05     S
 8  92.2 105.8   16:58  79.9   07:22   0.0  27.2  0.00   0.7   9.0   15:53     S
 9  93.1 108.7   17:14  79.7   07:35   0.0  28.1  0.00   0.7   7.0   09:26     S
10  93.4 109.1   16:50  79.9   07:43   0.0  28.4  0.00   0.4   5.0   12:05   SSW
11  92.1 103.9   16:25  83.7   06:45   0.0  27.1  0.00   0.5   9.0   17:10   NNE
12  89.0  99.2   16:40  79.9   07:02   0.0  24.0  0.00   1.0   9.0   14:50    NE
13  88.4  99.1   18:31  78.5   05:40   0.0  23.4  0.00   0.4   7.0   17:14   ENE
14  87.7  98.2   17:08  78.3   07:03   0.0  22.7  0.00   0.3   8.0   15:19   ENE
15  87.0  97.8   17:09  76.6   07:23   0.0  22.0  0.00   0.3   5.0   14:08     E
16  87.6 101.4   17:00  74.5   07:26   0.0  22.6  0.00   0.2   4.0   14:46    SE
17  88.3 100.6   18:09  77.1   07:09   0.0  23.3  0.00   0.2   6.0   13:06   SSE
18  89.3 101.0   16:18  78.4   07:09   0.0  24.3  0.00   0.7   9.0   12:47   SSE
19  82.1  94.0   12:30  68.0   23:55   0.0  17.1  0.10   1.4  11.0   13:16     E
20  70.1  76.1   17:19  64.8   06:53   0.0   5.1  0.10   0.2   4.0   00:12   ENE
21  81.3  95.1   16:23  71.4   05:36   0.0  16.3  0.00   0.6   5.0   14:12    SE
22  86.8 100.3   17:21  76.4   07:09   0.0  21.8  0.00   0.7   9.0   10:08   SSE
23  89.3 101.8   15:35  78.9   07:18   0.0  24.3  0.00   0.6   7.0   01:47   SSE
24  88.2 101.8   16:56  78.6   07:04   0.0  23.2  0.00   0.4   7.0   17:40     S
25  85.8  97.3   15:41  78.6   06:44   0.0  20.8  0.00   0.3   4.0   00:59   ESE
26  85.1  98.0   16:28  74.7   06:39   0.0  20.1  0.00   0.2   5.0   16:13   ESE
27  84.7 100.0   16:35  72.8   05:49   0.0  19.7  0.00   0.3   6.0   14:45   SSE
28  85.1  99.6   16:24  72.6   06:27   0.0  20.1  0.00   0.4   7.0   13:50   SSE
29  86.4  97.8   16:19  78.6   07:32   0.0  21.4  0.00   0.5   7.0   19:49     S
30  85.1  98.3   15:46  75.7   06:29   0.0  20.1  0.00   0.6   9.0   12:35     S
31  84.8  96.6   17:00  74.2   07:09   0.0  19.8  0.00   0.3   7.0   13:19   SSE
----------------------------------------------------------------------------------
    87.7 109.1    10    64.8    20     0.0 704.6  0.20   0.5  12.0     6      SE

Max >=  80.0: 30
Max <=  32.0:  0
Min <=  32.0:  0
Min <=   0.0:  0
Max Rain: 0.10 on day 19
Days of Rain: 2 (>= 0.01 in)  2 (>= 0.10 in)  0 (>= 1.00 in)
Heat Base: 65.0  Cool Base: 65.0  Method: Integration