NOAA-Style Climate Reports

Select a Year or Month report
2018: Jan Feb Mar Apr May Jun Jul Aug Sep Oct Nov Dec
2017: Jan Feb Mar Apr May Jun Jul Aug Sep Oct Nov Dec
2016: Jan Feb Mar Apr May Jun Jul Aug Sep Oct Nov Dec
2015: Jan Feb Mar Apr May Jun Jul Aug Sep Oct Nov Dec

Report for 2015 July
                   Monthly Climatological Summary for Jul 2015

Name: KD5KNR Weather   City: Bedford   State: TX
Elevation: 617 ft  Lat: N 32° 50' 04"   Lon: W 097° 08' 22"

                  Temperature (°F), Rain (in), Wind Speed (mph)

                                      Heat  Cool        Avg
    Mean                              Deg   Deg         Wind                 Dom
Day Temp  High   Time   Low    Time   Days  Days  Rain  Speed High   Time    Dir
----------------------------------------------------------------------------------
 1  84.3  95.8   16:08  74.3   06:06   0.0  19.3  0.00   1.3   9.0   13:41     S
 2  84.0  94.5   15:59  73.3   06:39   0.0  19.0  0.00   1.5  11.0   11:52     S
 3  85.5  95.4   14:24  78.4   06:53   0.0  20.5  0.00   1.4  12.0   12:54     S
 4  87.1  97.3   16:10  78.3   06:38   0.0  22.1  0.00   1.0  10.0   15:18     S
 5  86.5  96.1   14:30  77.7   06:48   0.0  21.4  0.00   1.2  12.0   11:22     S
 6  85.9  93.8   15:00  79.2   06:30   0.0  20.5  0.00   1.6  14.0   18:30   SSE
 7  84.6  92.6   14:30  79.1   06:00   0.0  19.1  0.00   1.3   9.0   04:30   SSE
 8  80.4  84.1   18:30  73.9   14:00   0.0  15.4  0.39   1.0   9.0   02:30     S
 9  83.4  93.9   17:43  76.3   06:28   0.0  13.4  0.00   0.8   9.0   10:00   SSE
10  84.8  96.2   15:45  73.7   06:54   0.0  19.8  0.00   0.6  10.0   15:32   SSE
11  86.7  98.5   16:29  75.7   07:07   0.0  21.7  0.00   0.6   7.0   10:19     S
12  88.0 100.5   16:26  76.0   06:59   0.0  23.0  0.00   0.7   7.0   09:47     S
13  89.3 102.2   15:29  77.2   07:06   0.0  24.3  0.00   0.8   8.0   18:31     S
14  89.6 102.8   16:28  78.0   07:02   0.0  24.5  0.00   0.8   9.0   17:16     S
15  87.8  99.8   15:29  76.4   06:47   0.0  22.8  0.00   0.6   8.0   16:24     S
16  87.9 100.3   16:56  76.1   07:37   0.0  22.9  0.00   0.8  10.0   13:08     S
17  88.4 100.6   16:30  77.3   07:13   0.0  23.4  0.00   0.9  10.0   16:51     S
18  89.8 101.8   15:41  78.6   06:51   0.0  24.8  0.00   1.0   8.0   03:27   SSE
----------------------------------------------------------------------------------
    86.3 102.8    14    73.3     2     0.0 377.9  0.39   1.0  14.0     6       S

Max >=  80.0: 18
Max <=  32.0:  0
Min <=  32.0:  0
Min <=   0.0:  0
Max Rain: 0.39 on day 8
Days of Rain: 1 (>= 0.01 in)  1 (>= 0.10 in)  0 (>= 1.00 in)
Heat Base: 65.0  Cool Base: 65.0  Method: Integration