NOAA-Style Climate Reports

Select a Year or Month report
2018: Jan Feb Mar Apr May Jun Jul Aug Sep Oct Nov Dec
2017: Jan Feb Mar Apr May Jun Jul Aug Sep Oct Nov Dec
2016: Jan Feb Mar Apr May Jun Jul Aug Sep Oct Nov Dec
2015: Jan Feb Mar Apr May Jun Jul Aug Sep Oct Nov Dec

Report for 2015 June
                   Monthly Climatological Summary for Jun 2015

Name: KD5KNR Weather   City: Bedford   State: TX
Elevation: 617 ft  Lat: N 32° 50' 04"   Lon: W 097° 08' 22"

                  Temperature (°F), Rain (in), Wind Speed (mph)

                                      Heat  Cool        Avg
    Mean                              Deg   Deg         Wind                 Dom
Day Temp  High   Time   Low    Time   Days  Days  Rain  Speed High   Time    Dir
----------------------------------------------------------------------------------
 7  88.7  96.8   18:20  83.0   23:45   0.0  23.7  0.00   1.6   7.0   18:10   SSW
 8  87.4 101.5   17:00  75.3   05:30   0.0  22.4  0.00   1.2   7.0   11:15    SW
 9  88.7 100.9   16:30  77.8   05:50   0.0  23.7  0.00   0.8   6.0   17:40    SW
10  89.7 102.8   17:35  77.1   05:45   0.0  24.7  0.00   1.1   9.0   19:00   SSW
11  87.3  98.3   16:30  76.6   06:40   0.0  22.3  0.00   2.1  15.0   22:05     S
12  86.6  97.7   17:40  77.0   07:05   0.0  21.6  0.00   2.6  14.0   19:10   SSE
13  84.2  96.3   16:15  78.0   06:20   0.0  19.2  0.00   1.8  13.0   19:55   SSE
14  83.2  93.9   15:20  76.6   06:30   0.0  18.2  0.00   2.3  10.0   00:10   SSE
15  84.5  97.6   17:25  76.3   05:15   0.0  19.5  0.00   1.5  11.0   18:30     S
16  80.7  88.0   13:55  77.1   06:45   0.0  15.7  0.03   0.7   6.0   12:50   WSW
17  75.1  79.1   14:40  73.3   11:35   0.0  10.1  2.50   3.0  15.0   13:50   WSW
18  85.1  98.9   16:50  73.2   05:45   0.0  20.1  0.01   2.1  14.0   20:35     W
19  85.1  98.1   15:40  73.7   07:15   0.0  20.1  0.00   0.3   6.0   14:20    SE
20  81.8  86.5   13:10  77.2   05:20   0.0  16.8  0.00   0.6   7.0   13:35   SSE
21  59.0  77.8   00:00   0.0   08:00   6.0   0.0  0.00   0.1   8.0   17:30    SE
22   0.0   0.0   00:00   0.0   00:00  65.0   0.0  0.00   0.7   8.0   17:30    SE
23   0.0   0.0   00:00   0.0   00:00  65.0   0.0  0.00   0.5   6.0   17:00   SSE
24   0.0   0.0   00:00   0.0   00:00  65.0   0.0  0.00   0.4   8.0   18:00    SE
25   0.0   0.0   00:00   0.0   00:00  65.0   0.0  0.00   0.6   6.0   09:30    SE
26   0.0   0.0   00:00   0.0   00:00  65.0   0.0  0.00   0.7  14.0   20:00     S
27   0.0   0.0   00:00   0.0   00:00  65.0   0.0  0.00   0.7   8.0   17:00    NE
28   0.0   0.0   00:00   0.0   00:00  65.0   0.0  0.00   0.2   6.0   16:00     S
29   0.0   0.0   00:00   0.0   00:00  65.0   0.0  0.00   0.6   7.0   21:30     S
30  88.2  97.4   17:07   0.0   00:00   0.0   6.8  0.00   0.7  10.0   03:30     S
----------------------------------------------------------------------------------
    55.6 102.8    10     0.0    21   526.0 284.9  2.54   1.4  15.0    11       S

Max >=  80.0: 14
Max <=  32.0:  8
Min <=  32.0: 10
Min <=   0.0: 10
Max Rain: 2.50 on day 17
Days of Rain: 3 (>= 0.01 in)  1 (>= 0.10 in)  1 (>= 1.00 in)
Heat Base: 65.0  Cool Base: 65.0  Method: Integration