NOAA-Style Climate Reports

Select a Year or Month report
2018: Jan Feb Mar Apr May Jun Jul Aug Sep Oct Nov Dec
2017: Jan Feb Mar Apr May Jun Jul Aug Sep Oct Nov Dec
2016: Jan Feb Mar Apr May Jun Jul Aug Sep Oct Nov Dec
2015: Jan Feb Mar Apr May Jun Jul Aug Sep Oct Nov Dec

Report for 2018 November
                   Monthly Climatological Summary for Nov 2018

Name: KD5KNR Weather   City: Bedford   State: TX
Elevation: 617 ft  Lat: N 32° 50' 04"   Lon: W 097° 08' 22"

                  Temperature (°F), Rain (in), Wind Speed (mph)

                                      Heat  Cool        Avg
    Mean                              Deg   Deg         Wind                 Dom
Day Temp  High   Time   Low    Time   Days  Days  Rain  Speed High   Time    Dir
----------------------------------------------------------------------------------
 1  55.5  63.2   15:24  49.8   23:59   9.4   0.0  0.00   1.3  11.0   11:52   NNW
 2  57.7  73.3   16:54  44.2   07:44   9.2   1.9  0.00   0.2  11.0   15:29     W
 3  63.2  75.6   15:30  51.9   07:25   4.9   3.1  0.35   1.1  17.0   13:53   SSE
 4  57.0  65.0   14:05  48.4   07:03   8.3   0.0  0.01   0.1   8.0   10:50   WNW
 5  65.9  80.5   15:49  53.2   01:02   3.7   4.5  0.00   0.6   9.0   11:07     S
 6  65.9  72.7   10:39  56.0   05:46   2.7   3.5  0.00   0.1   5.0   12:20    SE
 7  62.3  70.1   00:58  57.7   23:31   3.4   0.7  0.00   1.6   9.0   19:02    NE
 8  56.1  58.1   12:27  50.4   23:57   8.9   0.0  0.14   1.2   8.0   23:19    NE
 9  49.3  55.0   14:56  43.8   23:16  15.6   0.0  0.01   1.5  10.0   00:25     N
10  45.4  53.7   15:13  35.5   07:20  19.6   0.0  0.00   0.4   5.0   03:56   ENE
11  49.7  54.0   14:51  46.8   06:24  15.3   0.0  0.14   0.4   4.0   00:02   ESE
12  41.4  47.9   00:00  34.1   23:49  23.6   0.0  0.14   2.2  14.0   12:30     N
13  34.8  41.6   16:00  30.9   08:14  30.2   0.0  0.00   2.1  11.0   01:28   NNW
14  36.6  48.5   16:06  26.4   06:42  28.4   0.0  0.00   0.5   8.0   11:04    NW
15  47.9  65.2   14:20  31.5   06:51  17.0   0.0  0.00   0.2   8.0   14:18   SSE
----------------------------------------------------------------------------------
    52.6  80.5     5    26.4    14   200.2  13.7  0.79   0.9  17.0     3       N

Max >=  80.0:  1
Max <=  32.0:  0
Min <=  32.0:  3
Min <=   0.0:  0
Max Rain: 0.35 on day 3
Days of Rain: 6 (>= 0.01 in)  4 (>= 0.10 in)  0 (>= 1.00 in)
Heat Base: 65.0  Cool Base: 65.0  Method: Integration