NOAA-Style Climate Reports

Select a Year or Month report
2019: Jan Feb Mar Apr May Jun Jul Aug Sep Oct Nov Dec
2018: Jan Feb Mar Apr May Jun Jul Aug Sep Oct Nov Dec
2017: Jan Feb Mar Apr May Jun Jul Aug Sep Oct Nov Dec
2016: Jan Feb Mar Apr May Jun Jul Aug Sep Oct Nov Dec
2015: Jan Feb Mar Apr May Jun Jul Aug Sep Oct Nov Dec

Report for 2019 January
                   Monthly Climatological Summary for Jan 2019

Name: KD5KNR Weather   City: Bedford   State: TX
Elevation: 617 ft  Lat: N 32° 50' 04"   Lon: W 097° 08' 22"

                  Temperature (°F), Rain (in), Wind Speed (mph)

                                      Heat  Cool        Avg
    Mean                              Deg   Deg         Wind                 Dom
Day Temp  High   Time   Low    Time   Days  Days  Rain  Speed High   Time    Dir
----------------------------------------------------------------------------------
 1  38.4  44.7   00:00  35.3   23:57  26.5   0.0  0.00   2.2  12.0   02:39     N
 2  34.4  36.1   23:52  32.8   08:31  30.6   0.0  0.56   1.3  11.0   18:01     N
 3  37.6  40.1   15:31  35.2   03:21  27.4   0.0  0.37   1.5  11.0   18:29   NNW
 4  46.2  59.4   15:15  37.5   00:07  18.8   0.0  0.00   1.6  11.0   00:19   WNW
 5  52.2  69.7   16:02  36.2   06:21  13.4   0.6  0.00   0.5   5.0   11:32    SE
 6  57.8  68.1   13:21  45.1   07:52   7.5   0.3  0.00   1.6  14.0   14:48   SSE
 7  64.6  74.9   13:32  52.3   23:59   2.7   2.3  0.00   1.4  11.0   01:06   SSE
 8  55.0  65.3   14:51  46.0   06:20  10.0   0.0  0.00   1.5  16.0   13:08    NE
 9  50.1  59.1   14:58  44.0   07:14  14.9   0.0  0.00   1.0   9.0   12:29   NNE
10  48.2  53.8   13:24  41.7   05:08  16.8   0.0  0.00   0.8   7.0   19:08   ESE
11  49.9  54.9   23:50  46.2   07:36  15.1   0.0  0.37   0.8   7.0   09:37    SE
12  46.5  55.2   00:47  42.3   23:55  18.5   0.0  0.02   2.8  17.0   11:13     N
13  39.0  42.3   00:00  37.0   23:42  26.0   0.0  0.00   1.7  12.0   02:06     N
14  39.9  46.2   16:17  36.3   07:39  25.1   0.0  0.00   0.1   5.0   00:49   NNW
15  45.8  52.1   15:40  39.2   00:00  19.2   0.0  0.00   0.1   5.0   09:15    SE
16  53.7  64.4   15:18  45.6   03:35  11.3   0.0  0.00   1.4  12.0   17:34   SSE
17  53.5  58.2   00:11  43.7   23:55  11.5   0.0  0.00   1.2  13.0   07:25     N
18  55.8  71.5   15:47  42.4   03:36   9.8   0.7  0.00   1.0  16.0   23:07   SSE
19  39.7  60.8   00:00  31.6   23:58  25.3   0.0  0.01   5.1  26.0   04:09     N
20  37.2  48.0   16:38  27.0   07:22  27.8   0.0  0.00   0.4  10.0   00:12     N
21  48.7  58.5   14:57  38.5   04:26  16.3   0.0  0.00   1.4  14.0   13:58    SE
----------------------------------------------------------------------------------
    47.3  74.9     7    27.0    20   374.5   3.9  1.33   1.4  26.0    19     NNE

Max >=  80.0:  0
Max <=  32.0:  0
Min <=  32.0:  2
Min <=   0.0:  0
Max Rain: 0.56 on day 2
Days of Rain: 5 (>= 0.01 in)  3 (>= 0.10 in)  0 (>= 1.00 in)
Heat Base: 65.0  Cool Base: 65.0  Method: Integration