NOAA-Style Climate Reports

Select a Year or Month report
2019: Jan Feb Mar Apr May Jun Jul Aug Sep Oct Nov Dec
2018: Jan Feb Mar Apr May Jun Jul Aug Sep Oct Nov Dec
2017: Jan Feb Mar Apr May Jun Jul Aug Sep Oct Nov Dec
2016: Jan Feb Mar Apr May Jun Jul Aug Sep Oct Nov Dec
2015: Jan Feb Mar Apr May Jun Jul Aug Sep Oct Nov Dec

Report for 2019 March
                   Monthly Climatological Summary for Mar 2019

Name: KD5KNR Weather   City: Bedford   State: TX
Elevation: 617 ft  Lat: N 32° 50' 04"   Lon: W 097° 08' 22"

                  Temperature (°F), Rain (in), Wind Speed (mph)

                                      Heat  Cool        Avg
    Mean                              Deg   Deg         Wind                 Dom
Day Temp  High   Time   Low    Time   Days  Days  Rain  Speed High   Time    Dir
----------------------------------------------------------------------------------
 1  40.3  46.6   15:48  34.1   04:02  24.6   0.0  0.00   0.2   7.0   23:10    NE
 2  41.4  43.4   21:29  38.9   07:21  23.6   0.0  0.05   0.7  11.0   06:44   NNE
 3  36.3  41.7   00:00  28.7   23:58  28.7   0.0  0.04   2.8  17.0   18:19     N
 4  28.1  33.7   16:29  22.7   05:28  36.9   0.0  0.00   2.5  13.0   04:00     N
 5  34.1  45.7   16:49  22.9   05:57  30.9   0.0  0.00   1.5  12.0   12:02     N
 6  43.0  55.4   16:28  28.3   06:02  22.0   0.0  0.00   1.0  13.0   18:25    SE
 7  60.2  74.5   16:15  46.4   02:23   6.9   2.1  0.00   2.0  13.0   11:00   SSE
 8  68.9  78.9   16:37  59.3   07:31   1.4   5.3  0.00   1.2  10.0   23:29   SSE
 9  69.7  77.8   14:55  60.8   23:39   0.8   5.4  0.25   2.1  17.0   10:43   WSW
10  54.6  61.0   00:13  51.3   08:20  10.0   0.0  0.00   1.2  10.0   18:59    NE
11  57.3  63.7   17:10  50.9   01:47   7.7   0.0  0.01   1.3   9.0   01:28    NE
12  61.1  67.7   22:23  57.5   07:46   4.3   0.4  0.14   1.0  12.0   21:02   ESE
13  64.9  76.1   18:32  54.1   08:19   2.7   2.6  0.93   2.3  25.0   04:43   SSE
14  59.1  64.9   04:04  51.6   08:08   6.0   0.0  0.00   2.8  15.0   23:10     N
15  51.5  60.1   16:06  42.6   08:37  13.5   0.0  0.00   2.2  14.0   12:44     N
16  51.3  60.8   15:38  39.9   07:40  13.7   0.0  0.00   0.8   9.0   13:19    NE
17  53.7  67.0   15:27  39.1   08:10  11.6   0.3  0.00   0.4   8.0   15:42   ESE
18  57.8  72.0   12:59  42.0   07:29   9.2   2.0  0.00   0.5   8.0   17:08   ESE
19  60.1  73.0   15:10  48.5   07:10   6.6   1.7  0.00   0.9  13.0   13:42   SSE
20  58.2  67.0   17:32  50.1   05:35   6.9   0.1  0.00   0.9  11.0   12:50     N
21  61.2  78.0   15:10  44.1   07:31   7.8   4.0  0.02   0.8  11.0   11:35   NNW
22  65.5  79.6   14:38  52.4   07:47   4.0   4.5  0.00   1.0   9.0   14:03    SE
23  65.5  71.7   15:44  61.1   06:34   0.9   1.4  0.03   1.5  15.0   14:05   SSE
----------------------------------------------------------------------------------
    54.1  79.6    22    22.7     4   280.7  29.8  1.47   1.4  25.0    13      NE

Max >=  80.0:  0
Max <=  32.0:  0
Min <=  32.0:  4
Min <=   0.0:  0
Max Rain: 0.93 on day 13
Days of Rain: 8 (>= 0.01 in)  3 (>= 0.10 in)  0 (>= 1.00 in)
Heat Base: 65.0  Cool Base: 65.0  Method: Integration