NOAA-Style Climate Reports

Select a Year or Month report
2018: Jan Feb Mar Apr May Jun Jul Aug Sep Oct Nov Dec
2017: Jan Feb Mar Apr May Jun Jul Aug Sep Oct Nov Dec
2016: Jan Feb Mar Apr May Jun Jul Aug Sep Oct Nov Dec
2015: Jan Feb Mar Apr May Jun Jul Aug Sep Oct Nov Dec

Report for 2018 September
                   Monthly Climatological Summary for Sep 2018

Name: KD5KNR Weather   City: Bedford   State: TX
Elevation: 617 ft  Lat: N 32° 50' 04"   Lon: W 097° 08' 22"

                  Temperature (°F), Rain (in), Wind Speed (mph)

                                      Heat  Cool        Avg
    Mean                              Deg   Deg         Wind                 Dom
Day Temp  High   Time   Low    Time   Days  Days  Rain  Speed High   Time    Dir
----------------------------------------------------------------------------------
 1  87.7  98.1   17:28  78.4   06:53   0.0  22.6  0.00   0.9   7.0   16:17    SE
 2  86.3  97.1   17:14  77.8   07:26   0.0  21.3  0.00   1.0   8.0   21:41   ESE
 3  77.1  80.6   00:00  74.3   06:11   0.0  12.1  1.22   0.5   7.0   18:52   ESE
 4  81.9  92.0   18:05  75.1   03:52   0.0  16.9  0.01   0.8   7.0   19:24    SE
 5  80.8  94.6   13:36  75.7   16:33   0.0  15.8  0.20   0.1   7.0   14:52     W
 6  78.9  90.4   13:30  74.9   17:59   0.0  13.9  0.26   0.4   8.0   14:39   NNW
 7  79.6  92.5   16:28  73.3   19:20   0.0  14.6  1.57   0.2  10.0   17:29    NE
 8  74.4  75.7   05:36  72.2   23:51   0.0   9.4  0.88   0.1   4.0   09:20     N
 9  72.3  76.2   15:31  68.4   08:00   0.0   7.3  0.00   0.6   6.0   18:54     N
10  72.4  78.3   15:57  69.2   06:16   0.0   7.4  0.05   0.4   5.0   18:59   NNE
11  73.1  79.7   17:13  69.3   07:36   0.0   8.1  0.10   0.5   5.0   12:45     E
12  77.3  87.3   16:30  72.1   06:31   0.0  12.3  0.14   0.4   5.0   15:01   ESE
13  80.4  90.7   18:28  72.3   06:55   0.0  15.4  0.00   0.2   5.0   13:53    SE
14  79.7  90.0   13:49  72.3   07:14   0.0  14.7  0.00   0.5   8.0   14:43   ENE
15  80.1  90.6   15:06  73.4   07:24   0.0  15.1  0.04   0.4   6.0   17:43    NE
16  83.2  93.8   15:41  74.6   07:27   0.0  18.2  0.00   0.0   4.0   12:38   ESE
17  84.1  94.0   15:16  75.3   07:28   0.0  19.1  0.00   0.1   6.0   11:07   WSW
18  85.2  95.6   13:23  74.4   07:29   0.0  20.2  0.00   0.0   6.0   14:23    SW
19  85.5  95.5   15:08  74.7   06:54   0.0  20.5  0.00   0.0   7.0   12:37   SSE
20  82.3  91.0   13:11  75.1   07:23   0.0  17.3  0.00   0.5   7.0   11:57   SSE
21  78.7  85.5   13:13  73.2   23:21   0.0  13.7  3.29   0.7   8.0   18:53    SE
22  73.5  74.1   02:11  73.0   05:40   0.0   3.3  1.15   0.5   5.0   03:46   ESE
----------------------------------------------------------------------------------
    79.7  98.1     1    68.4     9     0.0 319.2  8.91   0.4  10.0     7       E

Max >=  80.0: 17
Max <=  32.0:  0
Min <=  32.0:  0
Min <=   0.0:  0
Max Rain: 3.29 on day 21
Days of Rain: 12 (>= 0.01 in)  9 (>= 0.10 in)  4 (>= 1.00 in)
Heat Base: 65.0  Cool Base: 65.0  Method: Integration